216.73.216.211 - - [05/May/2026:11:04:31 +0200] "GET /learning/old/main/inc/entity/course_rel_class.class.php.sorry HTTP/1.1" 200 23697 "-" "Mozilla/5.0 AppleWebKit/537.36 (KHTML, like Gecko; compatible; ClaudeBot/1.0; +claudebot@anthropic.com)"
57.141.20.59 - - [05/May/2026:11:04:35 +0200] "GET /shopdetail/19378180 HTTP/1.1" 200 23697 "-" "meta-externalagent/1.1 (+https://developers.facebook.com/docs/sharing/webmasters/crawler)"
216.73.216.211 - - [05/May/2026:11:04:36 +0200] "GET /learning/old/main/upload/upload.document.php.sorry HTTP/1.1" 200 23697 "-" "Mozilla/5.0 AppleWebKit/537.36 (KHTML, like Gecko; compatible; ClaudeBot/1.0; +claudebot@anthropic.com)"
216.73.216.211 - - [05/May/2026:11:04:41 +0200] "GET /learning/old/main/admin/inactive_user_list.php.sorry HTTP/1.1" 200 23697 "-" "Mozilla/5.0 AppleWebKit/537.36 (KHTML, like Gecko; compatible; ClaudeBot/1.0; +claudebot@anthropic.com)"
57.141.20.25 - - [05/May/2026:11:04:44 +0200] "GET /shopdetail/1761957 HTTP/1.1" 200 23697 "-" "meta-externalagent/1.1 (+https://developers.facebook.com/docs/sharing/webmasters/crawler)"
57.141.20.21 - - [05/May/2026:11:04:44 +0200] "GET /shopdetail/21279246 HTTP/1.1" 200 23697 "-" "meta-externalagent/1.1 (+https://developers.facebook.com/docs/sharing/webmasters/crawler)"
216.73.216.211 - - [05/May/2026:11:04:46 +0200] "GET /learning/old/main/document/document_lite.php.sorry HTTP/1.1" 200 23697 "-" "Mozilla/5.0 AppleWebKit/537.36 (KHTML, like Gecko; compatible; ClaudeBot/1.0; +claudebot@anthropic.com)"
216.73.216.211 - - [05/May/2026:11:04:51 +0200] "GET /learning/old/main/admin/event_type.php.sorry HTTP/1.1" 200 23697 "-" "Mozilla/5.0 AppleWebKit/537.36 (KHTML, like Gecko; compatible; ClaudeBot/1.0; +claudebot@anthropic.com)"
57.141.20.17 - - [05/May/2026:11:04:54 +0200] "GET /shopdetail/21020224 HTTP/1.1" 200 23697 "-" "meta-externalagent/1.1 (+https://developers.facebook.com/docs/sharing/webmasters/crawler)"
216.73.216.211 - - [05/May/2026:11:04:56 +0200] "GET /learning/old/main/admin/subscribe_user2course.php.sorry HTTP/1.1" 200 23697 "-" "Mozilla/5.0 AppleWebKit/537.36 (KHTML, like Gecko; compatible; ClaudeBot/1.0; +claudebot@anthropic.com)"
216.73.216.211 - - [05/May/2026:11:05:01 +0200] "GET /learning/old/main/inc/entity/track_e_default.class.php.sorry HTTP/1.1" 200 23697 "-" "Mozilla/5.0 AppleWebKit/537.36 (KHTML, like Gecko; compatible; ClaudeBot/1.0; +claudebot@anthropic.com)"
57.141.20.27 - - [05/May/2026:11:05:03 +0200] "GET /shopdetail/13338957 HTTP/1.1" 200 23697 "-" "meta-externalagent/1.1 (+https://developers.facebook.com/docs/sharing/webmasters/crawler)"
57.141.20.10 - - [05/May/2026:11:05:03 +0200] "GET /shopdetail/26731246 HTTP/1.1" 200 23697 "-" "meta-externalagent/1.1 (+https://developers.facebook.com/docs/sharing/webmasters/crawler)"
57.141.20.68 - - [05/May/2026:11:05:04 +0200] "GET /shopdetail/3255024 HTTP/1.1" 200 23697 "-" "meta-externalagent/1.1 (+https://developers.facebook.com/docs/sharing/webmasters/crawler)"
57.141.20.27 - - [05/May/2026:11:05:04 +0200] "GET /shopdetail/19908768 HTTP/1.1" 200 23697 "-" "meta-externalagent/1.1 (+https://developers.facebook.com/docs/sharing/webmasters/crawler)"
74.7.227.25 - - [05/May/2026:11:05:05 +0200] "GET /learning/ALFA_DATA/alfasymlink/root/sys/devices/pci0000:00/firmware_node/device:ad/wakeup/wakeup14/subsystem/wakeup43/device/ HTTP/1.1" 200 3268 "https://missmandarine.com/learning/ALFA_DATA/alfasymlink/root/sys/devices/pci0000:00/firmware_node/device:ad/wakeup/wakeup14/subsystem/wakeup43/" "Mozilla/5.0 AppleWebKit/537.36 (KHTML, like Gecko; compatible; GPTBot/1.3; +https://openai.com/gptbot)"
216.73.216.211 - - [05/May/2026:11:05:06 +0200] "GET /learning/old/main/course_progress/layout.php.sorry HTTP/1.1" 200 23697 "-" "Mozilla/5.0 AppleWebKit/537.36 (KHTML, like Gecko; compatible; ClaudeBot/1.0; +claudebot@anthropic.com)"
216.73.216.211 - - [05/May/2026:11:05:11 +0200] "GET /learning/old/main/document/slideshowoptions.php.sorry HTTP/1.1" 200 23697 "-" "Mozilla/5.0 AppleWebKit/537.36 (KHTML, like Gecko; compatible; ClaudeBot/1.0; +claudebot@anthropic.com)"
57.141.20.8 - - [05/May/2026:11:05:13 +0200] "GET /shopdetail/11435591 HTTP/1.1" 200 23697 "-" "meta-externalagent/1.1 (+https://developers.facebook.com/docs/sharing/webmasters/crawler)"
216.73.216.211 - - [05/May/2026:11:05:16 +0200] "GET /learning/old/main/notebook/controller.class.php.sorry HTTP/1.1" 200 23697 "-" "Mozilla/5.0 AppleWebKit/537.36 (KHTML, like Gecko; compatible; ClaudeBot/1.0; +claudebot@anthropic.com)"
57.141.20.64 - - [05/May/2026:11:05:19 +0200] "GET /shopdetail/22080291 HTTP/1.1" 200 23697 "-" "meta-externalagent/1.1 (+https://developers.facebook.com/docs/sharing/webmasters/crawler)"
57.141.20.63 - - [05/May/2026:11:05:19 +0200] "GET /shopdetail/20789902 HTTP/1.1" 200 23697 "-" "meta-externalagent/1.1 (+https://developers.facebook.com/docs/sharing/webmasters/crawler)"
216.73.216.211 - - [05/May/2026:11:05:21 +0200] "GET /learning/old/main/course_description/request.class.php.sorry HTTP/1.1" 200 23697 "-" "Mozilla/5.0 AppleWebKit/537.36 (KHTML, like Gecko; compatible; ClaudeBot/1.0; +claudebot@anthropic.com)"
52.140.232.160 - - [05/May/2026:11:05:22 +0200] "GET / HTTP/1.1" 200 23697 "-" "Mozilla/5.0 (compatible; MSIE 9.0; Windows NT 6.1; Trident/5.0; AppInsights)"
216.73.216.211 - - [05/May/2026:11:05:26 +0200] "GET /learning/old/main/course_description/course_description.class.php.sorry HTTP/1.1" 200 23697 "-" "Mozilla/5.0 AppleWebKit/537.36 (KHTML, like Gecko; compatible; ClaudeBot/1.0; +claudebot@anthropic.com)"
57.141.20.13 - - [05/May/2026:11:05:29 +0200] "GET /shopdetail/28767802 HTTP/1.1" 200 23697 "-" "meta-externalagent/1.1 (+https://developers.facebook.com/docs/sharing/webmasters/crawler)"
216.73.216.211 - - [05/May/2026:11:05:31 +0200] "GET /learning/old/main/course_description/controller.class.php.sorry HTTP/1.1" 200 23697 "-" "Mozilla/5.0 AppleWebKit/537.36 (KHTML, like Gecko; compatible; ClaudeBot/1.0; +claudebot@anthropic.com)"
216.73.216.211 - - [05/May/2026:11:05:36 +0200] "GET /learning/old/main/default_course_document/images/small/tutorial.jpg.sorry HTTP/1.1" 200 23697 "-" "Mozilla/5.0 AppleWebKit/537.36 (KHTML, like Gecko; compatible; ClaudeBot/1.0; +claudebot@anthropic.com)"
74.7.227.25 - - [05/May/2026:11:05:37 +0200] "GET /learning/ALFA_DATA/alfasymlink/root/sys/devices/pci0000:00/firmware_node/device:ad/wakeup/wakeup14/subsystem/wakeup41/device/ HTTP/1.1" 200 4508 "https://missmandarine.com/learning/ALFA_DATA/alfasymlink/root/sys/devices/pci0000:00/firmware_node/device:ad/wakeup/wakeup14/subsystem/wakeup41/" "Mozilla/5.0 AppleWebKit/537.36 (KHTML, like Gecko; compatible; GPTBot/1.3; +https://openai.com/gptbot)"
57.141.20.68 - - [05/May/2026:11:05:37 +0200] "GET /shopdetail/5618813 HTTP/1.1" 200 23697 "-" "meta-externalagent/1.1 (+https://developers.facebook.com/docs/sharing/webmasters/crawler)"
216.73.216.211 - - [05/May/2026:11:05:41 +0200] "GET /missmandarine.ch/learning/admin/lib/tinymce/plugins/example/plugin.min.js HTTP/1.1" 200 501 "-" "Mozilla/5.0 AppleWebKit/537.36 (KHTML, like Gecko; compatible; ClaudeBot/1.0; +claudebot@anthropic.com)"
47.128.46.6 - - [05/May/2026:11:05:43 +0200] "GET /php.ini.sorry HTTP/1.1" 200 23697 "-" "Mozilla/5.0 (Linux; Android 5.0) AppleWebKit/537.36 (KHTML, like Gecko) Mobile Safari/537.36 (compatible; Bytespider; spider-feedback@bytedance.com)"
216.73.216.211 - - [05/May/2026:11:05:46 +0200] "GET /missmandarine.ch/learning/old/plugin/formLogin_hide_unhide/plugin.php.sorry HTTP/1.1" 200 23697 "-" "Mozilla/5.0 AppleWebKit/537.36 (KHTML, like Gecko; compatible; ClaudeBot/1.0; +claudebot@anthropic.com)"
47.128.46.6 - - [05/May/2026:11:05:47 +0200] "GET /css/app.css HTTP/1.1" 200 74515 "https://www.missmandarine.com/php.ini.sorry" "Mozilla/5.0 (Linux; Android 5.0) AppleWebKit/537.36 (KHTML, like Gecko) Mobile Safari/537.36 (compatible; Bytespider; spider-feedback@bytedance.com)"
47.128.46.6 - - [05/May/2026:11:05:47 +0200] "GET /img/layout/logoComplet.svg HTTP/1.1" 206 500 "https://www.missmandarine.com/php.ini.sorry" "Mozilla/5.0 (Linux; Android 5.0) AppleWebKit/537.36 (KHTML, like Gecko) Mobile Safari/537.36 (compatible; Bytespider; spider-feedback@bytedance.com)"
47.128.46.6 - - [05/May/2026:11:05:48 +0200] "GET /img/slider/miniature/5a0c4ac7552cf.png HTTP/1.1" 206 500 "https://www.missmandarine.com/php.ini.sorry" "Mozilla/5.0 (Linux; Android 5.0) AppleWebKit/537.36 (KHTML, like Gecko) Mobile Safari/537.36 (compatible; Bytespider; spider-feedback@bytedance.com)"
47.128.46.6 - - [05/May/2026:11:05:48 +0200] "GET /img/layout/backgroundVideo.jpg HTTP/1.1" 206 500 "https://www.missmandarine.com/php.ini.sorry" "Mozilla/5.0 (Linux; Android 5.0) AppleWebKit/537.36 (KHTML, like Gecko) Mobile Safari/537.36 (compatible; Bytespider; spider-feedback@bytedance.com)"
47.128.46.6 - - [05/May/2026:11:05:48 +0200] "GET /img/temoignage/logo/5a0c52684a264.jpg HTTP/1.1" 206 500 "https://www.missmandarine.com/php.ini.sorry" "Mozilla/5.0 (Linux; Android 5.0) AppleWebKit/537.36 (KHTML, like Gecko) Mobile Safari/537.36 (compatible; Bytespider; spider-feedback@bytedance.com)"
47.128.46.6 - - [05/May/2026:11:05:48 +0200] "GET /img/temoignage/logo/5a0c5288e5eef.jpg HTTP/1.1" 206 500 "https://www.missmandarine.com/php.ini.sorry" "Mozilla/5.0 (Linux; Android 5.0) AppleWebKit/537.36 (KHTML, like Gecko) Mobile Safari/537.36 (compatible; Bytespider; spider-feedback@bytedance.com)"
47.128.46.6 - - [05/May/2026:11:05:48 +0200] "GET /img/temoignage/logo/5a0c52dd64f63.jpg HTTP/1.1" 206 500 "https://www.missmandarine.com/php.ini.sorry" "Mozilla/5.0 (Linux; Android 5.0) AppleWebKit/537.36 (KHTML, like Gecko) Mobile Safari/537.36 (compatible; Bytespider; spider-feedback@bytedance.com)"
47.128.46.6 - - [05/May/2026:11:05:48 +0200] "GET /img/temoignage/logo/5a0c5245f3b0a.jpg HTTP/1.1" 206 500 "https://www.missmandarine.com/php.ini.sorry" "Mozilla/5.0 (Linux; Android 5.0) AppleWebKit/537.36 (KHTML, like Gecko) Mobile Safari/537.36 (compatible; Bytespider; spider-feedback@bytedance.com)"
47.128.46.6 - - [05/May/2026:11:05:48 +0200] "GET /img/presse/logo/5a0c638e545fb.jpg HTTP/1.1" 206 500 "https://www.missmandarine.com/php.ini.sorry" "Mozilla/5.0 (Linux; Android 5.0) AppleWebKit/537.36 (KHTML, like Gecko) Mobile Safari/537.36 (compatible; Bytespider; spider-feedback@bytedance.com)"
47.128.46.6 - - [05/May/2026:11:05:49 +0200] "GET /img/layout/logoComplet.svg HTTP/1.1" 304 - "https://www.missmandarine.com/php.ini.sorry" "Mozilla/5.0 (Linux; Android 5.0) AppleWebKit/537.36 (KHTML, like Gecko) Mobile Safari/537.36 (compatible; Bytespider; spider-feedback@bytedance.com)"
47.128.46.6 - - [05/May/2026:11:05:49 +0200] "GET /img/presse/logo/5a0c63d2ed7f8.jpg HTTP/1.1" 206 500 "https://www.missmandarine.com/php.ini.sorry" "Mozilla/5.0 (Linux; Android 5.0) AppleWebKit/537.36 (KHTML, like Gecko) Mobile Safari/537.36 (compatible; Bytespider; spider-feedback@bytedance.com)"
47.128.46.6 - - [05/May/2026:11:05:50 +0200] "GET /img/layout/logoComplet.svg HTTP/1.1" 206 12106 "https://www.missmandarine.com/php.ini.sorry" "Mozilla/5.0 (Linux; Android 5.0) AppleWebKit/537.36 (KHTML, like Gecko) Mobile Safari/537.36 (compatible; Bytespider; spider-feedback@bytedance.com)"
216.73.216.211 - - [05/May/2026:11:05:51 +0200] "GET /learning/old/plugin/dashboard/block_evaluation_graph/block_evaluation_graph.class.php.sorry HTTP/1.1" 200 23697 "-" "Mozilla/5.0 AppleWebKit/537.36 (KHTML, like Gecko; compatible; ClaudeBot/1.0; +claudebot@anthropic.com)"
47.128.46.6 - - [05/May/2026:11:05:55 +0200] "GET /img/accueil/backgroundSection1.jpg HTTP/1.1" 206 500 "https://www.missmandarine.com/css/app.css" "Mozilla/5.0 (Linux; Android 5.0) AppleWebKit/537.36 (KHTML, like Gecko) Mobile Safari/537.36 (compatible; Bytespider; spider-feedback@bytedance.com)"
57.141.20.60 - - [05/May/2026:11:05:57 +0200] "GET /shopdetail/19537880 HTTP/1.1" 200 23697 "-" "meta-externalagent/1.1 (+https://developers.facebook.com/docs/sharing/webmasters/crawler)"
216.73.216.211 - - [05/May/2026:11:05:57 +0200] "GET /missmandarine.ch/learning/old/main/css/corporate/images/button_refresh.gif.sorry HTTP/1.1" 200 23697 "-" "Mozilla/5.0 AppleWebKit/537.36 (KHTML, like Gecko; compatible; ClaudeBot/1.0; +claudebot@anthropic.com)"
20.40.124.176 - - [05/May/2026:11:06:01 +0200] "GET / HTTP/1.1" 200 23697 "-" "Mozilla/5.0 (compatible; MSIE 9.0; Windows NT 6.1; Trident/5.0; AppInsights)"
216.73.216.211 - - [05/May/2026:11:06:02 +0200] "GET /pics/images/b/h/c/?C=S&O=A HTTP/1.1" 200 675 "-" "Mozilla/5.0 AppleWebKit/537.36 (KHTML, like Gecko; compatible; ClaudeBot/1.0; +claudebot@anthropic.com)"
74.7.227.25 - - [05/May/2026:11:06:06 +0200] "GET /learning/ALFA_DATA/alfasymlink/root/sys/devices/pci0000:00/firmware_node/device:ad/physical_node/config HTTP/1.1" 200 4096 "https://missmandarine.com/learning/ALFA_DATA/alfasymlink/root/sys/devices/pci0000:00/firmware_node/device:ad/physical_node/" "Mozilla/5.0 AppleWebKit/537.36 (KHTML, like Gecko; compatible; GPTBot/1.3; +https://openai.com/gptbot)"
57.141.20.2 - - [05/May/2026:11:06:07 +0200] "GET /shopdetail/16512302 HTTP/1.1" 200 23697 "-" "meta-externalagent/1.1 (+https://developers.facebook.com/docs/sharing/webmasters/crawler)"
216.73.216.211 - - [05/May/2026:11:06:07 +0200] "GET /missmandarine.ch/learning/old/main/lang/friulian/blog.inc.php.sorry HTTP/1.1" 200 23697 "-" "Mozilla/5.0 AppleWebKit/537.36 (KHTML, like Gecko; compatible; ClaudeBot/1.0; +claudebot@anthropic.com)"
57.141.20.68 - - [05/May/2026:11:06:07 +0200] "GET /shopdetail/22462613 HTTP/1.1" 200 23697 "-" "meta-externalagent/1.1 (+https://developers.facebook.com/docs/sharing/webmasters/crawler)"
57.141.20.54 - - [05/May/2026:11:06:12 +0200] "GET /shopdetail/22741691 HTTP/1.1" 200 23697 "-" "meta-externalagent/1.1 (+https://developers.facebook.com/docs/sharing/webmasters/crawler)"
216.73.216.211 - - [05/May/2026:11:06:12 +0200] "GET /missmandarine.ch/learning/old/courses/TEMd8c4/document/learning_path/?C=S&O=A HTTP/1.1" 200 816 "-" "Mozilla/5.0 AppleWebKit/537.36 (KHTML, like Gecko; compatible; ClaudeBot/1.0; +claudebot@anthropic.com)"
216.73.216.211 - - [05/May/2026:11:06:17 +0200] "GET /missmandarine.ch/learning/admin/lib/tinymce/skins/?C=N&O=A HTTP/1.1" 200 945 "-" "Mozilla/5.0 AppleWebKit/537.36 (KHTML, like Gecko; compatible; ClaudeBot/1.0; +claudebot@anthropic.com)"
57.141.20.70 - - [05/May/2026:11:06:22 +0200] "GET /shopdetail/1748313 HTTP/1.1" 200 23697 "-" "meta-externalagent/1.1 (+https://developers.facebook.com/docs/sharing/webmasters/crawler)"
57.141.20.4 - - [05/May/2026:11:06:22 +0200] "GET /shopdetail/14247057 HTTP/1.1" 200 23697 "-" "meta-externalagent/1.1 (+https://developers.facebook.com/docs/sharing/webmasters/crawler)"
57.141.20.60 - - [05/May/2026:11:06:22 +0200] "GET /shopdetail/23018780 HTTP/1.1" 200 23697 "-" "meta-externalagent/1.1 (+https://developers.facebook.com/docs/sharing/webmasters/crawler)"
57.141.20.18 - - [05/May/2026:11:06:23 +0200] "GET /shopdetail/15979768 HTTP/1.1" 200 23697 "-" "meta-externalagent/1.1 (+https://developers.facebook.com/docs/sharing/webmasters/crawler)"
57.141.20.5 - - [05/May/2026:11:06:23 +0200] "GET /shopdetail/22954057 HTTP/1.1" 200 23697 "-" "meta-externalagent/1.1 (+https://developers.facebook.com/docs/sharing/webmasters/crawler)"
216.73.216.211 - - [05/May/2026:11:06:25 +0200] "GET /pics/images/d/c/g/?C=M&O=D HTTP/1.1" 200 675 "-" "Mozilla/5.0 AppleWebKit/537.36 (KHTML, like Gecko; compatible; ClaudeBot/1.0; +claudebot@anthropic.com)"
51.105.9.128 - - [05/May/2026:11:06:27 +0200] "GET / HTTP/1.1" 200 23697 "-" "Mozilla/5.0 (compatible; MSIE 9.0; Windows NT 6.1; Trident/5.0; AppInsights)"
216.73.216.211 - - [05/May/2026:11:06:30 +0200] "GET /pics/images/c/g/e/?C=D&O=D HTTP/1.1" 200 675 "-" "Mozilla/5.0 AppleWebKit/537.36 (KHTML, like Gecko; compatible; ClaudeBot/1.0; +claudebot@anthropic.com)"
57.141.20.45 - - [05/May/2026:11:06:31 +0200] "GET /shopdetail/20378102 HTTP/1.1" 200 23697 "-" "meta-externalagent/1.1 (+https://developers.facebook.com/docs/sharing/webmasters/crawler)"
74.7.227.25 - - [05/May/2026:11:06:35 +0200] "GET /learning/ALFA_DATA/alfasymlink/root/sys/devices/pci0000:00/firmware_node/device:ad/physical_node/local_cpulist HTTP/1.1" 200 4096 "https://missmandarine.com/learning/ALFA_DATA/alfasymlink/root/sys/devices/pci0000:00/firmware_node/device:ad/physical_node/" "Mozilla/5.0 AppleWebKit/537.36 (KHTML, like Gecko; compatible; GPTBot/1.3; +https://openai.com/gptbot)"
98.82.63.147 - - [05/May/2026:11:06:36 +0200] "GET /img/accueil/ HTTP/1.1" 200 1388 "-" "Mozilla/5.0 AppleWebKit/537.36 (KHTML, like Gecko; compatible; Amazonbot/0.1; +https://developer.amazon.com/support/amazonbot) Chrome/119.0.6045.214 Safari/537.36"
216.73.216.211 - - [05/May/2026:11:06:40 +0200] "GET /pics/images/e/f/h/?C=N&O=A HTTP/1.1" 200 675 "-" "Mozilla/5.0 AppleWebKit/537.36 (KHTML, like Gecko; compatible; ClaudeBot/1.0; +claudebot@anthropic.com)"
57.141.20.2 - - [05/May/2026:11:06:40 +0200] "GET /shopdetail/11857680 HTTP/1.1" 200 23697 "-" "meta-externalagent/1.1 (+https://developers.facebook.com/docs/sharing/webmasters/crawler)"
57.141.20.21 - - [05/May/2026:11:06:40 +0200] "GET /shopdetail/27060891 HTTP/1.1" 200 23697 "-" "meta-externalagent/1.1 (+https://developers.facebook.com/docs/sharing/webmasters/crawler)"
54.164.106.236 - - [05/May/2026:11:06:40 +0200] "GET /fonts/?C=S;O%3DA HTTP/1.1" 200 2137 "-" "Mozilla/5.0 AppleWebKit/537.36 (KHTML, like Gecko; compatible; Amazonbot/0.1; +https://developer.amazon.com/support/amazonbot) Chrome/119.0.6045.214 Safari/537.36"
57.141.20.20 - - [05/May/2026:11:06:41 +0200] "GET /shopdetail/15193235 HTTP/1.1" 200 23697 "-" "meta-externalagent/1.1 (+https://developers.facebook.com/docs/sharing/webmasters/crawler)"
57.141.20.18 - - [05/May/2026:11:06:41 +0200] "GET /shopdetail/19674335 HTTP/1.1" 200 23697 "-" "meta-externalagent/1.1 (+https://developers.facebook.com/docs/sharing/webmasters/crawler)"
57.141.20.25 - - [05/May/2026:11:06:41 +0200] "GET /shopdetail/6025668 HTTP/1.1" 200 23697 "-" "meta-externalagent/1.1 (+https://developers.facebook.com/docs/sharing/webmasters/crawler)"
57.141.20.61 - - [05/May/2026:11:06:42 +0200] "GET /shopdetail/3764624 HTTP/1.1" 200 23697 "-" "meta-externalagent/1.1 (+https://developers.facebook.com/docs/sharing/webmasters/crawler)"
216.73.216.211 - - [05/May/2026:11:06:45 +0200] "GET /pics/images/f/e/h/?C=N&O=A HTTP/1.1" 200 675 "-" "Mozilla/5.0 AppleWebKit/537.36 (KHTML, like Gecko; compatible; ClaudeBot/1.0; +claudebot@anthropic.com)"
54.163.136.244 - - [05/May/2026:11:06:45 +0200] "GET /pics/?C=S;O%3DA HTTP/1.1" 200 808 "-" "Mozilla/5.0 AppleWebKit/537.36 (KHTML, like Gecko; compatible; Amazonbot/0.1; +https://developer.amazon.com/support/amazonbot) Chrome/119.0.6045.214 Safari/537.36"
57.141.20.71 - - [05/May/2026:11:06:49 +0200] "GET /shopdetail/20318679 HTTP/1.1" 200 23697 "-" "meta-externalagent/1.1 (+https://developers.facebook.com/docs/sharing/webmasters/crawler)"
216.73.216.211 - - [05/May/2026:11:06:50 +0200] "GET /pics/images/e/a/h/?C=N&O=A HTTP/1.1" 200 675 "-" "Mozilla/5.0 AppleWebKit/537.36 (KHTML, like Gecko; compatible; ClaudeBot/1.0; +claudebot@anthropic.com)"
216.73.216.211 - - [05/May/2026:11:06:55 +0200] "GET /pics/images/c/b/g/?C=D&O=A HTTP/1.1" 200 675 "-" "Mozilla/5.0 AppleWebKit/537.36 (KHTML, like Gecko; compatible; ClaudeBot/1.0; +claudebot@anthropic.com)"
216.73.216.211 - - [05/May/2026:11:07:00 +0200] "GET /pics/images/b/c/g/?C=D&O=A HTTP/1.1" 200 675 "-" "Mozilla/5.0 AppleWebKit/537.36 (KHTML, like Gecko; compatible; ClaudeBot/1.0; +claudebot@anthropic.com)"
57.141.20.1 - - [05/May/2026:11:07:00 +0200] "GET /shopdetail/14005846 HTTP/1.1" 200 23697 "-" "meta-externalagent/1.1 (+https://developers.facebook.com/docs/sharing/webmasters/crawler)"
57.141.20.45 - - [05/May/2026:11:07:00 +0200] "GET /shopdetail/14314591 HTTP/1.1" 200 23697 "-" "meta-externalagent/1.1 (+https://developers.facebook.com/docs/sharing/webmasters/crawler)"
57.141.20.0 - - [05/May/2026:11:07:01 +0200] "GET /shopdetail/19238857 HTTP/1.1" 200 23697 "-" "meta-externalagent/1.1 (+https://developers.facebook.com/docs/sharing/webmasters/crawler)"
57.141.20.18 - - [05/May/2026:11:07:01 +0200] "GET /shopdetail/11008013 HTTP/1.1" 200 23697 "-" "meta-externalagent/1.1 (+https://developers.facebook.com/docs/sharing/webmasters/crawler)"
57.141.20.5 - - [05/May/2026:11:07:02 +0200] "GET /shopdetail/8568046 HTTP/1.1" 200 23697 "-" "meta-externalagent/1.1 (+https://developers.facebook.com/docs/sharing/webmasters/crawler)"
216.73.216.211 - - [05/May/2026:11:07:05 +0200] "GET /missmandarine.ch/learning/admin/forum/addSujet.php.sorry HTTP/1.1" 200 23697 "-" "Mozilla/5.0 AppleWebKit/537.36 (KHTML, like Gecko; compatible; ClaudeBot/1.0; +claudebot@anthropic.com)"
57.141.20.9 - - [05/May/2026:11:07:14 +0200] "GET /shopdetail/9534124 HTTP/1.1" 200 23697 "-" "meta-externalagent/1.1 (+https://developers.facebook.com/docs/sharing/webmasters/crawler)"
57.141.20.62 - - [05/May/2026:11:07:14 +0200] "GET /shopdetail/9924280 HTTP/1.1" 200 23697 "-" "meta-externalagent/1.1 (+https://developers.facebook.com/docs/sharing/webmasters/crawler)"
57.141.20.37 - - [05/May/2026:11:07:18 +0200] "GET /shopdetail/5755157 HTTP/1.1" 200 23697 "-" "meta-externalagent/1.1 (+https://developers.facebook.com/docs/sharing/webmasters/crawler)"
57.141.20.10 - - [05/May/2026:11:07:18 +0200] "GET /shopdetail/17932091 HTTP/1.1" 200 23697 "-" "meta-externalagent/1.1 (+https://developers.facebook.com/docs/sharing/webmasters/crawler)"
57.141.20.37 - - [05/May/2026:11:07:25 +0200] "GET /shopdetail/3219413 HTTP/1.1" 200 23697 "-" "meta-externalagent/1.1 (+https://developers.facebook.com/docs/sharing/webmasters/crawler)"
216.244.66.243 - - [05/May/2026:11:07:27 +0200] "GET /?_gl=1*rgknbr*_ga*MzY3MjE1MDcwLjE3MzcwOTUyMjA.*_ga_0VKVKKN4NV*MTczNzEwMjM4NC4yLjEuMTczNzEwMjQ1My42MC4wLjA.&_bd_prev_page=https://missmandarine.com/detail.php?product/edit/22019565 HTTP/1.1" 200 23697 "-" "Mozilla/5.0 (compatible; DotBot/1.2; +https://opensiteexplorer.org/dotbot; help@moz.com)"
216.73.216.211 - - [05/May/2026:11:07:29 +0200] "GET /missmandarine.ch/vendor/imagine/?C=N&O=D HTTP/1.1" 200 887 "-" "Mozilla/5.0 AppleWebKit/537.36 (KHTML, like Gecko; compatible; ClaudeBot/1.0; +claudebot@anthropic.com)"
216.73.216.211 - - [05/May/2026:11:07:33 +0200] "GET /missmandarine.ch/vendor/imagine/?C=D&O=A HTTP/1.1" 200 887 "-" "Mozilla/5.0 AppleWebKit/537.36 (KHTML, like Gecko; compatible; ClaudeBot/1.0; +claudebot@anthropic.com)"
57.141.20.28 - - [05/May/2026:11:07:34 +0200] "GET /shopdetail/30241302 HTTP/1.1" 200 23697 "-" "meta-externalagent/1.1 (+https://developers.facebook.com/docs/sharing/webmasters/crawler)"
57.141.20.38 - - [05/May/2026:11:07:35 +0200] "GET /shopdetail/29898991 HTTP/1.1" 200 23697 "-" "meta-externalagent/1.1 (+https://developers.facebook.com/docs/sharing/webmasters/crawler)"
57.141.20.51 - - [05/May/2026:11:07:35 +0200] "GET /shopdetail/20778091 HTTP/1.1" 200 23697 "-" "meta-externalagent/1.1 (+https://developers.facebook.com/docs/sharing/webmasters/crawler)"
57.141.20.43 - - [05/May/2026:11:07:35 +0200] "GET /shopdetail/7234435 HTTP/1.1" 200 23697 "-" "meta-externalagent/1.1 (+https://developers.facebook.com/docs/sharing/webmasters/crawler)"
57.141.20.32 - - [05/May/2026:11:07:36 +0200] "GET /shopdetail/23873980 HTTP/1.1" 200 23697 "-" "meta-externalagent/1.1 (+https://developers.facebook.com/docs/sharing/webmasters/crawler)"
57.141.20.10 - - [05/May/2026:11:07:36 +0200] "GET /shopdetail/5426024 HTTP/1.1" 200 23697 "-" "meta-externalagent/1.1 (+https://developers.facebook.com/docs/sharing/webmasters/crawler)"
74.7.227.25 - - [05/May/2026:11:07:38 +0200] "GET /learning/ALFA_DATA/alfasymlink/root/sys/devices/pci0000:00/firmware_node/device:ad/physical_node/uevent HTTP/1.1" 200 4096 "https://missmandarine.com/learning/ALFA_DATA/alfasymlink/root/sys/devices/pci0000:00/firmware_node/device:ad/physical_node/" "Mozilla/5.0 AppleWebKit/537.36 (KHTML, like Gecko; compatible; GPTBot/1.3; +https://openai.com/gptbot)"
216.73.216.211 - - [05/May/2026:11:07:38 +0200] "GET /missmandarine.ch/vendor/imagine/?C=M&O=A HTTP/1.1" 200 887 "-" "Mozilla/5.0 AppleWebKit/537.36 (KHTML, like Gecko; compatible; ClaudeBot/1.0; +claudebot@anthropic.com)"
216.73.216.211 - - [05/May/2026:11:07:43 +0200] "GET /missmandarine.ch/vendor/imagine/?C=S&O=A HTTP/1.1" 200 887 "-" "Mozilla/5.0 AppleWebKit/537.36 (KHTML, like Gecko; compatible; ClaudeBot/1.0; +claudebot@anthropic.com)"
216.73.216.211 - - [05/May/2026:11:07:48 +0200] "GET /img-old/comite/?C=D&O=D HTTP/1.1" 200 1014 "-" "Mozilla/5.0 AppleWebKit/537.36 (KHTML, like Gecko; compatible; ClaudeBot/1.0; +claudebot@anthropic.com)"
57.141.20.31 - - [05/May/2026:11:07:50 +0200] "GET /shopdetail/13487046 HTTP/1.1" 200 23697 "-" "meta-externalagent/1.1 (+https://developers.facebook.com/docs/sharing/webmasters/crawler)"
57.141.20.2 - - [05/May/2026:11:07:51 +0200] "GET /shopdetail/6412602 HTTP/1.1" 200 23697 "-" "meta-externalagent/1.1 (+https://developers.facebook.com/docs/sharing/webmasters/crawler)"
216.73.216.211 - - [05/May/2026:11:07:53 +0200] "GET /img-old/comite/?C=S&O=D HTTP/1.1" 200 1014 "-" "Mozilla/5.0 AppleWebKit/537.36 (KHTML, like Gecko; compatible; ClaudeBot/1.0; +claudebot@anthropic.com)"
4.204.197.96 - - [05/May/2026:11:07:57 +0200] "GET /wp-content/plugins/hellopress/wp_filemanager.php HTTP/1.1" 200 23697 "-" "-"
4.204.197.96 - - [05/May/2026:11:07:57 +0200] "GET /yellow.php HTTP/1.1" 200 23697 "-" "-"
4.204.197.96 - - [05/May/2026:11:07:57 +0200] "GET /wp-thi.php HTTP/1.1" 200 23697 "-" "-"
4.204.197.96 - - [05/May/2026:11:07:58 +0200] "GET /wp-slss.php HTTP/1.1" 200 23697 "-" "-"
4.204.197.96 - - [05/May/2026:11:07:58 +0200] "GET /wp-load.php HTTP/1.1" 200 23697 "-" "-"
4.204.197.96 - - [05/May/2026:11:07:58 +0200] "GET /lib.php HTTP/1.1" 200 23697 "-" "-"
4.204.197.96 - - [05/May/2026:11:07:58 +0200] "GET /ah25.php HTTP/1.1" 200 23697 "-" "-"
4.204.197.96 - - [05/May/2026:11:07:59 +0200] "GET /revealability.php HTTP/1.1" 200 23697 "-" "-"
13.86.97.224 - - [05/May/2026:11:07:59 +0200] "GET / HTTP/1.1" 200 23697 "-" "Mozilla/5.0 (compatible; MSIE 9.0; Windows NT 6.1; Trident/5.0; AppInsights)"
216.73.216.211 - - [05/May/2026:11:07:59 +0200] "GET /missmandarine.ch/learning/old/plugin/search_course/lib/?C=N&O=D HTTP/1.1" 200 1389 "-" "Mozilla/5.0 AppleWebKit/537.36 (KHTML, like Gecko; compatible; ClaudeBot/1.0; +claudebot@anthropic.com)"
4.204.197.96 - - [05/May/2026:11:07:59 +0200] "GET /file4.php HTTP/1.1" 200 23697 "-" "-"
4.204.197.96 - - [05/May/2026:11:07:59 +0200] "GET /atomlib.php HTTP/1.1" 200 23697 "-" "-"
4.204.197.96 - - [05/May/2026:11:07:59 +0200] "GET /file30.php HTTP/1.1" 200 23697 "-" "-"
57.141.20.39 - - [05/May/2026:11:07:59 +0200] "GET /shopdetail/9977046 HTTP/1.1" 200 23697 "-" "meta-externalagent/1.1 (+https://developers.facebook.com/docs/sharing/webmasters/crawler)"
4.204.197.96 - - [05/May/2026:11:08:00 +0200] "GET /forbidals.php HTTP/1.1" 200 23697 "-" "-"
4.204.197.96 - - [05/May/2026:11:08:00 +0200] "GET /wp-firewall.php HTTP/1.1" 200 23697 "-" "-"
4.204.197.96 - - [05/May/2026:11:08:00 +0200] "GET /tires.php HTTP/1.1" 200 23697 "-" "-"
4.204.197.96 - - [05/May/2026:11:08:00 +0200] "GET /shell20211028.php HTTP/1.1" 200 23697 "-" "-"
4.204.197.96 - - [05/May/2026:11:08:01 +0200] "GET /wuasr.php HTTP/1.1" 200 23697 "-" "-"
4.204.197.96 - - [05/May/2026:11:08:01 +0200] "GET /1index.php HTTP/1.1" 200 23697 "-" "-"
4.204.197.96 - - [05/May/2026:11:08:01 +0200] "GET /ff1.php HTTP/1.1" 200 23697 "-" "-"
4.204.197.96 - - [05/May/2026:11:08:01 +0200] "GET /png.php HTTP/1.1" 200 23697 "-" "-"
4.204.197.96 - - [05/May/2026:11:08:02 +0200] "GET /x.php HTTP/1.1" 200 23697 "-" "-"
4.204.197.96 - - [05/May/2026:11:08:02 +0200] "GET /yas.php HTTP/1.1" 200 23697 "-" "-"
4.204.197.96 - - [05/May/2026:11:08:02 +0200] "GET /dropdown.php HTTP/1.1" 200 23697 "-" "-"
4.204.197.96 - - [05/May/2026:11:08:02 +0200] "GET /wp-access.php HTTP/1.1" 200 23697 "-" "-"
4.204.197.96 - - [05/May/2026:11:08:03 +0200] "GET /fun.php HTTP/1.1" 200 23697 "-" "-"
4.204.197.96 - - [05/May/2026:11:08:03 +0200] "GET /bthil.php HTTP/1.1" 200 23697 "-" "-"
4.204.197.96 - - [05/May/2026:11:08:03 +0200] "GET /wp-kd4xalrg7m.php HTTP/1.1" 200 23697 "-" "-"
216.73.216.211 - - [05/May/2026:11:08:03 +0200] "GET /missmandarine.ch/learning/old/plugin/search_course/lib/?C=D&O=A HTTP/1.1" 200 1389 "-" "Mozilla/5.0 AppleWebKit/537.36 (KHTML, like Gecko; compatible; ClaudeBot/1.0; +claudebot@anthropic.com)"
4.204.197.96 - - [05/May/2026:11:08:03 +0200] "GET /333.php HTTP/1.1" 200 23697 "-" "-"
4.204.197.96 - - [05/May/2026:11:08:04 +0200] "GET /explorer/index_.php HTTP/1.1" 200 23697 "-" "-"
4.204.197.96 - - [05/May/2026:11:08:04 +0200] "GET /ftde.php HTTP/1.1" 200 23697 "-" "-"
4.204.197.96 - - [05/May/2026:11:08:04 +0200] "GET /wp-trackback.php HTTP/1.1" 200 23697 "-" "-"
4.204.197.96 - - [05/May/2026:11:08:04 +0200] "GET /wp-admin/css/colors/blue/file.php HTTP/1.1" 200 23697 "-" "-"
4.204.197.96 - - [05/May/2026:11:08:05 +0200] "GET /new.php HTTP/1.1" 200 23697 "-" "-"
4.204.197.96 - - [05/May/2026:11:08:05 +0200] "GET /aevly.php HTTP/1.1" 200 23697 "-" "-"
4.204.197.96 - - [05/May/2026:11:08:05 +0200] "GET /app.php HTTP/1.1" 200 23697 "-" "-"
4.204.197.96 - - [05/May/2026:11:08:05 +0200] "GET /txets.php HTTP/1.1" 200 23697 "-" "-"
4.204.197.96 - - [05/May/2026:11:08:06 +0200] "GET /file59.php HTTP/1.1" 200 23697 "-" "-"
4.204.197.96 - - [05/May/2026:11:08:06 +0200] "GET /albin.php HTTP/1.1" 200 23697 "-" "-"
4.204.197.96 - - [05/May/2026:11:08:06 +0200] "GET /lala.php HTTP/1.1" 200 23697 "-" "-"
4.204.197.96 - - [05/May/2026:11:08:06 +0200] "GET /wp-at.php HTTP/1.1" 200 23697 "-" "-"
4.204.197.96 - - [05/May/2026:11:08:07 +0200] "GET /wp.php HTTP/1.1" 200 23697 "-" "-"
4.204.197.96 - - [05/May/2026:11:08:07 +0200] "GET /sys.php HTTP/1.1" 200 23697 "-" "-"
4.204.197.96 - - [05/May/2026:11:08:07 +0200] "GET /lv.php HTTP/1.1" 200 23697 "-" "-"
4.204.197.96 - - [05/May/2026:11:08:07 +0200] "GET /wp-good.php HTTP/1.1" 200 23697 "-" "-"
4.204.197.96 - - [05/May/2026:11:08:08 +0200] "GET /db.php HTTP/1.1" 200 23697 "-" "-"
4.204.197.96 - - [05/May/2026:11:08:08 +0200] "GET /z.php HTTP/1.1" 200 23697 "-" "-"
4.204.197.96 - - [05/May/2026:11:08:08 +0200] "GET /wp-the.php HTTP/1.1" 200 23697 "-" "-"
216.73.216.211 - - [05/May/2026:11:08:08 +0200] "GET /missmandarine.ch/learning/old/plugin/search_course/lib/?C=M&O=A HTTP/1.1" 200 1389 "-" "Mozilla/5.0 AppleWebKit/537.36 (KHTML, like Gecko; compatible; ClaudeBot/1.0; +claudebot@anthropic.com)"
4.204.197.96 - - [05/May/2026:11:08:08 +0200] "GET /ok.php HTTP/1.1" 200 23697 "-" "-"
4.204.197.96 - - [05/May/2026:11:08:09 +0200] "GET /ccou.php HTTP/1.1" 200 23697 "-" "-"
4.204.197.96 - - [05/May/2026:11:08:09 +0200] "GET /samll.php HTTP/1.1" 200 23697 "-" "-"
57.141.20.28 - - [05/May/2026:11:08:09 +0200] "GET /shopdetail/16334691 HTTP/1.1" 200 23697 "-" "meta-externalagent/1.1 (+https://developers.facebook.com/docs/sharing/webmasters/crawler)"
4.204.197.96 - - [05/May/2026:11:08:09 +0200] "GET /edit.php HTTP/1.1" 200 23697 "-" "-"
57.141.20.60 - - [05/May/2026:11:08:09 +0200] "GET /shopdetail/14262702 HTTP/1.1" 200 23697 "-" "meta-externalagent/1.1 (+https://developers.facebook.com/docs/sharing/webmasters/crawler)"
4.204.197.96 - - [05/May/2026:11:08:09 +0200] "GET /xda.php HTTP/1.1" 200 23697 "-" "-"
57.141.20.18 - - [05/May/2026:11:08:10 +0200] "GET /shopdetail/7460680 HTTP/1.1" 200 23697 "-" "meta-externalagent/1.1 (+https://developers.facebook.com/docs/sharing/webmasters/crawler)"
4.204.197.96 - - [05/May/2026:11:08:10 +0200] "GET /sbhu.php HTTP/1.1" 200 23697 "-" "-"
57.141.20.35 - - [05/May/2026:11:08:10 +0200] "GET /shopdetail/9387124 HTTP/1.1" 200 23697 "-" "meta-externalagent/1.1 (+https://developers.facebook.com/docs/sharing/webmasters/crawler)"
57.141.20.28 - - [05/May/2026:11:08:10 +0200] "GET /shopdetail/23513457 HTTP/1.1" 200 23697 "-" "meta-externalagent/1.1 (+https://developers.facebook.com/docs/sharing/webmasters/crawler)"
57.141.20.12 - - [05/May/2026:11:08:10 +0200] "GET /shopdetail/18516713 HTTP/1.1" 200 23697 "-" "meta-externalagent/1.1 (+https://developers.facebook.com/docs/sharing/webmasters/crawler)"
57.141.20.49 - - [05/May/2026:11:08:11 +0200] "GET /shopdetail/29121046 HTTP/1.1" 200 23697 "-" "meta-externalagent/1.1 (+https://developers.facebook.com/docs/sharing/webmasters/crawler)"
57.141.20.61 - - [05/May/2026:11:08:11 +0200] "GET /shopdetail/13588124 HTTP/1.1" 200 23697 "-" "meta-externalagent/1.1 (+https://developers.facebook.com/docs/sharing/webmasters/crawler)"
216.73.216.211 - - [05/May/2026:11:08:13 +0200] "GET /missmandarine.ch/learning/old/plugin/search_course/lib/?C=S&O=A HTTP/1.1" 200 1389 "-" "Mozilla/5.0 AppleWebKit/537.36 (KHTML, like Gecko; compatible; ClaudeBot/1.0; +claudebot@anthropic.com)"
216.73.216.211 - - [05/May/2026:11:08:18 +0200] "GET /learning/old/main/cooperation/files/429/?C=N&O=D HTTP/1.1" 200 1093 "-" "Mozilla/5.0 AppleWebKit/537.36 (KHTML, like Gecko; compatible; ClaudeBot/1.0; +claudebot@anthropic.com)"
216.73.216.211 - - [05/May/2026:11:08:23 +0200] "GET /learning/old/main/cooperation/files/429/?C=D&O=A HTTP/1.1" 200 1093 "-" "Mozilla/5.0 AppleWebKit/537.36 (KHTML, like Gecko; compatible; ClaudeBot/1.0; +claudebot@anthropic.com)"
57.141.20.20 - - [05/May/2026:11:08:26 +0200] "GET /shopdetail/23804446 HTTP/1.1" 200 23697 "-" "meta-externalagent/1.1 (+https://developers.facebook.com/docs/sharing/webmasters/crawler)"
57.141.20.12 - - [05/May/2026:11:08:26 +0200] "GET /shopdetail/14529257 HTTP/1.1" 200 23697 "-" "meta-externalagent/1.1 (+https://developers.facebook.com/docs/sharing/webmasters/crawler)"
216.73.216.211 - - [05/May/2026:11:08:35 +0200] "GET /learning/old/main/cooperation/files/429/?C=S&O=A HTTP/1.1" 200 1093 "-" "Mozilla/5.0 AppleWebKit/537.36 (KHTML, like Gecko; compatible; ClaudeBot/1.0; +claudebot@anthropic.com)"
20.40.129.96 - - [05/May/2026:11:08:35 +0200] "GET / HTTP/1.1" 200 23697 "-" "Mozilla/5.0 (compatible; MSIE 9.0; Windows NT 6.1; Trident/5.0; AppInsights)"
57.141.20.41 - - [05/May/2026:11:08:35 +0200] "GET /shopdetail/23889735 HTTP/1.1" 200 23697 "-" "meta-externalagent/1.1 (+https://developers.facebook.com/docs/sharing/webmasters/crawler)"
216.73.216.211 - - [05/May/2026:11:08:38 +0200] "GET /learning/old/main/cooperation/files/5/?C=N&O=D HTTP/1.1" 200 906 "-" "Mozilla/5.0 AppleWebKit/537.36 (KHTML, like Gecko; compatible; ClaudeBot/1.0; +claudebot@anthropic.com)"
74.7.227.25 - - [05/May/2026:11:08:40 +0200] "GET /learning/ALFA_DATA/alfasymlink/root/sys/devices/pci0000:00/firmware_node/device:ad/physical_node/resource HTTP/1.1" 200 4096 "https://missmandarine.com/learning/ALFA_DATA/alfasymlink/root/sys/devices/pci0000:00/firmware_node/device:ad/physical_node/" "Mozilla/5.0 AppleWebKit/537.36 (KHTML, like Gecko; compatible; GPTBot/1.3; +https://openai.com/gptbot)"
57.141.20.4 - - [05/May/2026:11:08:41 +0200] "GET /shopdetail/3441168 HTTP/1.1" 200 23697 "-" "meta-externalagent/1.1 (+https://developers.facebook.com/docs/sharing/webmasters/crawler)"
57.141.20.44 - - [05/May/2026:11:08:42 +0200] "GET /shopdetail/4212157 HTTP/1.1" 200 23697 "-" "meta-externalagent/1.1 (+https://developers.facebook.com/docs/sharing/webmasters/crawler)"
216.73.216.211 - - [05/May/2026:11:08:50 +0200] "GET /learning/old/main/cooperation/files/5/?C=M&O=A HTTP/1.1" 200 906 "-" "Mozilla/5.0 AppleWebKit/537.36 (KHTML, like Gecko; compatible; ClaudeBot/1.0; +claudebot@anthropic.com)"
57.141.20.7 - - [05/May/2026:11:08:52 +0200] "GET /shopdetail/23607335 HTTP/1.1" 200 23697 "-" "meta-externalagent/1.1 (+https://developers.facebook.com/docs/sharing/webmasters/crawler)"
57.141.20.57 - - [05/May/2026:11:08:52 +0200] "GET /shopdetail/28755357 HTTP/1.1" 200 23697 "-" "meta-externalagent/1.1 (+https://developers.facebook.com/docs/sharing/webmasters/crawler)"
57.141.20.52 - - [05/May/2026:11:08:53 +0200] "GET /shopdetail/16485346 HTTP/1.1" 200 23697 "-" "meta-externalagent/1.1 (+https://developers.facebook.com/docs/sharing/webmasters/crawler)"
216.73.216.211 - - [05/May/2026:11:08:53 +0200] "GET /learning/old/main/cooperation/files/5/?C=S&O=A HTTP/1.1" 200 906 "-" "Mozilla/5.0 AppleWebKit/537.36 (KHTML, like Gecko; compatible; ClaudeBot/1.0; +claudebot@anthropic.com)"
72.60.40.175 - - [05/May/2026:11:08:54 +0200] "GET /news/ HTTP/1.1" 301 - "-" "Mozilla/5.0 (Windows NT 10.0; Win64; x64) AppleWebKit/537.36"
216.73.216.211 - - [05/May/2026:11:08:58 +0200] "GET /learning/old/plugin/dashboard/block_teacher_graph/?C=N&O=D HTTP/1.1" 200 1320 "-" "Mozilla/5.0 AppleWebKit/537.36 (KHTML, like Gecko; compatible; ClaudeBot/1.0; +claudebot@anthropic.com)"
57.141.20.58 - - [05/May/2026:11:09:01 +0200] "GET /shopdetail/15515724 HTTP/1.1" 200 23697 "-" "meta-externalagent/1.1 (+https://developers.facebook.com/docs/sharing/webmasters/crawler)"
216.73.216.211 - - [05/May/2026:11:09:03 +0200] "GET /missmandarine.ch/js/tinymce/plugins/visualblocks/?C=N&O=D HTTP/1.1" 200 1110 "-" "Mozilla/5.0 AppleWebKit/537.36 (KHTML, like Gecko; compatible; ClaudeBot/1.0; +claudebot@anthropic.com)"
216.73.216.211 - - [05/May/2026:11:09:09 +0200] "GET /missmandarine.ch/learning/admin/utilisateur/cropAvatar.php.sorry HTTP/1.1" 200 23697 "-" "Mozilla/5.0 AppleWebKit/537.36 (KHTML, like Gecko; compatible; ClaudeBot/1.0; +claudebot@anthropic.com)"
57.141.20.65 - - [05/May/2026:11:09:11 +0200] "GET /shopdetail/7762168 HTTP/1.1" 200 23697 "-" "meta-externalagent/1.1 (+https://developers.facebook.com/docs/sharing/webmasters/crawler)"
216.73.216.211 - - [05/May/2026:11:09:14 +0200] "GET /missmandarine.ch/learning/old/main/tracking/course_session_report.php.sorry HTTP/1.1" 200 23697 "-" "Mozilla/5.0 AppleWebKit/537.36 (KHTML, like Gecko; compatible; ClaudeBot/1.0; +claudebot@anthropic.com)"
57.141.20.60 - - [05/May/2026:11:09:16 +0200] "GET /shopdetail/7702424 HTTP/1.1" 200 23697 "-" "meta-externalagent/1.1 (+https://developers.facebook.com/docs/sharing/webmasters/crawler)"
57.141.20.63 - - [05/May/2026:11:09:16 +0200] "GET /shopdetail/5272802 HTTP/1.1" 200 23697 "-" "meta-externalagent/1.1 (+https://developers.facebook.com/docs/sharing/webmasters/crawler)"
57.141.20.49 - - [05/May/2026:11:09:18 +0200] "GET /shopdetail/21846057 HTTP/1.1" 200 23697 "-" "meta-externalagent/1.1 (+https://developers.facebook.com/docs/sharing/webmasters/crawler)"
57.141.20.69 - - [05/May/2026:11:09:18 +0200] "GET /shopdetail/10219313 HTTP/1.1" 200 23697 "-" "meta-externalagent/1.1 (+https://developers.facebook.com/docs/sharing/webmasters/crawler)"
57.141.20.65 - - [05/May/2026:11:09:19 +0200] "GET /shopdetail/3445057 HTTP/1.1" 200 23697 "-" "meta-externalagent/1.1 (+https://developers.facebook.com/docs/sharing/webmasters/crawler)"
57.141.20.71 - - [05/May/2026:11:09:19 +0200] "GET /shopdetail/3419768 HTTP/1.1" 200 23697 "-" "meta-externalagent/1.1 (+https://developers.facebook.com/docs/sharing/webmasters/crawler)"
216.73.216.211 - - [05/May/2026:11:09:19 +0200] "GET /learning/old/main/img/mcmao.gif.sorry HTTP/1.1" 200 23697 "-" "Mozilla/5.0 AppleWebKit/537.36 (KHTML, like Gecko; compatible; ClaudeBot/1.0; +claudebot@anthropic.com)"
216.73.216.211 - - [05/May/2026:11:09:24 +0200] "GET /missmandarine.ch/learning/old/custompages/registration-feedback.php.sorry HTTP/1.1" 200 23697 "-" "Mozilla/5.0 AppleWebKit/537.36 (KHTML, like Gecko; compatible; ClaudeBot/1.0; +claudebot@anthropic.com)"
57.141.20.62 - - [05/May/2026:11:09:25 +0200] "GET /shopdetail/10587280 HTTP/1.1" 200 23697 "-" "meta-externalagent/1.1 (+https://developers.facebook.com/docs/sharing/webmasters/crawler)"
57.141.20.67 - - [05/May/2026:11:09:26 +0200] "GET /shopdetail/23094546 HTTP/1.1" 200 23697 "-" "meta-externalagent/1.1 (+https://developers.facebook.com/docs/sharing/webmasters/crawler)"
216.73.216.211 - - [05/May/2026:11:09:29 +0200] "GET /learning/old/main/img/statistics_na.gif.sorry HTTP/1.1" 200 23697 "-" "Mozilla/5.0 AppleWebKit/537.36 (KHTML, like Gecko; compatible; ClaudeBot/1.0; +claudebot@anthropic.com)"
57.141.20.41 - - [05/May/2026:11:09:34 +0200] "GET /shopdetail/26738668 HTTP/1.1" 200 23697 "-" "meta-externalagent/1.1 (+https://developers.facebook.com/docs/sharing/webmasters/crawler)"
216.73.216.211 - - [05/May/2026:11:09:34 +0200] "GET /missmandarine.ch/learning/old/main/css/chamilo/print.css.sorry HTTP/1.1" 200 23697 "-" "Mozilla/5.0 AppleWebKit/537.36 (KHTML, like Gecko; compatible; ClaudeBot/1.0; +claudebot@anthropic.com)"
47.128.46.69 - - [05/May/2026:11:09:42 +0200] "GET /css/ HTTP/1.1" 200 1341 "-" "Mozilla/5.0 (Linux; Android 5.0) AppleWebKit/537.36 (KHTML, like Gecko) Mobile Safari/537.36 (compatible; Bytespider; spider-feedback@bytedance.com)"
74.7.227.25 - - [05/May/2026:11:09:44 +0200] "GET /learning/ALFA_DATA/alfasymlink/root/sys/devices/pci0000:00/firmware_node/device:ad/physical_node/power_state HTTP/1.1" 200 4096 "https://missmandarine.com/learning/ALFA_DATA/alfasymlink/root/sys/devices/pci0000:00/firmware_node/device:ad/physical_node/" "Mozilla/5.0 AppleWebKit/537.36 (KHTML, like Gecko; compatible; GPTBot/1.3; +https://openai.com/gptbot)"
216.73.216.211 - - [05/May/2026:11:09:44 +0200] "GET /learning/old/main/search/?C=S&O=D HTTP/1.1" 500 - "-" "Mozilla/5.0 AppleWebKit/537.36 (KHTML, like Gecko; compatible; ClaudeBot/1.0; +claudebot@anthropic.com)"
57.141.20.60 - - [05/May/2026:11:09:45 +0200] "GET /shopdetail/3455180 HTTP/1.1" 200 23697 "-" "meta-externalagent/1.1 (+https://developers.facebook.com/docs/sharing/webmasters/crawler)"
57.141.20.65 - - [05/May/2026:11:09:45 +0200] "GET /shopdetail/2470313 HTTP/1.1" 200 23697 "-" "meta-externalagent/1.1 (+https://developers.facebook.com/docs/sharing/webmasters/crawler)"
216.73.216.211 - - [05/May/2026:11:09:51 +0200] "GET /missmandarine.ch/learning/old/main/document/showinframes.php.sorry HTTP/1.1" 200 23697 "-" "Mozilla/5.0 AppleWebKit/537.36 (KHTML, like Gecko; compatible; ClaudeBot/1.0; +claudebot@anthropic.com)"
57.141.20.29 - - [05/May/2026:11:09:54 +0200] "GET /shopdetail/18648191 HTTP/1.1" 200 23697 "-" "meta-externalagent/1.1 (+https://developers.facebook.com/docs/sharing/webmasters/crawler)"
216.73.216.211 - - [05/May/2026:11:09:54 +0200] "GET /learning/old/main/auth/key/?C=S&O=A HTTP/1.1" 200 - "-" "Mozilla/5.0 AppleWebKit/537.36 (KHTML, like Gecko; compatible; ClaudeBot/1.0; +claudebot@anthropic.com)"
216.73.216.211 - - [05/May/2026:11:10:00 +0200] "GET /missmandarine.ch/learning/old/main/auth/openid/login.php.sorry HTTP/1.1" 200 23697 "-" "Mozilla/5.0 AppleWebKit/537.36 (KHTML, like Gecko; compatible; ClaudeBot/1.0; +claudebot@anthropic.com)"
57.141.20.14 - - [05/May/2026:11:10:03 +0200] "GET /shopdetail/17099068 HTTP/1.1" 200 23697 "-" "meta-externalagent/1.1 (+https://developers.facebook.com/docs/sharing/webmasters/crawler)"
57.141.20.30 - - [05/May/2026:11:10:04 +0200] "GET /shopdetail/6424802 HTTP/1.1" 200 23697 "-" "meta-externalagent/1.1 (+https://developers.facebook.com/docs/sharing/webmasters/crawler)"
216.73.216.211 - - [05/May/2026:11:10:04 +0200] "GET /missmandarine.ch/learning/old/main/tracking/toolaccess_details.php.sorry HTTP/1.1" 200 23697 "-" "Mozilla/5.0 AppleWebKit/537.36 (KHTML, like Gecko; compatible; ClaudeBot/1.0; +claudebot@anthropic.com)"
216.73.216.211 - - [05/May/2026:11:10:07 +0200] "GET /learning/old/main/default_course_document/images/twopeople.png.sorry HTTP/1.1" 200 23697 "-" "Mozilla/5.0 AppleWebKit/537.36 (KHTML, like Gecko; compatible; ClaudeBot/1.0; +claudebot@anthropic.com)"
216.73.216.211 - - [05/May/2026:11:10:12 +0200] "GET /missmandarine.ch/img-old/slider/checkbox.php.sorry HTTP/1.1" 200 23697 "-" "Mozilla/5.0 AppleWebKit/537.36 (KHTML, like Gecko; compatible; ClaudeBot/1.0; +claudebot@anthropic.com)"
57.141.20.20 - - [05/May/2026:11:10:13 +0200] "GET /shopdetail/30575002 HTTP/1.1" 200 23697 "-" "meta-externalagent/1.1 (+https://developers.facebook.com/docs/sharing/webmasters/crawler)"
216.73.216.211 - - [05/May/2026:11:10:17 +0200] "GET /learning/old/main/img/buoy.gif.sorry HTTP/1.1" 200 23697 "-" "Mozilla/5.0 AppleWebKit/537.36 (KHTML, like Gecko; compatible; ClaudeBot/1.0; +claudebot@anthropic.com)"
52.140.232.160 - - [05/May/2026:11:10:22 +0200] "GET / HTTP/1.1" 200 23697 "-" "Mozilla/5.0 (compatible; MSIE 9.0; Windows NT 6.1; Trident/5.0; AppInsights)"
216.73.216.211 - - [05/May/2026:11:10:22 +0200] "GET /learning/old/main/img/blog.gif.sorry HTTP/1.1" 200 23697 "-" "Mozilla/5.0 AppleWebKit/537.36 (KHTML, like Gecko; compatible; ClaudeBot/1.0; +claudebot@anthropic.com)"
57.141.20.30 - - [05/May/2026:11:10:23 +0200] "GET /shopdetail/24190780 HTTP/1.1" 200 23697 "-" "meta-externalagent/1.1 (+https://developers.facebook.com/docs/sharing/webmasters/crawler)"
216.73.216.211 - - [05/May/2026:11:10:27 +0200] "GET /learning/old/courses/MO1/upload/calendar/?C=D&O=A HTTP/1.1" 200 139 "-" "Mozilla/5.0 AppleWebKit/537.36 (KHTML, like Gecko; compatible; ClaudeBot/1.0; +claudebot@anthropic.com)"
216.73.216.211 - - [05/May/2026:11:10:32 +0200] "GET /missmandarine.ch/learning/old/main/lang/brazilian/resourcelinker.inc.php.sorry HTTP/1.1" 200 23697 "-" "Mozilla/5.0 AppleWebKit/537.36 (KHTML, like Gecko; compatible; ClaudeBot/1.0; +claudebot@anthropic.com)"
216.73.216.211 - - [05/May/2026:11:10:37 +0200] "GET /pics/images/d/e/h/?C=D&O=A HTTP/1.1" 200 675 "-" "Mozilla/5.0 AppleWebKit/537.36 (KHTML, like Gecko; compatible; ClaudeBot/1.0; +claudebot@anthropic.com)"
57.141.20.7 - - [05/May/2026:11:10:38 +0200] "GET /shopdetail/28306424 HTTP/1.1" 200 23697 "-" "meta-externalagent/1.1 (+https://developers.facebook.com/docs/sharing/webmasters/crawler)"
57.141.20.25 - - [05/May/2026:11:10:38 +0200] "GET /shopdetail/5614480 HTTP/1.1" 200 23697 "-" "meta-externalagent/1.1 (+https://developers.facebook.com/docs/sharing/webmasters/crawler)"
216.73.216.211 - - [05/May/2026:11:10:42 +0200] "GET /learning/old/courses/MO1/upload/calendar/?C=M&O=A HTTP/1.1" 200 139 "-" "Mozilla/5.0 AppleWebKit/537.36 (KHTML, like Gecko; compatible; ClaudeBot/1.0; +claudebot@anthropic.com)"
74.7.227.25 - - [05/May/2026:11:10:44 +0200] "GET /learning/ALFA_DATA/alfasymlink/root/sys/devices/pci0000:00/firmware_node/device:ad/physical_node/reset_method HTTP/1.1" 200 4096 "https://missmandarine.com/learning/ALFA_DATA/alfasymlink/root/sys/devices/pci0000:00/firmware_node/device:ad/physical_node/" "Mozilla/5.0 AppleWebKit/537.36 (KHTML, like Gecko; compatible; GPTBot/1.3; +https://openai.com/gptbot)"
216.73.216.211 - - [05/May/2026:11:10:47 +0200] "GET /pics/images/d/c/f/?C=D&O=A HTTP/1.1" 200 675 "-" "Mozilla/5.0 AppleWebKit/537.36 (KHTML, like Gecko; compatible; ClaudeBot/1.0; +claudebot@anthropic.com)"
216.73.216.211 - - [05/May/2026:11:10:52 +0200] "GET /pics/images/b/a/f/?C=N&O=D HTTP/1.1" 200 675 "-" "Mozilla/5.0 AppleWebKit/537.36 (KHTML, like Gecko; compatible; ClaudeBot/1.0; +claudebot@anthropic.com)"
57.141.20.60 - - [05/May/2026:11:10:56 +0200] "GET /shopdetail/29199268 HTTP/1.1" 200 23697 "-" "meta-externalagent/1.1 (+https://developers.facebook.com/docs/sharing/webmasters/crawler)"
57.141.20.63 - - [05/May/2026:11:10:56 +0200] "GET /shopdetail/938057 HTTP/1.1" 200 23697 "-" "meta-externalagent/1.1 (+https://developers.facebook.com/docs/sharing/webmasters/crawler)"
216.73.216.211 - - [05/May/2026:11:10:57 +0200] "GET /pics/images/b/d/g/?C=S&O=A HTTP/1.1" 200 675 "-" "Mozilla/5.0 AppleWebKit/537.36 (KHTML, like Gecko; compatible; ClaudeBot/1.0; +claudebot@anthropic.com)"
20.40.124.176 - - [05/May/2026:11:11:02 +0200] "GET / HTTP/1.1" 200 23697 "-" "Mozilla/5.0 (compatible; MSIE 9.0; Windows NT 6.1; Trident/5.0; AppInsights)"
216.73.216.211 - - [05/May/2026:11:11:02 +0200] "GET /pics/images/d/b/g/?C=S&O=A HTTP/1.1" 200 675 "-" "Mozilla/5.0 AppleWebKit/537.36 (KHTML, like Gecko; compatible; ClaudeBot/1.0; +claudebot@anthropic.com)"
57.141.20.18 - - [05/May/2026:11:11:06 +0200] "GET /shopdetail/18401280 HTTP/1.1" 200 23697 "-" "meta-externalagent/1.1 (+https://developers.facebook.com/docs/sharing/webmasters/crawler)"
57.141.20.28 - - [05/May/2026:11:11:07 +0200] "GET /shopdetail/9355113 HTTP/1.1" 200 23697 "-" "meta-externalagent/1.1 (+https://developers.facebook.com/docs/sharing/webmasters/crawler)"
216.73.216.211 - - [05/May/2026:11:11:07 +0200] "GET /missmandarine.ch/learning/old/main/img/dossier.gif.sorry HTTP/1.1" 200 23697 "-" "Mozilla/5.0 AppleWebKit/537.36 (KHTML, like Gecko; compatible; ClaudeBot/1.0; +claudebot@anthropic.com)"
57.141.20.60 - - [05/May/2026:11:11:07 +0200] "GET /shopdetail/5788568 HTTP/1.1" 200 23697 "-" "meta-externalagent/1.1 (+https://developers.facebook.com/docs/sharing/webmasters/crawler)"
57.141.20.41 - - [05/May/2026:11:11:07 +0200] "GET /shopdetail/28523491 HTTP/1.1" 200 23697 "-" "meta-externalagent/1.1 (+https://developers.facebook.com/docs/sharing/webmasters/crawler)"
216.73.216.211 - - [05/May/2026:11:11:12 +0200] "GET /pics/images/d/e/h/?C=M&O=A HTTP/1.1" 200 675 "-" "Mozilla/5.0 AppleWebKit/537.36 (KHTML, like Gecko; compatible; ClaudeBot/1.0; +claudebot@anthropic.com)"
57.141.20.0 - - [05/May/2026:11:11:16 +0200] "GET /shopdetail/15157913 HTTP/1.1" 200 23697 "-" "meta-externalagent/1.1 (+https://developers.facebook.com/docs/sharing/webmasters/crawler)"
57.141.20.34 - - [05/May/2026:11:11:16 +0200] "GET /shopdetail/7719257 HTTP/1.1" 200 23697 "-" "meta-externalagent/1.1 (+https://developers.facebook.com/docs/sharing/webmasters/crawler)"
216.73.216.211 - - [05/May/2026:11:11:17 +0200] "GET /pics/images/b/f/a/?C=N&O=D HTTP/1.1" 200 675 "-" "Mozilla/5.0 AppleWebKit/537.36 (KHTML, like Gecko; compatible; ClaudeBot/1.0; +claudebot@anthropic.com)"
216.73.216.211 - - [05/May/2026:11:11:22 +0200] "GET /missmandarine.ch/learning/old/main/img/attachment.gif.sorry HTTP/1.1" 200 23697 "-" "Mozilla/5.0 AppleWebKit/537.36 (KHTML, like Gecko; compatible; ClaudeBot/1.0; +claudebot@anthropic.com)"
57.141.20.65 - - [05/May/2026:11:11:22 +0200] "GET /shopdetail/14892379 HTTP/1.1" 200 23697 "-" "meta-externalagent/1.1 (+https://developers.facebook.com/docs/sharing/webmasters/crawler)"
