216.73.216.211 - - [05/May/2026:10:57:49 +0200] "GET /learning/old/main/default_course_document/images/diagrams/pc.jpg HTTP/1.1" 200 13711 "-" "Mozilla/5.0 AppleWebKit/537.36 (KHTML, like Gecko; compatible; ClaudeBot/1.0; +claudebot@anthropic.com)"
216.73.216.211 - - [05/May/2026:10:57:50 +0200] "GET /learning/old/main/css/corporate/?C=N&O=D HTTP/1.1" 200 2136 "-" "Mozilla/5.0 AppleWebKit/537.36 (KHTML, like Gecko; compatible; ClaudeBot/1.0; +claudebot@anthropic.com)"
216.73.216.211 - - [05/May/2026:10:57:50 +0200] "GET /learning/old/main/css/corporate/?C=D&O=A HTTP/1.1" 200 2136 "-" "Mozilla/5.0 AppleWebKit/537.36 (KHTML, like Gecko; compatible; ClaudeBot/1.0; +claudebot@anthropic.com)"
51.75.119.154 - - [05/May/2026:10:57:51 +0200] "GET /missmandarine.ch/admin/?C=S;O=D HTTP/1.1" 200 1391 "-" "Mozilla/5.0 (compatible; MJ12bot/v1.4.8; http://mj12bot.com/)"
216.73.216.211 - - [05/May/2026:10:57:51 +0200] "GET /learning/old/main/css/corporate/?C=M&O=A HTTP/1.1" 200 2136 "-" "Mozilla/5.0 AppleWebKit/537.36 (KHTML, like Gecko; compatible; ClaudeBot/1.0; +claudebot@anthropic.com)"
216.73.216.211 - - [05/May/2026:10:57:51 +0200] "GET /learning/old/main/css/corporate/?C=S&O=A HTTP/1.1" 200 2136 "-" "Mozilla/5.0 AppleWebKit/537.36 (KHTML, like Gecko; compatible; ClaudeBot/1.0; +claudebot@anthropic.com)"
216.73.216.211 - - [05/May/2026:10:57:52 +0200] "GET /learning/old/main/default_course_document/images/diagrams/elearning_project.png HTTP/1.1" 200 37981 "-" "Mozilla/5.0 AppleWebKit/537.36 (KHTML, like Gecko; compatible; ClaudeBot/1.0; +claudebot@anthropic.com)"
51.75.119.154 - - [05/May/2026:10:57:52 +0200] "GET /missmandarine.ch/admin/page/?C=D;O=A HTTP/1.1" 200 5351 "-" "Mozilla/5.0 (compatible; MJ12bot/v1.4.8; http://mj12bot.com/)"
216.73.216.211 - - [05/May/2026:10:57:52 +0200] "GET /learning/old/main/css/journal/?C=N&O=D HTTP/1.1" 200 1065 "-" "Mozilla/5.0 AppleWebKit/537.36 (KHTML, like Gecko; compatible; ClaudeBot/1.0; +claudebot@anthropic.com)"
216.73.216.211 - - [05/May/2026:10:57:53 +0200] "GET /learning/old/main/css/journal/?C=D&O=A HTTP/1.1" 200 1065 "-" "Mozilla/5.0 AppleWebKit/537.36 (KHTML, like Gecko; compatible; ClaudeBot/1.0; +claudebot@anthropic.com)"
216.73.216.211 - - [05/May/2026:10:57:53 +0200] "GET /learning/old/main/css/journal/?C=M&O=A HTTP/1.1" 200 1065 "-" "Mozilla/5.0 AppleWebKit/537.36 (KHTML, like Gecko; compatible; ClaudeBot/1.0; +claudebot@anthropic.com)"
51.75.119.154 - - [05/May/2026:10:57:54 +0200] "GET /missmandarine.ch/admin/page/?C=M;O=A HTTP/1.1" 200 5351 "-" "Mozilla/5.0 (compatible; MJ12bot/v1.4.8; http://mj12bot.com/)"
216.73.216.211 - - [05/May/2026:10:57:54 +0200] "GET /learning/old/main/css/journal/?C=S&O=A HTTP/1.1" 200 1065 "-" "Mozilla/5.0 AppleWebKit/537.36 (KHTML, like Gecko; compatible; ClaudeBot/1.0; +claudebot@anthropic.com)"
216.73.216.211 - - [05/May/2026:10:57:54 +0200] "GET /learning/file/flash/1423750867/js/swfobject.js HTTP/1.1" 200 10231 "-" "Mozilla/5.0 AppleWebKit/537.36 (KHTML, like Gecko; compatible; ClaudeBot/1.0; +claudebot@anthropic.com)"
216.73.216.211 - - [05/May/2026:10:57:55 +0200] "GET /learning/old/main/css/chamilo/?C=N&O=D HTTP/1.1" 200 2132 "-" "Mozilla/5.0 AppleWebKit/537.36 (KHTML, like Gecko; compatible; ClaudeBot/1.0; +claudebot@anthropic.com)"
51.75.119.154 - - [05/May/2026:10:57:55 +0200] "GET /missmandarine.ch/admin/page/?C=N;O=D HTTP/1.1" 200 5351 "-" "Mozilla/5.0 (compatible; MJ12bot/v1.4.8; http://mj12bot.com/)"
216.73.216.211 - - [05/May/2026:10:57:55 +0200] "GET /learning/old/main/css/chamilo/?C=D&O=A HTTP/1.1" 200 2132 "-" "Mozilla/5.0 AppleWebKit/537.36 (KHTML, like Gecko; compatible; ClaudeBot/1.0; +claudebot@anthropic.com)"
216.73.216.211 - - [05/May/2026:10:57:56 +0200] "GET /learning/old/main/css/chamilo/?C=M&O=A HTTP/1.1" 200 2132 "-" "Mozilla/5.0 AppleWebKit/537.36 (KHTML, like Gecko; compatible; ClaudeBot/1.0; +claudebot@anthropic.com)"
216.73.216.211 - - [05/May/2026:10:57:56 +0200] "GET /learning/old/main/css/chamilo/?C=S&O=A HTTP/1.1" 200 2132 "-" "Mozilla/5.0 AppleWebKit/537.36 (KHTML, like Gecko; compatible; ClaudeBot/1.0; +claudebot@anthropic.com)"
51.75.119.154 - - [05/May/2026:10:57:56 +0200] "GET /missmandarine.ch/admin/page/?C=S;O=A HTTP/1.1" 200 5351 "-" "Mozilla/5.0 (compatible; MJ12bot/v1.4.8; http://mj12bot.com/)"
216.73.216.211 - - [05/May/2026:10:57:57 +0200] "GET /missmandarine.ch/js/tinymce/plugins/textcolor/plugin.min.js HTTP/1.1" 200 3800 "-" "Mozilla/5.0 AppleWebKit/537.36 (KHTML, like Gecko; compatible; ClaudeBot/1.0; +claudebot@anthropic.com)"
216.73.216.211 - - [05/May/2026:10:57:57 +0200] "GET /missmandarine.ch/js/tinymce/plugins/fullpage/plugin.min.js HTTP/1.1" 200 6291 "-" "Mozilla/5.0 AppleWebKit/537.36 (KHTML, like Gecko; compatible; ClaudeBot/1.0; +claudebot@anthropic.com)"
216.73.216.211 - - [05/May/2026:10:57:58 +0200] "GET /missmandarine.ch/js/tinymce/plugins/spellchecker/plugin.min.js HTTP/1.1" 200 9397 "-" "Mozilla/5.0 AppleWebKit/537.36 (KHTML, like Gecko; compatible; ClaudeBot/1.0; +claudebot@anthropic.com)"
51.75.119.154 - - [05/May/2026:10:57:58 +0200] "GET /missmandarine.ch/admin/page/addComite.php.sorry HTTP/1.1" 200 23697 "-" "Mozilla/5.0 (compatible; MJ12bot/v1.4.8; http://mj12bot.com/)"
216.73.216.211 - - [05/May/2026:10:57:58 +0200] "GET /js/tinymce/plugins/hr/?C=M&O=D HTTP/1.1" 200 867 "-" "Mozilla/5.0 AppleWebKit/537.36 (KHTML, like Gecko; compatible; ClaudeBot/1.0; +claudebot@anthropic.com)"
13.86.97.224 - - [05/May/2026:10:57:58 +0200] "GET / HTTP/1.1" 200 23697 "-" "Mozilla/5.0 (compatible; MSIE 9.0; Windows NT 6.1; Trident/5.0; AppInsights)"
216.73.216.211 - - [05/May/2026:10:57:59 +0200] "GET /learning/old/archive/mpdf/graph_cache/?C=S&O=D HTTP/1.1" 200 725 "-" "Mozilla/5.0 AppleWebKit/537.36 (KHTML, like Gecko; compatible; ClaudeBot/1.0; +claudebot@anthropic.com)"
57.141.20.28 - - [05/May/2026:10:57:59 +0200] "GET /shopdetail/23512579 HTTP/1.1" 200 23697 "-" "meta-externalagent/1.1 (+https://developers.facebook.com/docs/sharing/webmasters/crawler)"
216.73.216.211 - - [05/May/2026:10:57:59 +0200] "GET /missmandarine.ch/js/tinymce/plugins/spellchecker/includes/ HTTP/1.1" 200 1335 "-" "Mozilla/5.0 AppleWebKit/537.36 (KHTML, like Gecko; compatible; ClaudeBot/1.0; +claudebot@anthropic.com)"
51.75.119.154 - - [05/May/2026:10:57:59 +0200] "GET /missmandarine.ch/admin/page/addPresse.php.sorry HTTP/1.1" 200 23697 "-" "Mozilla/5.0 (compatible; MJ12bot/v1.4.8; http://mj12bot.com/)"
57.141.20.32 - - [05/May/2026:10:58:00 +0200] "GET /shopdetail/22028091 HTTP/1.1" 200 23697 "-" "meta-externalagent/1.1 (+https://developers.facebook.com/docs/sharing/webmasters/crawler)"
216.73.216.211 - - [05/May/2026:10:58:00 +0200] "GET /missmandarine.ch/js/tinymce/plugins/spellchecker/spellchecker.php HTTP/1.1" 200 43 "-" "Mozilla/5.0 AppleWebKit/537.36 (KHTML, like Gecko; compatible; ClaudeBot/1.0; +claudebot@anthropic.com)"
57.141.20.59 - - [05/May/2026:10:58:00 +0200] "GET /shopdetail/29743735 HTTP/1.1" 200 23697 "-" "meta-externalagent/1.1 (+https://developers.facebook.com/docs/sharing/webmasters/crawler)"
216.73.216.211 - - [05/May/2026:10:58:00 +0200] "GET /missmandarine.ch/learning/admin/lib/tinymce/plugins/print/plugin.min.js HTTP/1.1" 200 293 "-" "Mozilla/5.0 AppleWebKit/537.36 (KHTML, like Gecko; compatible; ClaudeBot/1.0; +claudebot@anthropic.com)"
51.75.119.154 - - [05/May/2026:10:58:01 +0200] "GET /missmandarine.ch/admin/page/addSlider.php.sorry HTTP/1.1" 200 23697 "-" "Mozilla/5.0 (compatible; MJ12bot/v1.4.8; http://mj12bot.com/)"
216.73.216.211 - - [05/May/2026:10:58:01 +0200] "GET /learning/file/flash/1423750867/js/SCORM_API_wrapper.js HTTP/1.1" 200 23697 "-" "Mozilla/5.0 AppleWebKit/537.36 (KHTML, like Gecko; compatible; ClaudeBot/1.0; +claudebot@anthropic.com)"
57.141.20.27 - - [05/May/2026:10:58:01 +0200] "GET /shopdetail/2153057 HTTP/1.1" 200 23697 "-" "meta-externalagent/1.1 (+https://developers.facebook.com/docs/sharing/webmasters/crawler)"
216.73.216.211 - - [05/May/2026:10:58:01 +0200] "GET /learning/old/main/css/corporate/images/ HTTP/1.1" 200 44 "-" "Mozilla/5.0 AppleWebKit/537.36 (KHTML, like Gecko; compatible; ClaudeBot/1.0; +claudebot@anthropic.com)"
216.73.216.211 - - [05/May/2026:10:58:02 +0200] "GET /learning/old/main/css/corporate/scormfs.css HTTP/1.1" 200 1417 "-" "Mozilla/5.0 AppleWebKit/537.36 (KHTML, like Gecko; compatible; ClaudeBot/1.0; +claudebot@anthropic.com)"
51.75.119.154 - - [05/May/2026:10:58:02 +0200] "GET /missmandarine.ch/admin/page/addTemoignage.php.sorry HTTP/1.1" 200 23697 "-" "Mozilla/5.0 (compatible; MJ12bot/v1.4.8; http://mj12bot.com/)"
216.73.216.211 - - [05/May/2026:10:58:02 +0200] "GET /learning/old/main/css/chamilo/images/ HTTP/1.1" 200 10564 "-" "Mozilla/5.0 AppleWebKit/537.36 (KHTML, like Gecko; compatible; ClaudeBot/1.0; +claudebot@anthropic.com)"
216.73.216.211 - - [05/May/2026:10:58:03 +0200] "GET /learning/old/main/css/corporate/scorm.css HTTP/1.1" 200 2709 "-" "Mozilla/5.0 AppleWebKit/537.36 (KHTML, like Gecko; compatible; ClaudeBot/1.0; +claudebot@anthropic.com)"
74.7.227.25 - - [05/May/2026:10:58:03 +0200] "GET /learning/ALFA_DATA/alfasymlink/root/sys/devices/pci0000:00/firmware_node/device:ad/wakeup/wakeup14/subsystem/wakeup23/active_time_ms HTTP/1.1" 200 4096 "https://missmandarine.com/learning/ALFA_DATA/alfasymlink/root/sys/devices/pci0000:00/firmware_node/device:ad/wakeup/wakeup14/subsystem/wakeup23/" "Mozilla/5.0 AppleWebKit/537.36 (KHTML, like Gecko; compatible; GPTBot/1.3; +https://openai.com/gptbot)"
216.73.216.211 - - [05/May/2026:10:58:03 +0200] "GET /learning/admin/utilisateur/addUtilisateur.php HTTP/1.1" 302 - "-" "Mozilla/5.0 AppleWebKit/537.36 (KHTML, like Gecko; compatible; ClaudeBot/1.0; +claudebot@anthropic.com)"
51.75.119.154 - - [05/May/2026:10:58:04 +0200] "GET /missmandarine.ch/admin/page/deleteComite.php.sorry HTTP/1.1" 200 23697 "-" "Mozilla/5.0 (compatible; MJ12bot/v1.4.8; http://mj12bot.com/)"
216.73.216.211 - - [05/May/2026:10:58:04 +0200] "GET /learning/admin/admin.php HTTP/1.1" 302 2038 "https://missmandarine.com/learning/admin/utilisateur/addUtilisateur.php" "Mozilla/5.0 AppleWebKit/537.36 (KHTML, like Gecko; compatible; ClaudeBot/1.0; +claudebot@anthropic.com)"
216.73.216.211 - - [05/May/2026:10:58:04 +0200] "GET /learning/admin/deco.php HTTP/1.1" 302 - "https://www.missmandarine.com/learning/admin/admin.php" "Mozilla/5.0 AppleWebKit/537.36 (KHTML, like Gecko; compatible; ClaudeBot/1.0; +claudebot@anthropic.com)"
57.141.20.59 - - [05/May/2026:10:58:05 +0200] "GET /shopdetail/6253046 HTTP/1.1" 200 23697 "-" "meta-externalagent/1.1 (+https://developers.facebook.com/docs/sharing/webmasters/crawler)"
57.141.20.34 - - [05/May/2026:10:58:05 +0200] "GET /shopdetail/20567057 HTTP/1.1" 200 23697 "-" "meta-externalagent/1.1 (+https://developers.facebook.com/docs/sharing/webmasters/crawler)"
216.73.216.211 - - [05/May/2026:10:58:05 +0200] "GET /learning/admin/index.php HTTP/1.1" 200 1625 "https://www.missmandarine.com/learning/admin/deco.php" "Mozilla/5.0 AppleWebKit/537.36 (KHTML, like Gecko; compatible; ClaudeBot/1.0; +claudebot@anthropic.com)"
57.141.20.17 - - [05/May/2026:10:58:05 +0200] "GET /shopdetail/19133980 HTTP/1.1" 200 23697 "-" "meta-externalagent/1.1 (+https://developers.facebook.com/docs/sharing/webmasters/crawler)"
51.75.119.154 - - [05/May/2026:10:58:05 +0200] "GET /missmandarine.ch/admin/page/deletePresse.php.sorry HTTP/1.1" 200 23697 "-" "Mozilla/5.0 (compatible; MJ12bot/v1.4.8; http://mj12bot.com/)"
57.141.20.51 - - [05/May/2026:10:58:05 +0200] "GET /shopdetail/15961591 HTTP/1.1" 200 23697 "-" "meta-externalagent/1.1 (+https://developers.facebook.com/docs/sharing/webmasters/crawler)"
216.73.216.211 - - [05/May/2026:10:58:05 +0200] "GET /learning/old/main/css/corporate/print.css HTTP/1.1" 200 18797 "-" "Mozilla/5.0 AppleWebKit/537.36 (KHTML, like Gecko; compatible; ClaudeBot/1.0; +claudebot@anthropic.com)"
57.141.20.55 - - [05/May/2026:10:58:06 +0200] "GET /shopdetail/19599179 HTTP/1.1" 200 23697 "-" "meta-externalagent/1.1 (+https://developers.facebook.com/docs/sharing/webmasters/crawler)"
216.73.216.211 - - [05/May/2026:10:58:06 +0200] "GET /learning/admin/utilisateur/editUtilisateur.php HTTP/1.1" 302 - "-" "Mozilla/5.0 AppleWebKit/537.36 (KHTML, like Gecko; compatible; ClaudeBot/1.0; +claudebot@anthropic.com)"
216.73.216.211 - - [05/May/2026:10:58:06 +0200] "GET /learning/admin/admin.php HTTP/1.1" 302 2030 "https://missmandarine.com/learning/admin/utilisateur/editUtilisateur.php" "Mozilla/5.0 AppleWebKit/537.36 (KHTML, like Gecko; compatible; ClaudeBot/1.0; +claudebot@anthropic.com)"
51.75.119.154 - - [05/May/2026:10:58:06 +0200] "GET /missmandarine.ch/admin/page/deleteSlider.php.sorry HTTP/1.1" 200 23697 "-" "Mozilla/5.0 (compatible; MJ12bot/v1.4.8; http://mj12bot.com/)"
216.73.216.211 - - [05/May/2026:10:58:06 +0200] "GET /learning/admin/deco.php HTTP/1.1" 302 - "https://www.missmandarine.com/learning/admin/admin.php" "Mozilla/5.0 AppleWebKit/537.36 (KHTML, like Gecko; compatible; ClaudeBot/1.0; +claudebot@anthropic.com)"
216.73.216.211 - - [05/May/2026:10:58:07 +0200] "GET /learning/admin/index.php HTTP/1.1" 200 1625 "https://www.missmandarine.com/learning/admin/deco.php" "Mozilla/5.0 AppleWebKit/537.36 (KHTML, like Gecko; compatible; ClaudeBot/1.0; +claudebot@anthropic.com)"
216.73.216.211 - - [05/May/2026:10:58:08 +0200] "GET /learning/admin/utilisateur/managerUtilisateur.php HTTP/1.1" 302 - "-" "Mozilla/5.0 AppleWebKit/537.36 (KHTML, like Gecko; compatible; ClaudeBot/1.0; +claudebot@anthropic.com)"
216.73.216.211 - - [05/May/2026:10:58:08 +0200] "GET /learning/admin/admin.php HTTP/1.1" 302 2030 "https://missmandarine.com/learning/admin/utilisateur/managerUtilisateur.php" "Mozilla/5.0 AppleWebKit/537.36 (KHTML, like Gecko; compatible; ClaudeBot/1.0; +claudebot@anthropic.com)"
51.75.119.154 - - [05/May/2026:10:58:08 +0200] "GET /missmandarine.ch/admin/page/deleteTemoignage.php.sorry HTTP/1.1" 200 23697 "-" "Mozilla/5.0 (compatible; MJ12bot/v1.4.8; http://mj12bot.com/)"
216.73.216.211 - - [05/May/2026:10:58:08 +0200] "GET /learning/admin/deco.php HTTP/1.1" 302 - "https://www.missmandarine.com/learning/admin/admin.php" "Mozilla/5.0 AppleWebKit/537.36 (KHTML, like Gecko; compatible; ClaudeBot/1.0; +claudebot@anthropic.com)"
216.73.216.211 - - [05/May/2026:10:58:09 +0200] "GET /learning/admin/index.php HTTP/1.1" 200 1625 "https://www.missmandarine.com/learning/admin/deco.php" "Mozilla/5.0 AppleWebKit/537.36 (KHTML, like Gecko; compatible; ClaudeBot/1.0; +claudebot@anthropic.com)"
216.73.216.211 - - [05/May/2026:10:58:09 +0200] "GET /learning/old/main/css/chamilo/scormfs.css HTTP/1.1" 200 1305 "-" "Mozilla/5.0 AppleWebKit/537.36 (KHTML, like Gecko; compatible; ClaudeBot/1.0; +claudebot@anthropic.com)"
216.73.216.211 - - [05/May/2026:10:58:09 +0200] "GET /learning/old/main/css/chamilo/scorm.css HTTP/1.1" 200 5293 "-" "Mozilla/5.0 AppleWebKit/537.36 (KHTML, like Gecko; compatible; ClaudeBot/1.0; +claudebot@anthropic.com)"
51.75.119.154 - - [05/May/2026:10:58:10 +0200] "GET /missmandarine.ch/admin/page/editAccueil.php.sorry HTTP/1.1" 200 23697 "-" "Mozilla/5.0 (compatible; MJ12bot/v1.4.8; http://mj12bot.com/)"
216.73.216.211 - - [05/May/2026:10:58:10 +0200] "GET /learning/admin/utilisateur/suivi.php HTTP/1.1" 302 - "-" "Mozilla/5.0 AppleWebKit/537.36 (KHTML, like Gecko; compatible; ClaudeBot/1.0; +claudebot@anthropic.com)"
216.73.216.211 - - [05/May/2026:10:58:10 +0200] "GET /learning/admin/admin.php HTTP/1.1" 302 2030 "https://missmandarine.com/learning/admin/utilisateur/suivi.php" "Mozilla/5.0 AppleWebKit/537.36 (KHTML, like Gecko; compatible; ClaudeBot/1.0; +claudebot@anthropic.com)"
216.73.216.211 - - [05/May/2026:10:58:10 +0200] "GET /learning/admin/deco.php HTTP/1.1" 302 - "https://www.missmandarine.com/learning/admin/admin.php" "Mozilla/5.0 AppleWebKit/537.36 (KHTML, like Gecko; compatible; ClaudeBot/1.0; +claudebot@anthropic.com)"
216.73.216.211 - - [05/May/2026:10:58:11 +0200] "GET /learning/admin/index.php HTTP/1.1" 200 1625 "https://www.missmandarine.com/learning/admin/deco.php" "Mozilla/5.0 AppleWebKit/537.36 (KHTML, like Gecko; compatible; ClaudeBot/1.0; +claudebot@anthropic.com)"
51.75.119.154 - - [05/May/2026:10:58:11 +0200] "GET /missmandarine.ch/admin/page/editComite.php.sorry HTTP/1.1" 200 23697 "-" "Mozilla/5.0 (compatible; MJ12bot/v1.4.8; http://mj12bot.com/)"
216.73.216.211 - - [05/May/2026:10:58:12 +0200] "GET /learning/admin/utilisateur/cropAvatar.php HTTP/1.1" 302 - "-" "Mozilla/5.0 AppleWebKit/537.36 (KHTML, like Gecko; compatible; ClaudeBot/1.0; +claudebot@anthropic.com)"
216.73.216.211 - - [05/May/2026:10:58:12 +0200] "GET /learning/admin/utilisateur/managerUtilisateur.php HTTP/1.1" 302 - "https://missmandarine.com/learning/admin/utilisateur/cropAvatar.php" "Mozilla/5.0 AppleWebKit/537.36 (KHTML, like Gecko; compatible; ClaudeBot/1.0; +claudebot@anthropic.com)"
216.73.216.211 - - [05/May/2026:10:58:12 +0200] "GET /learning/admin/admin.php HTTP/1.1" 302 2030 "https://missmandarine.com/learning/admin/utilisateur/managerUtilisateur.php" "Mozilla/5.0 AppleWebKit/537.36 (KHTML, like Gecko; compatible; ClaudeBot/1.0; +claudebot@anthropic.com)"
51.75.119.154 - - [05/May/2026:10:58:12 +0200] "GET /missmandarine.ch/admin/page/editPresentation.php.sorry HTTP/1.1" 200 23697 "-" "Mozilla/5.0 (compatible; MJ12bot/v1.4.8; http://mj12bot.com/)"
216.73.216.211 - - [05/May/2026:10:58:13 +0200] "GET /learning/admin/deco.php HTTP/1.1" 302 - "https://www.missmandarine.com/learning/admin/admin.php" "Mozilla/5.0 AppleWebKit/537.36 (KHTML, like Gecko; compatible; ClaudeBot/1.0; +claudebot@anthropic.com)"
216.73.216.211 - - [05/May/2026:10:58:13 +0200] "GET /learning/admin/index.php HTTP/1.1" 200 1625 "https://www.missmandarine.com/learning/admin/deco.php" "Mozilla/5.0 AppleWebKit/537.36 (KHTML, like Gecko; compatible; ClaudeBot/1.0; +claudebot@anthropic.com)"
216.73.216.211 - - [05/May/2026:10:58:14 +0200] "GET /learning/old/main/css/chamilo/print.css HTTP/1.1" 200 19249 "-" "Mozilla/5.0 AppleWebKit/537.36 (KHTML, like Gecko; compatible; ClaudeBot/1.0; +claudebot@anthropic.com)"
51.75.119.154 - - [05/May/2026:10:58:14 +0200] "GET /missmandarine.ch/admin/page/editPresse.php.sorry HTTP/1.1" 200 23697 "-" "Mozilla/5.0 (compatible; MJ12bot/v1.4.8; http://mj12bot.com/)"
216.73.216.211 - - [05/May/2026:10:58:14 +0200] "GET /learning/old/main/css/corporate/frames.css HTTP/1.1" 200 21445 "-" "Mozilla/5.0 AppleWebKit/537.36 (KHTML, like Gecko; compatible; ClaudeBot/1.0; +claudebot@anthropic.com)"
57.141.20.13 - - [05/May/2026:10:58:15 +0200] "GET /shopdetail/5996246 HTTP/1.1" 200 23697 "-" "meta-externalagent/1.1 (+https://developers.facebook.com/docs/sharing/webmasters/crawler)"
57.141.20.37 - - [05/May/2026:10:58:15 +0200] "GET /shopdetail/11897980 HTTP/1.1" 200 23697 "-" "meta-externalagent/1.1 (+https://developers.facebook.com/docs/sharing/webmasters/crawler)"
216.73.216.211 - - [05/May/2026:10:58:15 +0200] "GET /learning/admin/utilisateur/editPasse.php HTTP/1.1" 302 - "-" "Mozilla/5.0 AppleWebKit/537.36 (KHTML, like Gecko; compatible; ClaudeBot/1.0; +claudebot@anthropic.com)"
216.73.216.211 - - [05/May/2026:10:58:15 +0200] "GET /learning/admin/admin.php HTTP/1.1" 302 2030 "https://missmandarine.com/learning/admin/utilisateur/editPasse.php" "Mozilla/5.0 AppleWebKit/537.36 (KHTML, like Gecko; compatible; ClaudeBot/1.0; +claudebot@anthropic.com)"
51.75.119.154 - - [05/May/2026:10:58:15 +0200] "GET /missmandarine.ch/admin/page/editSlider.php.sorry HTTP/1.1" 200 23697 "-" "Mozilla/5.0 (compatible; MJ12bot/v1.4.8; http://mj12bot.com/)"
216.73.216.211 - - [05/May/2026:10:58:17 +0200] "GET /learning/admin/deco.php HTTP/1.1" 302 - "https://www.missmandarine.com/learning/admin/admin.php" "Mozilla/5.0 AppleWebKit/537.36 (KHTML, like Gecko; compatible; ClaudeBot/1.0; +claudebot@anthropic.com)"
51.75.119.154 - - [05/May/2026:10:58:17 +0200] "GET /missmandarine.ch/admin/page/editTemoignage.php.sorry HTTP/1.1" 200 23697 "-" "Mozilla/5.0 (compatible; MJ12bot/v1.4.8; http://mj12bot.com/)"
216.73.216.211 - - [05/May/2026:10:58:17 +0200] "GET /learning/admin/index.php HTTP/1.1" 200 1625 "https://www.missmandarine.com/learning/admin/deco.php" "Mozilla/5.0 AppleWebKit/537.36 (KHTML, like Gecko; compatible; ClaudeBot/1.0; +claudebot@anthropic.com)"
216.73.216.211 - - [05/May/2026:10:58:18 +0200] "GET /learning/admin/utilisateur/publier.php HTTP/1.1" 302 18 "-" "Mozilla/5.0 AppleWebKit/537.36 (KHTML, like Gecko; compatible; ClaudeBot/1.0; +claudebot@anthropic.com)"
216.73.216.211 - - [05/May/2026:10:58:18 +0200] "GET /learning/admin/deco.php HTTP/1.1" 302 - "https://missmandarine.com/learning/admin/utilisateur/publier.php" "Mozilla/5.0 AppleWebKit/537.36 (KHTML, like Gecko; compatible; ClaudeBot/1.0; +claudebot@anthropic.com)"
216.73.216.211 - - [05/May/2026:10:58:18 +0200] "GET /learning/admin/index.php HTTP/1.1" 200 1625 "https://www.missmandarine.com/learning/admin/deco.php" "Mozilla/5.0 AppleWebKit/537.36 (KHTML, like Gecko; compatible; ClaudeBot/1.0; +claudebot@anthropic.com)"
51.75.119.154 - - [05/May/2026:10:58:19 +0200] "GET /missmandarine.ch/admin/page/managerComite.php.sorry HTTP/1.1" 200 23697 "-" "Mozilla/5.0 (compatible; MJ12bot/v1.4.8; http://mj12bot.com/)"
216.73.216.211 - - [05/May/2026:10:58:19 +0200] "GET /learning/old/main/css/journal/bootstrap.css HTTP/1.1" 200 105179 "-" "Mozilla/5.0 AppleWebKit/537.36 (KHTML, like Gecko; compatible; ClaudeBot/1.0; +claudebot@anthropic.com)"
216.73.216.211 - - [05/May/2026:10:58:20 +0200] "GET /learning/old/main/css/corporate/default.css HTTP/1.1" 200 39654 "-" "Mozilla/5.0 AppleWebKit/537.36 (KHTML, like Gecko; compatible; ClaudeBot/1.0; +claudebot@anthropic.com)"
51.75.119.154 - - [05/May/2026:10:58:20 +0200] "GET /missmandarine.ch/admin/page/managerPresse.php.sorry HTTP/1.1" 200 23697 "-" "Mozilla/5.0 (compatible; MJ12bot/v1.4.8; http://mj12bot.com/)"
216.73.216.211 - - [05/May/2026:10:58:20 +0200] "GET /learning/old/main/css/chamilo/frames.css HTTP/1.1" 200 19845 "-" "Mozilla/5.0 AppleWebKit/537.36 (KHTML, like Gecko; compatible; ClaudeBot/1.0; +claudebot@anthropic.com)"
216.73.216.211 - - [05/May/2026:10:58:21 +0200] "GET /js/tinymce/plugins/hr/plugin.min.js HTTP/1.1" 200 322 "-" "Mozilla/5.0 AppleWebKit/537.36 (KHTML, like Gecko; compatible; ClaudeBot/1.0; +claudebot@anthropic.com)"
216.73.216.211 - - [05/May/2026:10:58:21 +0200] "GET /learning/old/main/css/journal/default.css HTTP/1.1" 200 172 "-" "Mozilla/5.0 AppleWebKit/537.36 (KHTML, like Gecko; compatible; ClaudeBot/1.0; +claudebot@anthropic.com)"
51.75.119.154 - - [05/May/2026:10:58:21 +0200] "GET /missmandarine.ch/admin/page/managerSlider.php.sorry HTTP/1.1" 200 23697 "-" "Mozilla/5.0 (compatible; MJ12bot/v1.4.8; http://mj12bot.com/)"
216.73.216.211 - - [05/May/2026:10:58:22 +0200] "GET /learning/old/main/css/corporate/learnpath.css HTTP/1.1" 200 3399 "-" "Mozilla/5.0 AppleWebKit/537.36 (KHTML, like Gecko; compatible; ClaudeBot/1.0; +claudebot@anthropic.com)"
216.73.216.211 - - [05/May/2026:10:58:22 +0200] "GET /learning/old/main/css/chamilo/default.css HTTP/1.1" 200 4768 "-" "Mozilla/5.0 AppleWebKit/537.36 (KHTML, like Gecko; compatible; ClaudeBot/1.0; +claudebot@anthropic.com)"
51.75.119.154 - - [05/May/2026:10:58:23 +0200] "GET /missmandarine.ch/admin/page/managerTemoignage.php.sorry HTTP/1.1" 200 23697 "-" "Mozilla/5.0 (compatible; MJ12bot/v1.4.8; http://mj12bot.com/)"
216.73.216.211 - - [05/May/2026:10:58:23 +0200] "GET /learning/old/main/css/corporate/dataTable.css HTTP/1.1" 200 9758 "-" "Mozilla/5.0 AppleWebKit/537.36 (KHTML, like Gecko; compatible; ClaudeBot/1.0; +claudebot@anthropic.com)"
216.73.216.211 - - [05/May/2026:10:58:23 +0200] "GET /learning/old/main/css/chamilo/learnpath.css HTTP/1.1" 200 3623 "-" "Mozilla/5.0 AppleWebKit/537.36 (KHTML, like Gecko; compatible; ClaudeBot/1.0; +claudebot@anthropic.com)"
216.73.216.211 - - [05/May/2026:10:58:24 +0200] "GET /learning/old/main/css/chamilo/dataTable.css HTTP/1.1" 200 9758 "-" "Mozilla/5.0 AppleWebKit/537.36 (KHTML, like Gecko; compatible; ClaudeBot/1.0; +claudebot@anthropic.com)"
51.75.119.154 - - [05/May/2026:10:58:24 +0200] "GET /missmandarine.ch/admin/page/publicationComite.php.sorry HTTP/1.1" 200 23697 "-" "Mozilla/5.0 (compatible; MJ12bot/v1.4.8; http://mj12bot.com/)"
216.73.216.211 - - [05/May/2026:10:58:24 +0200] "GET /js/tinymce/plugins/imagetools/plugin.min.js HTTP/1.1" 200 24870 "-" "Mozilla/5.0 AppleWebKit/537.36 (KHTML, like Gecko; compatible; ClaudeBot/1.0; +claudebot@anthropic.com)"
216.73.216.211 - - [05/May/2026:10:58:25 +0200] "GET /missmandarine.ch/learning/admin/lib/tinymce/plugins/visualblocks/css/visualblocks.css HTTP/1.1" 200 4824 "-" "Mozilla/5.0 AppleWebKit/537.36 (KHTML, like Gecko; compatible; ClaudeBot/1.0; +claudebot@anthropic.com)"
57.141.20.8 - - [05/May/2026:10:58:25 +0200] "GET /shopdetail/28195546 HTTP/1.1" 200 23697 "-" "meta-externalagent/1.1 (+https://developers.facebook.com/docs/sharing/webmasters/crawler)"
216.73.216.211 - - [05/May/2026:10:58:26 +0200] "GET /missmandarine.ch/admin/img/layout/logo.png HTTP/1.1" 200 22977 "-" "Mozilla/5.0 AppleWebKit/537.36 (KHTML, like Gecko; compatible; ClaudeBot/1.0; +claudebot@anthropic.com)"
51.75.119.154 - - [05/May/2026:10:58:26 +0200] "GET /missmandarine.ch/admin/page/publicationPresse.php.sorry HTTP/1.1" 200 23697 "-" "Mozilla/5.0 (compatible; MJ12bot/v1.4.8; http://mj12bot.com/)"
216.73.216.211 - - [05/May/2026:10:58:26 +0200] "GET /missmandarine.ch/learning/img/compte/background.jpg HTTP/1.1" 200 42703 "-" "Mozilla/5.0 AppleWebKit/537.36 (KHTML, like Gecko; compatible; ClaudeBot/1.0; +claudebot@anthropic.com)"
216.73.216.211 - - [05/May/2026:10:58:27 +0200] "GET /missmandarine.ch/learning/old/plugin/search_course/lang/english.php HTTP/1.1" 200 - "-" "Mozilla/5.0 AppleWebKit/537.36 (KHTML, like Gecko; compatible; ClaudeBot/1.0; +claudebot@anthropic.com)"
51.75.119.154 - - [05/May/2026:10:58:27 +0200] "GET /missmandarine.ch/admin/page/publicationSlider.php.sorry HTTP/1.1" 200 23697 "-" "Mozilla/5.0 (compatible; MJ12bot/v1.4.8; http://mj12bot.com/)"
216.73.216.211 - - [05/May/2026:10:58:27 +0200] "GET /missmandarine.ch/js/tinymce/plugins/noneditable/plugin.min.js HTTP/1.1" 200 5604 "-" "Mozilla/5.0 AppleWebKit/537.36 (KHTML, like Gecko; compatible; ClaudeBot/1.0; +claudebot@anthropic.com)"
216.73.216.211 - - [05/May/2026:10:58:28 +0200] "GET /missmandarine.ch/js/tinymce/plugins/autolink/plugin.min.js HTTP/1.1" 200 1856 "-" "Mozilla/5.0 AppleWebKit/537.36 (KHTML, like Gecko; compatible; ClaudeBot/1.0; +claudebot@anthropic.com)"
216.73.216.211 - - [05/May/2026:10:58:26 +0200] "GET /missmandarine.ch/learning/old/main/default_course_document/video/painting.mpg HTTP/1.1" 200 2353702 "-" "Mozilla/5.0 AppleWebKit/537.36 (KHTML, like Gecko; compatible; ClaudeBot/1.0; +claudebot@anthropic.com)"
216.73.216.211 - - [05/May/2026:10:58:28 +0200] "GET /missmandarine.ch/learning/old/plugin/search_course/lang/french.php HTTP/1.1" 200 - "-" "Mozilla/5.0 AppleWebKit/537.36 (KHTML, like Gecko; compatible; ClaudeBot/1.0; +claudebot@anthropic.com)"
51.75.119.154 - - [05/May/2026:10:58:29 +0200] "GET /missmandarine.ch/admin/page/publicationTemoignage.php.sorry HTTP/1.1" 200 23697 "-" "Mozilla/5.0 (compatible; MJ12bot/v1.4.8; http://mj12bot.com/)"
216.73.216.211 - - [05/May/2026:10:58:29 +0200] "GET /missmandarine.ch/vendor/autoload.php HTTP/1.1" 200 - "-" "Mozilla/5.0 AppleWebKit/537.36 (KHTML, like Gecko; compatible; ClaudeBot/1.0; +claudebot@anthropic.com)"
216.73.216.211 - - [05/May/2026:10:58:29 +0200] "GET /admin/utilisateur/addUtilisateur.php HTTP/1.1" 403 - "-" "Mozilla/5.0 AppleWebKit/537.36 (KHTML, like Gecko; compatible; ClaudeBot/1.0; +claudebot@anthropic.com)"
57.141.20.43 - - [05/May/2026:10:58:30 +0200] "GET /shopdetail/24406024 HTTP/1.1" 200 23697 "-" "meta-externalagent/1.1 (+https://developers.facebook.com/docs/sharing/webmasters/crawler)"
216.73.216.211 - - [05/May/2026:10:58:30 +0200] "GET /admin/utilisateur/editUtilisateur.php HTTP/1.1" 302 - "-" "Mozilla/5.0 AppleWebKit/537.36 (KHTML, like Gecko; compatible; ClaudeBot/1.0; +claudebot@anthropic.com)"
57.141.20.63 - - [05/May/2026:10:58:30 +0200] "GET /shopdetail/31212691 HTTP/1.1" 200 23697 "-" "meta-externalagent/1.1 (+https://developers.facebook.com/docs/sharing/webmasters/crawler)"
51.75.119.154 - - [05/May/2026:10:58:30 +0200] "GET /missmandarine.ch/admin/page/updatePoidPresse.php.sorry HTTP/1.1" 200 23697 "-" "Mozilla/5.0 (compatible; MJ12bot/v1.4.8; http://mj12bot.com/)"
216.73.216.211 - - [05/May/2026:10:58:30 +0200] "GET /admin/ HTTP/1.1" 200 1405 "https://www.missmandarine.com/admin/utilisateur/editUtilisateur.php" "Mozilla/5.0 AppleWebKit/537.36 (KHTML, like Gecko; compatible; ClaudeBot/1.0; +claudebot@anthropic.com)"
216.73.216.211 - - [05/May/2026:10:58:31 +0200] "GET /admin/utilisateur/managerUtilisateur.php HTTP/1.1" 403 - "-" "Mozilla/5.0 AppleWebKit/537.36 (KHTML, like Gecko; compatible; ClaudeBot/1.0; +claudebot@anthropic.com)"
57.141.20.31 - - [05/May/2026:10:58:31 +0200] "GET /shopdetail/2800946 HTTP/1.1" 200 23697 "-" "meta-externalagent/1.1 (+https://developers.facebook.com/docs/sharing/webmasters/crawler)"
57.141.20.70 - - [05/May/2026:10:58:31 +0200] "GET /shopdetail/22007480 HTTP/1.1" 200 23697 "-" "meta-externalagent/1.1 (+https://developers.facebook.com/docs/sharing/webmasters/crawler)"
216.73.216.211 - - [05/May/2026:10:58:32 +0200] "GET /admin/utilisateur/publication.php HTTP/1.1" 200 18 "-" "Mozilla/5.0 AppleWebKit/537.36 (KHTML, like Gecko; compatible; ClaudeBot/1.0; +claudebot@anthropic.com)"
216.73.216.211 - - [05/May/2026:10:58:32 +0200] "GET /admin/utilisateur/editPasse.php HTTP/1.1" 302 - "-" "Mozilla/5.0 AppleWebKit/537.36 (KHTML, like Gecko; compatible; ClaudeBot/1.0; +claudebot@anthropic.com)"
51.75.119.154 - - [05/May/2026:10:58:32 +0200] "GET /missmandarine.ch/admin/page/updatePoidSlider.php.sorry HTTP/1.1" 200 23697 "-" "Mozilla/5.0 (compatible; MJ12bot/v1.4.8; http://mj12bot.com/)"
216.73.216.211 - - [05/May/2026:10:58:32 +0200] "GET /admin/ HTTP/1.1" 200 1405 "https://www.missmandarine.com/admin/utilisateur/editPasse.php" "Mozilla/5.0 AppleWebKit/537.36 (KHTML, like Gecko; compatible; ClaudeBot/1.0; +claudebot@anthropic.com)"
216.73.216.211 - - [05/May/2026:10:58:33 +0200] "GET /js/tinymce/plugins/save/plugin.min.js HTTP/1.1" 200 1163 "-" "Mozilla/5.0 AppleWebKit/537.36 (KHTML, like Gecko; compatible; ClaudeBot/1.0; +claudebot@anthropic.com)"
51.75.119.154 - - [05/May/2026:10:58:33 +0200] "GET /missmandarine.ch/admin/page/updatePoidTemoignage.php.sorry HTTP/1.1" 200 23697 "-" "Mozilla/5.0 (compatible; MJ12bot/v1.4.8; http://mj12bot.com/)"
216.73.216.211 - - [05/May/2026:10:58:34 +0200] "GET /missmandarine.ch/learning/old/custompages/first_login.php.sorry HTTP/1.1" 200 23697 "-" "Mozilla/5.0 AppleWebKit/537.36 (KHTML, like Gecko; compatible; ClaudeBot/1.0; +claudebot@anthropic.com)"
216.73.216.211 - - [05/May/2026:10:58:34 +0200] "GET /learning/old/main/img/on.png.sorry HTTP/1.1" 200 23697 "-" "Mozilla/5.0 AppleWebKit/537.36 (KHTML, like Gecko; compatible; ClaudeBot/1.0; +claudebot@anthropic.com)"
216.73.216.211 - - [05/May/2026:10:58:35 +0200] "GET /missmandarine.ch/learning/old/custompages/lostpassword.php.sorry HTTP/1.1" 200 23697 "-" "Mozilla/5.0 AppleWebKit/537.36 (KHTML, like Gecko; compatible; ClaudeBot/1.0; +claudebot@anthropic.com)"
51.75.119.154 - - [05/May/2026:10:58:35 +0200] "GET /missmandarine.ch/learning/?C=D;O=D HTTP/1.1" 200 2875 "-" "Mozilla/5.0 (compatible; MJ12bot/v1.4.8; http://mj12bot.com/)"
216.73.216.211 - - [05/May/2026:10:58:35 +0200] "GET /missmandarine.ch/learning/old/whoisonlinesession.php.sorry HTTP/1.1" 200 23697 "-" "Mozilla/5.0 AppleWebKit/537.36 (KHTML, like Gecko; compatible; ClaudeBot/1.0; +claudebot@anthropic.com)"
20.40.129.96 - - [05/May/2026:10:58:35 +0200] "GET / HTTP/1.1" 200 23697 "-" "Mozilla/5.0 (compatible; MSIE 9.0; Windows NT 6.1; Trident/5.0; AppInsights)"
216.73.216.211 - - [05/May/2026:10:58:36 +0200] "GET /learning/old/main/img/group_add.gif.sorry HTTP/1.1" 200 23697 "-" "Mozilla/5.0 AppleWebKit/537.36 (KHTML, like Gecko; compatible; ClaudeBot/1.0; +claudebot@anthropic.com)"
216.73.216.211 - - [05/May/2026:10:58:36 +0200] "GET /learning/old/main/lang/bengali/trad4all.inc.php.sorry HTTP/1.1" 200 23697 "-" "Mozilla/5.0 AppleWebKit/537.36 (KHTML, like Gecko; compatible; ClaudeBot/1.0; +claudebot@anthropic.com)"
51.75.119.154 - - [05/May/2026:10:58:36 +0200] "GET /missmandarine.ch/learning/?C=M;O=D HTTP/1.1" 200 2875 "-" "Mozilla/5.0 (compatible; MJ12bot/v1.4.8; http://mj12bot.com/)"
216.73.216.211 - - [05/May/2026:10:58:37 +0200] "GET /learning/old/main/template/?C=D&O=A HTTP/1.1" 200 1052 "-" "Mozilla/5.0 AppleWebKit/537.36 (KHTML, like Gecko; compatible; ClaudeBot/1.0; +claudebot@anthropic.com)"
216.73.216.211 - - [05/May/2026:10:58:37 +0200] "GET /missmandarine.ch/learning/old/main/exercice/exercise.class.php.sorry HTTP/1.1" 200 23697 "-" "Mozilla/5.0 AppleWebKit/537.36 (KHTML, like Gecko; compatible; ClaudeBot/1.0; +claudebot@anthropic.com)"
216.73.216.211 - - [05/May/2026:10:58:38 +0200] "GET /learning/old/main/administration/?C=N&O=A HTTP/1.1" 500 - "-" "Mozilla/5.0 AppleWebKit/537.36 (KHTML, like Gecko; compatible; ClaudeBot/1.0; +claudebot@anthropic.com)"
51.75.119.154 - - [05/May/2026:10:58:38 +0200] "GET /missmandarine.ch/learning/?C=S;O=D HTTP/1.1" 200 2875 "-" "Mozilla/5.0 (compatible; MJ12bot/v1.4.8; http://mj12bot.com/)"
216.73.216.211 - - [05/May/2026:10:58:38 +0200] "GET /learning/old/main/lang/italian/resourcelinker.inc.php.sorry HTTP/1.1" 200 23697 "-" "Mozilla/5.0 AppleWebKit/537.36 (KHTML, like Gecko; compatible; ClaudeBot/1.0; +claudebot@anthropic.com)"
216.73.216.211 - - [05/May/2026:10:58:39 +0200] "GET /learning/old/main/dropbox/?C=D&O=A HTTP/1.1" 500 - "-" "Mozilla/5.0 AppleWebKit/537.36 (KHTML, like Gecko; compatible; ClaudeBot/1.0; +claudebot@anthropic.com)"
51.75.119.154 - - [05/May/2026:10:58:39 +0200] "GET /missmandarine.ch/learning/admin/?C=D;O=A HTTP/1.1" 200 61 "-" "Mozilla/5.0 (compatible; MJ12bot/v1.4.8; http://mj12bot.com/)"
216.73.216.211 - - [05/May/2026:10:58:40 +0200] "GET /learning/old/main/lang/spanish/announcements.inc.php.sorry HTTP/1.1" 200 23697 "-" "Mozilla/5.0 AppleWebKit/537.36 (KHTML, like Gecko; compatible; ClaudeBot/1.0; +claudebot@anthropic.com)"
216.73.216.211 - - [05/May/2026:10:58:40 +0200] "GET /learning/old/main/img/tuning.gif.sorry HTTP/1.1" 200 23697 "-" "Mozilla/5.0 AppleWebKit/537.36 (KHTML, like Gecko; compatible; ClaudeBot/1.0; +claudebot@anthropic.com)"
216.73.216.211 - - [05/May/2026:10:58:41 +0200] "GET /learning/old/main/lang/vietnamese/agenda.inc.php.sorry HTTP/1.1" 200 23697 "-" "Mozilla/5.0 AppleWebKit/537.36 (KHTML, like Gecko; compatible; ClaudeBot/1.0; +claudebot@anthropic.com)"
51.75.119.154 - - [05/May/2026:10:58:41 +0200] "GET /missmandarine.ch/learning/admin/?C=M;O=A HTTP/1.1" 200 61 "-" "Mozilla/5.0 (compatible; MJ12bot/v1.4.8; http://mj12bot.com/)"
216.73.216.211 - - [05/May/2026:10:58:41 +0200] "GET /learning/old/main/img/mail_open.png.sorry HTTP/1.1" 200 23697 "-" "Mozilla/5.0 AppleWebKit/537.36 (KHTML, like Gecko; compatible; ClaudeBot/1.0; +claudebot@anthropic.com)"
216.73.216.211 - - [05/May/2026:10:58:42 +0200] "GET /learning/old/main/img/powerpoint.gif.sorry HTTP/1.1" 200 23697 "-" "Mozilla/5.0 AppleWebKit/537.36 (KHTML, like Gecko; compatible; ClaudeBot/1.0; +claudebot@anthropic.com)"
51.75.119.154 - - [05/May/2026:10:58:42 +0200] "GET /missmandarine.ch/learning/admin/?C=N;O=D HTTP/1.1" 200 61 "-" "Mozilla/5.0 (compatible; MJ12bot/v1.4.8; http://mj12bot.com/)"
51.75.119.154 - - [05/May/2026:10:58:44 +0200] "GET /missmandarine.ch/learning/admin/?C=S;O=A HTTP/1.1" 200 61 "-" "Mozilla/5.0 (compatible; MJ12bot/v1.4.8; http://mj12bot.com/)"
57.141.20.58 - - [05/May/2026:10:58:44 +0200] "GET /shopdetail/11877291 HTTP/1.1" 200 23697 "-" "meta-externalagent/1.1 (+https://developers.facebook.com/docs/sharing/webmasters/crawler)"
51.75.119.154 - - [05/May/2026:10:58:45 +0200] "GET /missmandarine.ch/learning/admin/admin.php.sorry HTTP/1.1" 200 23697 "-" "Mozilla/5.0 (compatible; MJ12bot/v1.4.8; http://mj12bot.com/)"
51.75.119.154 - - [05/May/2026:10:58:47 +0200] "GET /missmandarine.ch/learning/admin/deco.php.sorry HTTP/1.1" 200 23697 "-" "Mozilla/5.0 (compatible; MJ12bot/v1.4.8; http://mj12bot.com/)"
51.75.119.154 - - [05/May/2026:10:58:48 +0200] "GET /missmandarine.ch/learning/admin/index.php.sorry HTTP/1.1" 200 23697 "-" "Mozilla/5.0 (compatible; MJ12bot/v1.4.8; http://mj12bot.com/)"
57.141.20.70 - - [05/May/2026:10:58:49 +0200] "GET /shopdetail/9739068 HTTP/1.1" 200 23697 "-" "meta-externalagent/1.1 (+https://developers.facebook.com/docs/sharing/webmasters/crawler)"
57.141.20.25 - - [05/May/2026:10:58:49 +0200] "GET /shopdetail/15410702 HTTP/1.1" 200 23697 "-" "meta-externalagent/1.1 (+https://developers.facebook.com/docs/sharing/webmasters/crawler)"
51.75.119.154 - - [05/May/2026:10:58:50 +0200] "GET /missmandarine.ch/learning/css/?C=D;O=A HTTP/1.1" 200 5942 "-" "Mozilla/5.0 (compatible; MJ12bot/v1.4.8; http://mj12bot.com/)"
57.141.20.16 - - [05/May/2026:10:58:50 +0200] "GET /shopdetail/9581046 HTTP/1.1" 200 23697 "-" "meta-externalagent/1.1 (+https://developers.facebook.com/docs/sharing/webmasters/crawler)"
57.141.20.7 - - [05/May/2026:10:58:50 +0200] "GET /shopdetail/31345179 HTTP/1.1" 200 23697 "-" "meta-externalagent/1.1 (+https://developers.facebook.com/docs/sharing/webmasters/crawler)"
51.75.119.154 - - [05/May/2026:10:58:51 +0200] "GET /missmandarine.ch/learning/css/?C=M;O=A HTTP/1.1" 200 5942 "-" "Mozilla/5.0 (compatible; MJ12bot/v1.4.8; http://mj12bot.com/)"
51.75.119.154 - - [05/May/2026:10:58:53 +0200] "GET /missmandarine.ch/learning/css/?C=N;O=D HTTP/1.1" 200 5942 "-" "Mozilla/5.0 (compatible; MJ12bot/v1.4.8; http://mj12bot.com/)"
51.75.119.154 - - [05/May/2026:10:58:54 +0200] "GET /missmandarine.ch/learning/css/?C=S;O=A HTTP/1.1" 200 5942 "-" "Mozilla/5.0 (compatible; MJ12bot/v1.4.8; http://mj12bot.com/)"
51.75.119.154 - - [05/May/2026:10:58:56 +0200] "GET /missmandarine.ch/learning/css/admin.css.sorry HTTP/1.1" 200 23697 "-" "Mozilla/5.0 (compatible; MJ12bot/v1.4.8; http://mj12bot.com/)"
51.75.119.154 - - [05/May/2026:10:58:57 +0200] "GET /missmandarine.ch/learning/css/afficheAgenda.css.sorry HTTP/1.1" 200 23697 "-" "Mozilla/5.0 (compatible; MJ12bot/v1.4.8; http://mj12bot.com/)"
51.75.119.154 - - [05/May/2026:10:58:59 +0200] "GET /missmandarine.ch/learning/css/afficheFormation.css.sorry HTTP/1.1" 200 23697 "-" "Mozilla/5.0 (compatible; MJ12bot/v1.4.8; http://mj12bot.com/)"
51.75.119.154 - - [05/May/2026:10:59:00 +0200] "GET /missmandarine.ch/learning/css/afficheSujet.css.sorry HTTP/1.1" 200 23697 "-" "Mozilla/5.0 (compatible; MJ12bot/v1.4.8; http://mj12bot.com/)"
57.141.20.4 - - [05/May/2026:10:59:01 +0200] "GET /shopdetail/17966535 HTTP/1.1" 200 23697 "-" "meta-externalagent/1.1 (+https://developers.facebook.com/docs/sharing/webmasters/crawler)"
51.75.119.154 - - [05/May/2026:10:59:02 +0200] "GET /missmandarine.ch/learning/css/agenda.css.sorry HTTP/1.1" 200 23697 "-" "Mozilla/5.0 (compatible; MJ12bot/v1.4.8; http://mj12bot.com/)"
51.75.119.154 - - [05/May/2026:10:59:03 +0200] "GET /missmandarine.ch/learning/css/annuaire.css.sorry HTTP/1.1" 200 23697 "-" "Mozilla/5.0 (compatible; MJ12bot/v1.4.8; http://mj12bot.com/)"
216.73.216.211 - - [05/May/2026:10:59:03 +0200] "GET /missmandarine.ch/learning/old/main/lang/finnish/course_description.inc.php.sorry HTTP/1.1" 200 23697 "-" "Mozilla/5.0 AppleWebKit/537.36 (KHTML, like Gecko; compatible; ClaudeBot/1.0; +claudebot@anthropic.com)"
216.73.216.211 - - [05/May/2026:10:59:03 +0200] "GET /missmandarine.ch/learning/old/main/lang/bengali/md_document.inc.php.sorry HTTP/1.1" 200 23697 "-" "Mozilla/5.0 AppleWebKit/537.36 (KHTML, like Gecko; compatible; ClaudeBot/1.0; +claudebot@anthropic.com)"
216.73.216.211 - - [05/May/2026:10:59:04 +0200] "GET /missmandarine.ch/learning/old/main/lang/catalan/group.inc.php.sorry HTTP/1.1" 200 23697 "-" "Mozilla/5.0 AppleWebKit/537.36 (KHTML, like Gecko; compatible; ClaudeBot/1.0; +claudebot@anthropic.com)"
74.7.227.25 - - [05/May/2026:10:59:04 +0200] "GET /learning/ALFA_DATA/alfasymlink/root/sys/devices/pci0000:00/firmware_node/device:ad/wakeup/wakeup14/subsystem/wakeup41/total_time_ms HTTP/1.1" 200 4096 "https://missmandarine.com/learning/ALFA_DATA/alfasymlink/root/sys/devices/pci0000:00/firmware_node/device:ad/wakeup/wakeup14/subsystem/wakeup41/" "Mozilla/5.0 AppleWebKit/537.36 (KHTML, like Gecko; compatible; GPTBot/1.3; +https://openai.com/gptbot)"
216.73.216.211 - - [05/May/2026:10:59:04 +0200] "GET /missmandarine.ch/learning/old/main/lang/thai/group.inc.php.sorry HTTP/1.1" 200 23697 "-" "Mozilla/5.0 AppleWebKit/537.36 (KHTML, like Gecko; compatible; ClaudeBot/1.0; +claudebot@anthropic.com)"
51.75.119.154 - - [05/May/2026:10:59:05 +0200] "GET /missmandarine.ch/learning/css/cas.css.sorry HTTP/1.1" 200 23697 "-" "Mozilla/5.0 (compatible; MJ12bot/v1.4.8; http://mj12bot.com/)"
216.73.216.211 - - [05/May/2026:10:59:05 +0200] "GET /missmandarine.ch/learning/old/main/lang/macedonian/external_module.inc.php.sorry HTTP/1.1" 200 23697 "-" "Mozilla/5.0 AppleWebKit/537.36 (KHTML, like Gecko; compatible; ClaudeBot/1.0; +claudebot@anthropic.com)"
216.73.216.211 - - [05/May/2026:10:59:05 +0200] "GET /missmandarine.ch/learning/old/main/lang/russian/work.inc.php.sorry HTTP/1.1" 200 23697 "-" "Mozilla/5.0 AppleWebKit/537.36 (KHTML, like Gecko; compatible; ClaudeBot/1.0; +claudebot@anthropic.com)"
216.73.216.211 - - [05/May/2026:10:59:06 +0200] "GET /missmandarine.ch/learning/old/main/lang/arabic/learnpath.inc.php.sorry HTTP/1.1" 200 23697 "-" "Mozilla/5.0 AppleWebKit/537.36 (KHTML, like Gecko; compatible; ClaudeBot/1.0; +claudebot@anthropic.com)"
57.141.20.18 - - [05/May/2026:10:59:06 +0200] "GET /shopdetail/6743180 HTTP/1.1" 200 23697 "-" "meta-externalagent/1.1 (+https://developers.facebook.com/docs/sharing/webmasters/crawler)"
51.75.119.154 - - [05/May/2026:10:59:06 +0200] "GET /missmandarine.ch/learning/css/compte.css.sorry HTTP/1.1" 200 23697 "-" "Mozilla/5.0 (compatible; MJ12bot/v1.4.8; http://mj12bot.com/)"
216.73.216.211 - - [05/May/2026:10:59:06 +0200] "GET /missmandarine.ch/learning/old/main/admin/ldap_import_students.php.sorry HTTP/1.1" 200 23697 "-" "Mozilla/5.0 AppleWebKit/537.36 (KHTML, like Gecko; compatible; ClaudeBot/1.0; +claudebot@anthropic.com)"
216.73.216.211 - - [05/May/2026:10:59:07 +0200] "GET /missmandarine.ch/learning/old/main/course_progress/layout.php.sorry HTTP/1.1" 200 23697 "-" "Mozilla/5.0 AppleWebKit/537.36 (KHTML, like Gecko; compatible; ClaudeBot/1.0; +claudebot@anthropic.com)"
216.73.216.211 - - [05/May/2026:10:59:07 +0200] "GET /missmandarine.ch/learning/old/main/exercice/feedback.php.sorry HTTP/1.1" 200 23697 "-" "Mozilla/5.0 AppleWebKit/537.36 (KHTML, like Gecko; compatible; ClaudeBot/1.0; +claudebot@anthropic.com)"
51.75.119.154 - - [05/May/2026:10:59:08 +0200] "GET /missmandarine.ch/learning/css/document.css.sorry HTTP/1.1" 200 23697 "-" "Mozilla/5.0 (compatible; MJ12bot/v1.4.8; http://mj12bot.com/)"
216.73.216.211 - - [05/May/2026:10:59:08 +0200] "GET /missmandarine.ch/learning/old/main/course_description/listing.php.sorry HTTP/1.1" 200 23697 "-" "Mozilla/5.0 AppleWebKit/537.36 (KHTML, like Gecko; compatible; ClaudeBot/1.0; +claudebot@anthropic.com)"
216.73.216.211 - - [05/May/2026:10:59:08 +0200] "GET /missmandarine.ch/js/sweet/about.php.sorry HTTP/1.1" 200 23697 "-" "Mozilla/5.0 AppleWebKit/537.36 (KHTML, like Gecko; compatible; ClaudeBot/1.0; +claudebot@anthropic.com)"
51.75.119.154 - - [05/May/2026:10:59:09 +0200] "GET /missmandarine.ch/learning/css/evaluation.css.sorry HTTP/1.1" 200 23697 "-" "Mozilla/5.0 (compatible; MJ12bot/v1.4.8; http://mj12bot.com/)"
216.73.216.211 - - [05/May/2026:10:59:09 +0200] "GET /missmandarine.ch/learning/old/main/exercice/hotspot_save.inc.php.sorry HTTP/1.1" 200 23697 "-" "Mozilla/5.0 AppleWebKit/537.36 (KHTML, like Gecko; compatible; ClaudeBot/1.0; +claudebot@anthropic.com)"
216.73.216.211 - - [05/May/2026:10:59:10 +0200] "GET /missmandarine.ch/learning/admin/lib/tinymce/plugins/insertdatetime/?C=M&O=A HTTP/1.1" 200 990 "-" "Mozilla/5.0 AppleWebKit/537.36 (KHTML, like Gecko; compatible; ClaudeBot/1.0; +claudebot@anthropic.com)"
216.73.216.211 - - [05/May/2026:10:59:10 +0200] "GET /learning/admin/lib/tinymce/plugins/emoticons/img/?C=M&O=D HTTP/1.1" 200 3746 "-" "Mozilla/5.0 AppleWebKit/537.36 (KHTML, like Gecko; compatible; ClaudeBot/1.0; +claudebot@anthropic.com)"
216.73.216.211 - - [05/May/2026:10:59:10 +0200] "GET /learning/old/main/img/undelete.gif.sorry HTTP/1.1" 200 23697 "-" "Mozilla/5.0 AppleWebKit/537.36 (KHTML, like Gecko; compatible; ClaudeBot/1.0; +claudebot@anthropic.com)"
51.75.119.154 - - [05/May/2026:10:59:10 +0200] "GET /missmandarine.ch/learning/css/flash.css.sorry HTTP/1.1" 200 23697 "-" "Mozilla/5.0 (compatible; MJ12bot/v1.4.8; http://mj12bot.com/)"
216.73.216.211 - - [05/May/2026:10:59:11 +0200] "GET /learning/old/main/img/screenshot_conf.jpg.sorry HTTP/1.1" 200 23697 "-" "Mozilla/5.0 AppleWebKit/537.36 (KHTML, like Gecko; compatible; ClaudeBot/1.0; +claudebot@anthropic.com)"
216.73.216.211 - - [05/May/2026:10:59:11 +0200] "GET /learning/old/main/css/tasty_olive/images/ HTTP/1.1" 200 44 "-" "Mozilla/5.0 AppleWebKit/537.36 (KHTML, like Gecko; compatible; ClaudeBot/1.0; +claudebot@anthropic.com)"
216.73.216.211 - - [05/May/2026:10:59:12 +0200] "GET /missmandarine.ch/learning/old/main/exercice/fill_blanks.class.php.sorry HTTP/1.1" 200 23697 "-" "Mozilla/5.0 AppleWebKit/537.36 (KHTML, like Gecko; compatible; ClaudeBot/1.0; +claudebot@anthropic.com)"
51.75.119.154 - - [05/May/2026:10:59:12 +0200] "GET /missmandarine.ch/learning/css/formMandarine.css.sorry HTTP/1.1" 200 23697 "-" "Mozilla/5.0 (compatible; MJ12bot/v1.4.8; http://mj12bot.com/)"
216.73.216.211 - - [05/May/2026:10:59:12 +0200] "GET /learning/old/main/newscorm/lp_ajax_log.php.sorry HTTP/1.1" 200 23697 "-" "Mozilla/5.0 AppleWebKit/537.36 (KHTML, like Gecko; compatible; ClaudeBot/1.0; +claudebot@anthropic.com)"
216.73.216.211 - - [05/May/2026:10:59:13 +0200] "GET /learning/old/plugin/dashboard/block_student/?C=S&O=A HTTP/1.1" 200 234 "-" "Mozilla/5.0 AppleWebKit/537.36 (KHTML, like Gecko; compatible; ClaudeBot/1.0; +claudebot@anthropic.com)"
216.73.216.211 - - [05/May/2026:10:59:13 +0200] "GET /learning/old/main/lang/polish/resourcelinker.inc.php.sorry HTTP/1.1" 200 23697 "-" "Mozilla/5.0 AppleWebKit/537.36 (KHTML, like Gecko; compatible; ClaudeBot/1.0; +claudebot@anthropic.com)"
51.75.119.154 - - [05/May/2026:10:59:13 +0200] "GET /missmandarine.ch/learning/css/formReponse.css.sorry HTTP/1.1" 200 23697 "-" "Mozilla/5.0 (compatible; MJ12bot/v1.4.8; http://mj12bot.com/)"
216.73.216.211 - - [05/May/2026:10:59:14 +0200] "GET /learning/old/main/lang/hindi/link.inc.php.sorry HTTP/1.1" 200 23697 "-" "Mozilla/5.0 AppleWebKit/537.36 (KHTML, like Gecko; compatible; ClaudeBot/1.0; +claudebot@anthropic.com)"
216.73.216.211 - - [05/May/2026:10:59:14 +0200] "GET /missmandarine.ch/learning/old/nbproject/private/ HTTP/1.1" 200 1124 "-" "Mozilla/5.0 AppleWebKit/537.36 (KHTML, like Gecko; compatible; ClaudeBot/1.0; +claudebot@anthropic.com)"
216.73.216.211 - - [05/May/2026:10:59:15 +0200] "GET /missmandarine.ch/learning/old/main/exercice/global_multiple_answer.class.php.sorry HTTP/1.1" 200 23697 "-" "Mozilla/5.0 AppleWebKit/537.36 (KHTML, like Gecko; compatible; ClaudeBot/1.0; +claudebot@anthropic.com)"
51.75.119.154 - - [05/May/2026:10:59:15 +0200] "GET /missmandarine.ch/learning/css/formSujet.css.sorry HTTP/1.1" 200 23697 "-" "Mozilla/5.0 (compatible; MJ12bot/v1.4.8; http://mj12bot.com/)"
216.73.216.211 - - [05/May/2026:10:59:15 +0200] "GET /learning/old/main/test/?C=N&O=D HTTP/1.1" 500 - "-" "Mozilla/5.0 AppleWebKit/537.36 (KHTML, like Gecko; compatible; ClaudeBot/1.0; +claudebot@anthropic.com)"
216.73.216.211 - - [05/May/2026:10:59:16 +0200] "GET /learning/old/main/permissions/?C=N&O=A HTTP/1.1" 200 112 "-" "Mozilla/5.0 AppleWebKit/537.36 (KHTML, like Gecko; compatible; ClaudeBot/1.0; +claudebot@anthropic.com)"
216.73.216.211 - - [05/May/2026:10:59:16 +0200] "GET /learning/old/main/css/mm_checkmark_green.png.sorry HTTP/1.1" 200 23697 "-" "Mozilla/5.0 AppleWebKit/537.36 (KHTML, like Gecko; compatible; ClaudeBot/1.0; +claudebot@anthropic.com)"
57.141.20.49 - - [05/May/2026:10:59:16 +0200] "GET /shopdetail/19519013 HTTP/1.1" 200 23697 "-" "meta-externalagent/1.1 (+https://developers.facebook.com/docs/sharing/webmasters/crawler)"
51.75.119.154 - - [05/May/2026:10:59:17 +0200] "GET /missmandarine.ch/learning/css/formation.css.sorry HTTP/1.1" 200 23697 "-" "Mozilla/5.0 (compatible; MJ12bot/v1.4.8; http://mj12bot.com/)"
216.73.216.211 - - [05/May/2026:10:59:17 +0200] "GET /missmandarine.ch/js/filemanager/lang/hr.php.sorry HTTP/1.1" 200 23697 "-" "Mozilla/5.0 AppleWebKit/537.36 (KHTML, like Gecko; compatible; ClaudeBot/1.0; +claudebot@anthropic.com)"
216.73.216.211 - - [05/May/2026:10:59:17 +0200] "GET /learning/old/main/template/?C=N&O=A HTTP/1.1" 200 1052 "-" "Mozilla/5.0 AppleWebKit/537.36 (KHTML, like Gecko; compatible; ClaudeBot/1.0; +claudebot@anthropic.com)"
216.73.216.211 - - [05/May/2026:10:59:18 +0200] "GET /vendor/cocur/slugify/src/Bridge/Nette/ HTTP/1.1" 200 919 "-" "Mozilla/5.0 AppleWebKit/537.36 (KHTML, like Gecko; compatible; ClaudeBot/1.0; +claudebot@anthropic.com)"
51.75.119.154 - - [05/May/2026:10:59:18 +0200] "GET /missmandarine.ch/learning/css/forum.css.sorry HTTP/1.1" 200 23697 "-" "Mozilla/5.0 (compatible; MJ12bot/v1.4.8; http://mj12bot.com/)"
216.73.216.211 - - [05/May/2026:10:59:18 +0200] "GET /learning/old/main/img/file_pdf.gif.sorry HTTP/1.1" 200 23697 "-" "Mozilla/5.0 AppleWebKit/537.36 (KHTML, like Gecko; compatible; ClaudeBot/1.0; +claudebot@anthropic.com)"
216.73.216.211 - - [05/May/2026:10:59:19 +0200] "GET /learning/old/main/img/checkbox_on2.gif.sorry HTTP/1.1" 200 23697 "-" "Mozilla/5.0 AppleWebKit/537.36 (KHTML, like Gecko; compatible; ClaudeBot/1.0; +claudebot@anthropic.com)"
