74.7.227.25 - - [05/May/2026:11:27:31 +0200] "GET /learning/ALFA_DATA/alfasymlink/root/lib/modules/3.10.0-1127.8.2.el7.x86_64/kernel/net/netfilter/xt_policy.ko.xz HTTP/1.1" 200 2560 "https://missmandarine.com/learning/ALFA_DATA/alfasymlink/root/lib/modules/3.10.0-1127.8.2.el7.x86_64/kernel/net/netfilter/" "Mozilla/5.0 AppleWebKit/537.36 (KHTML, like Gecko; compatible; GPTBot/1.3; +https://openai.com/gptbot)"
216.73.216.211 - - [05/May/2026:11:27:31 +0200] "GET /missmandarine.ch/learning/old/main/lang/bengali/help.inc.php.sorry HTTP/1.1" 200 23697 "-" "Mozilla/5.0 AppleWebKit/537.36 (KHTML, like Gecko; compatible; ClaudeBot/1.0; +claudebot@anthropic.com)"
57.141.20.71 - - [05/May/2026:11:27:33 +0200] "GET /shopdetail/15310302 HTTP/1.1" 200 23697 "-" "meta-externalagent/1.1 (+https://developers.facebook.com/docs/sharing/webmasters/crawler)"
57.141.20.54 - - [05/May/2026:11:27:33 +0200] "GET /shopdetail/30163591 HTTP/1.1" 200 23697 "-" "meta-externalagent/1.1 (+https://developers.facebook.com/docs/sharing/webmasters/crawler)"
216.73.216.211 - - [05/May/2026:11:27:36 +0200] "GET /missmandarine.ch/learning/old/main/lang/arabic/external_module.inc.php.sorry HTTP/1.1" 200 23697 "-" "Mozilla/5.0 AppleWebKit/537.36 (KHTML, like Gecko; compatible; ClaudeBot/1.0; +claudebot@anthropic.com)"
74.7.227.25 - - [05/May/2026:11:27:41 +0200] "GET /learning/ALFA_DATA/alfasymlink/root/lib/modules/3.10.0-1127.8.2.el7.x86_64/kernel/net/netfilter/nft_hash.ko.xz HTTP/1.1" 200 5972 "https://missmandarine.com/learning/ALFA_DATA/alfasymlink/root/lib/modules/3.10.0-1127.8.2.el7.x86_64/kernel/net/netfilter/" "Mozilla/5.0 AppleWebKit/537.36 (KHTML, like Gecko; compatible; GPTBot/1.3; +https://openai.com/gptbot)"
216.73.216.211 - - [05/May/2026:11:27:41 +0200] "GET /missmandarine.ch/learning/old/main/calendar/print.php.sorry HTTP/1.1" 200 23697 "-" "Mozilla/5.0 AppleWebKit/537.36 (KHTML, like Gecko; compatible; ClaudeBot/1.0; +claudebot@anthropic.com)"
57.141.20.14 - - [05/May/2026:11:27:46 +0200] "GET /shopdetail/20338735 HTTP/1.1" 200 23697 "-" "meta-externalagent/1.1 (+https://developers.facebook.com/docs/sharing/webmasters/crawler)"
216.73.216.211 - - [05/May/2026:11:27:48 +0200] "GET /missmandarine.ch/learning/old/main/lang/bengali/exercice.inc.php.sorry HTTP/1.1" 200 23697 "-" "Mozilla/5.0 AppleWebKit/537.36 (KHTML, like Gecko; compatible; ClaudeBot/1.0; +claudebot@anthropic.com)"
74.7.227.25 - - [05/May/2026:11:27:49 +0200] "GET /learning/ALFA_DATA/alfasymlink/root/lib/modules/3.10.0-1127.8.2.el7.x86_64/kernel/net/netfilter/xt_helper.ko.xz HTTP/1.1" 200 1992 "https://missmandarine.com/learning/ALFA_DATA/alfasymlink/root/lib/modules/3.10.0-1127.8.2.el7.x86_64/kernel/net/netfilter/" "Mozilla/5.0 AppleWebKit/537.36 (KHTML, like Gecko; compatible; GPTBot/1.3; +https://openai.com/gptbot)"
216.73.216.211 - - [05/May/2026:11:27:52 +0200] "GET /missmandarine.ch/learning/admin/lib/tinymce/plugins/image/?C=M&O=A HTTP/1.1" 200 972 "-" "Mozilla/5.0 AppleWebKit/537.36 (KHTML, like Gecko; compatible; ClaudeBot/1.0; +claudebot@anthropic.com)"
57.141.20.31 - - [05/May/2026:11:27:55 +0200] "GET /shopdetail/19584024 HTTP/1.1" 200 23697 "-" "meta-externalagent/1.1 (+https://developers.facebook.com/docs/sharing/webmasters/crawler)"
74.7.227.25 - - [05/May/2026:11:27:57 +0200] "GET /learning/ALFA_DATA/alfasymlink/root/lib/modules/3.10.0-1127.8.2.el7.x86_64/kernel/net/netfilter/xt_string.ko.xz HTTP/1.1" 200 1884 "https://missmandarine.com/learning/ALFA_DATA/alfasymlink/root/lib/modules/3.10.0-1127.8.2.el7.x86_64/kernel/net/netfilter/" "Mozilla/5.0 AppleWebKit/537.36 (KHTML, like Gecko; compatible; GPTBot/1.3; +https://openai.com/gptbot)"
216.73.216.211 - - [05/May/2026:11:27:57 +0200] "GET /missmandarine.ch/learning/old/main/img/folder_document.gif.sorry HTTP/1.1" 200 23697 "-" "Mozilla/5.0 AppleWebKit/537.36 (KHTML, like Gecko; compatible; ClaudeBot/1.0; +claudebot@anthropic.com)"
13.86.97.224 - - [05/May/2026:11:27:59 +0200] "GET / HTTP/1.1" 200 23697 "-" "Mozilla/5.0 (compatible; MSIE 9.0; Windows NT 6.1; Trident/5.0; AppInsights)"
216.73.216.211 - - [05/May/2026:11:28:02 +0200] "GET /missmandarine.ch/learning/old/main/lang/brazilian/learnpath.inc.php.sorry HTTP/1.1" 200 23697 "-" "Mozilla/5.0 AppleWebKit/537.36 (KHTML, like Gecko; compatible; ClaudeBot/1.0; +claudebot@anthropic.com)"
74.7.227.25 - - [05/May/2026:11:28:03 +0200] "GET /learning/ALFA_DATA/alfasymlink/root/lib/modules/3.10.0-1127.8.2.el7.x86_64/kernel/net/netfilter/xt_length.ko.xz HTTP/1.1" 200 1688 "https://missmandarine.com/learning/ALFA_DATA/alfasymlink/root/lib/modules/3.10.0-1127.8.2.el7.x86_64/kernel/net/netfilter/" "Mozilla/5.0 AppleWebKit/537.36 (KHTML, like Gecko; compatible; GPTBot/1.3; +https://openai.com/gptbot)"
57.141.20.67 - - [05/May/2026:11:28:04 +0200] "GET /shopdetail/12325291 HTTP/1.1" 200 23697 "-" "meta-externalagent/1.1 (+https://developers.facebook.com/docs/sharing/webmasters/crawler)"
57.141.20.21 - - [05/May/2026:11:28:04 +0200] "GET /shopdetail/9993368 HTTP/1.1" 200 23697 "-" "meta-externalagent/1.1 (+https://developers.facebook.com/docs/sharing/webmasters/crawler)"
57.141.20.34 - - [05/May/2026:11:28:04 +0200] "GET /shopdetail/5607691 HTTP/1.1" 200 23697 "-" "meta-externalagent/1.1 (+https://developers.facebook.com/docs/sharing/webmasters/crawler)"
216.73.216.211 - - [05/May/2026:11:28:07 +0200] "GET /missmandarine.ch/learning/old/main/survey/survey_list.php.sorry HTTP/1.1" 200 23697 "-" "Mozilla/5.0 AppleWebKit/537.36 (KHTML, like Gecko; compatible; ClaudeBot/1.0; +claudebot@anthropic.com)"
74.7.227.25 - - [05/May/2026:11:28:10 +0200] "GET /learning/ALFA_DATA/alfasymlink/root/lib/modules/3.10.0-1127.8.2.el7.x86_64/kernel/net/netfilter/xt_tcpmss.ko.xz HTTP/1.1" 200 2024 "https://missmandarine.com/learning/ALFA_DATA/alfasymlink/root/lib/modules/3.10.0-1127.8.2.el7.x86_64/kernel/net/netfilter/" "Mozilla/5.0 AppleWebKit/537.36 (KHTML, like Gecko; compatible; GPTBot/1.3; +https://openai.com/gptbot)"
216.73.216.211 - - [05/May/2026:11:28:12 +0200] "GET /missmandarine.ch/learning/old/main/lang/latvian/accessibility.inc.php.sorry HTTP/1.1" 200 23697 "-" "Mozilla/5.0 AppleWebKit/537.36 (KHTML, like Gecko; compatible; ClaudeBot/1.0; +claudebot@anthropic.com)"
74.7.227.25 - - [05/May/2026:11:28:15 +0200] "GET /learning/ALFA_DATA/alfasymlink/root/lib/modules/3.10.0-1127.8.2.el7.x86_64/kernel/net/netfilter/nft_queue.ko.xz HTTP/1.1" 200 2380 "https://missmandarine.com/learning/ALFA_DATA/alfasymlink/root/lib/modules/3.10.0-1127.8.2.el7.x86_64/kernel/net/netfilter/" "Mozilla/5.0 AppleWebKit/537.36 (KHTML, like Gecko; compatible; GPTBot/1.3; +https://openai.com/gptbot)"
57.141.20.33 - - [05/May/2026:11:28:15 +0200] "GET /shopdetail/18010702 HTTP/1.1" 200 23697 "-" "meta-externalagent/1.1 (+https://developers.facebook.com/docs/sharing/webmasters/crawler)"
216.73.216.211 - - [05/May/2026:11:28:17 +0200] "GET /missmandarine.ch/learning/old/main/lang/vietnamese/scormbuilder.inc.php.sorry HTTP/1.1" 200 23697 "-" "Mozilla/5.0 AppleWebKit/537.36 (KHTML, like Gecko; compatible; ClaudeBot/1.0; +claudebot@anthropic.com)"
74.7.227.25 - - [05/May/2026:11:28:20 +0200] "GET /learning/ALFA_DATA/alfasymlink/root/lib/modules/3.10.0-1127.8.2.el7.x86_64/kernel/net/netfilter/nft_limit.ko.xz HTTP/1.1" 200 2708 "https://missmandarine.com/learning/ALFA_DATA/alfasymlink/root/lib/modules/3.10.0-1127.8.2.el7.x86_64/kernel/net/netfilter/" "Mozilla/5.0 AppleWebKit/537.36 (KHTML, like Gecko; compatible; GPTBot/1.3; +https://openai.com/gptbot)"
216.73.216.211 - - [05/May/2026:11:28:22 +0200] "GET /missmandarine.ch/learning/old/main/lang/english/accessibility.inc.php.sorry HTTP/1.1" 200 23697 "-" "Mozilla/5.0 AppleWebKit/537.36 (KHTML, like Gecko; compatible; ClaudeBot/1.0; +claudebot@anthropic.com)"
74.7.227.25 - - [05/May/2026:11:28:24 +0200] "GET /learning/ALFA_DATA/alfasymlink/root/lib/modules/3.10.0-1127.8.2.el7.x86_64/kernel/net/netfilter/xt_state.ko.xz HTTP/1.1" 200 1904 "https://missmandarine.com/learning/ALFA_DATA/alfasymlink/root/lib/modules/3.10.0-1127.8.2.el7.x86_64/kernel/net/netfilter/" "Mozilla/5.0 AppleWebKit/537.36 (KHTML, like Gecko; compatible; GPTBot/1.3; +https://openai.com/gptbot)"
57.141.20.42 - - [05/May/2026:11:28:25 +0200] "GET /shopdetail/9397235 HTTP/1.1" 200 23697 "-" "meta-externalagent/1.1 (+https://developers.facebook.com/docs/sharing/webmasters/crawler)"
57.141.20.45 - - [05/May/2026:11:28:25 +0200] "GET /shopdetail/17938357 HTTP/1.1" 200 23697 "-" "meta-externalagent/1.1 (+https://developers.facebook.com/docs/sharing/webmasters/crawler)"
216.73.216.211 - - [05/May/2026:11:28:27 +0200] "GET /learning/old/courses/MO1158f/?C=S&O=A HTTP/1.1" 200 - "-" "Mozilla/5.0 AppleWebKit/537.36 (KHTML, like Gecko; compatible; ClaudeBot/1.0; +claudebot@anthropic.com)"
74.7.227.25 - - [05/May/2026:11:28:28 +0200] "GET /learning/ALFA_DATA/alfasymlink/root/lib/modules/3.10.0-1127.8.2.el7.x86_64/kernel/net/netfilter/xt_nfacct.ko.xz HTTP/1.1" 200 1884 "https://missmandarine.com/learning/ALFA_DATA/alfasymlink/root/lib/modules/3.10.0-1127.8.2.el7.x86_64/kernel/net/netfilter/" "Mozilla/5.0 AppleWebKit/537.36 (KHTML, like Gecko; compatible; GPTBot/1.3; +https://openai.com/gptbot)"
74.7.227.25 - - [05/May/2026:11:28:32 +0200] "GET /learning/ALFA_DATA/alfasymlink/root/lib/modules/3.10.0-1127.8.2.el7.x86_64/kernel/net/netfilter/nft_masq.ko.xz HTTP/1.1" 200 2064 "https://missmandarine.com/learning/ALFA_DATA/alfasymlink/root/lib/modules/3.10.0-1127.8.2.el7.x86_64/kernel/net/netfilter/" "Mozilla/5.0 AppleWebKit/537.36 (KHTML, like Gecko; compatible; GPTBot/1.3; +https://openai.com/gptbot)"
216.73.216.211 - - [05/May/2026:11:28:32 +0200] "GET /missmandarine.ch/learning/old/main/lang/vietnamese/tracking.inc.php.sorry HTTP/1.1" 200 23697 "-" "Mozilla/5.0 AppleWebKit/537.36 (KHTML, like Gecko; compatible; ClaudeBot/1.0; +claudebot@anthropic.com)"
74.7.227.25 - - [05/May/2026:11:28:35 +0200] "GET /learning/ALFA_DATA/alfasymlink/root/lib/modules/3.10.0-1127.8.2.el7.x86_64/kernel/net/netfilter/xt_owner.ko.xz HTTP/1.1" 200 1952 "https://missmandarine.com/learning/ALFA_DATA/alfasymlink/root/lib/modules/3.10.0-1127.8.2.el7.x86_64/kernel/net/netfilter/" "Mozilla/5.0 AppleWebKit/537.36 (KHTML, like Gecko; compatible; GPTBot/1.3; +https://openai.com/gptbot)"
57.141.20.33 - - [05/May/2026:11:28:34 +0200] "GET /shopdetail/19219380 HTTP/1.1" 200 23697 "-" "meta-externalagent/1.1 (+https://developers.facebook.com/docs/sharing/webmasters/crawler)"
57.141.20.30 - - [05/May/2026:11:28:35 +0200] "GET /shopdetail/29372357 HTTP/1.1" 200 23697 "-" "meta-externalagent/1.1 (+https://developers.facebook.com/docs/sharing/webmasters/crawler)"
20.40.129.96 - - [05/May/2026:11:28:36 +0200] "GET / HTTP/1.1" 200 23697 "-" "Mozilla/5.0 (compatible; MSIE 9.0; Windows NT 6.1; Trident/5.0; AppInsights)"
216.73.216.211 - - [05/May/2026:11:28:37 +0200] "GET /learning/old/main/img/synthese_view.gif.sorry HTTP/1.1" 200 23697 "-" "Mozilla/5.0 AppleWebKit/537.36 (KHTML, like Gecko; compatible; ClaudeBot/1.0; +claudebot@anthropic.com)"
74.7.227.25 - - [05/May/2026:11:28:38 +0200] "GET /learning/ALFA_DATA/alfasymlink/root/lib/modules/3.10.0-1127.8.2.el7.x86_64/kernel/net/netfilter/xt_quota.ko.xz HTTP/1.1" 200 1896 "https://missmandarine.com/learning/ALFA_DATA/alfasymlink/root/lib/modules/3.10.0-1127.8.2.el7.x86_64/kernel/net/netfilter/" "Mozilla/5.0 AppleWebKit/537.36 (KHTML, like Gecko; compatible; GPTBot/1.3; +https://openai.com/gptbot)"
57.141.20.56 - - [05/May/2026:11:28:40 +0200] "GET /shopdetail/5082579 HTTP/1.1" 200 23697 "-" "meta-externalagent/1.1 (+https://developers.facebook.com/docs/sharing/webmasters/crawler)"
57.141.20.9 - - [05/May/2026:11:28:40 +0200] "GET /shopdetail/9429291 HTTP/1.1" 200 23697 "-" "meta-externalagent/1.1 (+https://developers.facebook.com/docs/sharing/webmasters/crawler)"
74.7.227.25 - - [05/May/2026:11:28:41 +0200] "GET /learning/ALFA_DATA/alfasymlink/root/lib/modules/3.10.0-1127.8.2.el7.x86_64/kernel/net/netfilter/xt_socket.ko.xz HTTP/1.1" 200 4216 "https://missmandarine.com/learning/ALFA_DATA/alfasymlink/root/lib/modules/3.10.0-1127.8.2.el7.x86_64/kernel/net/netfilter/" "Mozilla/5.0 AppleWebKit/537.36 (KHTML, like Gecko; compatible; GPTBot/1.3; +https://openai.com/gptbot)"
74.7.227.25 - - [05/May/2026:11:28:43 +0200] "GET /learning/ALFA_DATA/alfasymlink/root/lib/modules/3.10.0-1127.8.2.el7.x86_64/kernel/net/netfilter/xt_recent.ko.xz HTTP/1.1" 200 7140 "https://missmandarine.com/learning/ALFA_DATA/alfasymlink/root/lib/modules/3.10.0-1127.8.2.el7.x86_64/kernel/net/netfilter/" "Mozilla/5.0 AppleWebKit/537.36 (KHTML, like Gecko; compatible; GPTBot/1.3; +https://openai.com/gptbot)"
216.73.216.211 - - [05/May/2026:11:28:42 +0200] "GET /missmandarine.ch/learning/old/main/lang/vietnamese/coursebackup.inc.php.sorry HTTP/1.1" 200 23697 "-" "Mozilla/5.0 AppleWebKit/537.36 (KHTML, like Gecko; compatible; ClaudeBot/1.0; +claudebot@anthropic.com)"
74.7.227.25 - - [05/May/2026:11:28:45 +0200] "GET /learning/ALFA_DATA/alfasymlink/root/lib/modules/3.10.0-1160.144.1.el7.tuxcare.els4.x86_64/kernel/drivers/net/vmxnet3/ HTTP/1.1" 200 1147 "https://missmandarine.com/learning/ALFA_DATA/alfasymlink/root/lib/modules/3.10.0-1160.144.1.el7.tuxcare.els4.x86_64/kernel/drivers/net/" "Mozilla/5.0 AppleWebKit/537.36 (KHTML, like Gecko; compatible; GPTBot/1.3; +https://openai.com/gptbot)"
216.73.216.211 - - [05/May/2026:11:28:47 +0200] "GET /learning/old/main/css/dokeos_classic/images/button_back.jpg.sorry HTTP/1.1" 200 23697 "-" "Mozilla/5.0 AppleWebKit/537.36 (KHTML, like Gecko; compatible; ClaudeBot/1.0; +claudebot@anthropic.com)"
74.7.227.25 - - [05/May/2026:11:28:47 +0200] "GET /learning/ALFA_DATA/alfasymlink/root/lib/modules/4.18.0-553.121.1.el8_10.x86_64/modules.dep.bin HTTP/1.1" 200 469709 "https://missmandarine.com/learning/ALFA_DATA/alfasymlink/root/lib/modules/4.18.0-553.121.1.el8_10.x86_64/" "Mozilla/5.0 AppleWebKit/537.36 (KHTML, like Gecko; compatible; GPTBot/1.3; +https://openai.com/gptbot)"
57.141.20.4 - - [05/May/2026:11:28:48 +0200] "GET /shopdetail/15181079 HTTP/1.1" 200 23697 "-" "meta-externalagent/1.1 (+https://developers.facebook.com/docs/sharing/webmasters/crawler)"
74.7.227.25 - - [05/May/2026:11:28:49 +0200] "GET /learning/ALFA_DATA/alfasymlink/root/lib/modules/3.10.0-1127.8.2.el7.x86_64/kernel/net/netfilter/xt_CHECKSUM.ko.xz HTTP/1.1" 200 1812 "https://missmandarine.com/learning/ALFA_DATA/alfasymlink/root/lib/modules/3.10.0-1127.8.2.el7.x86_64/kernel/net/netfilter/" "Mozilla/5.0 AppleWebKit/537.36 (KHTML, like Gecko; compatible; GPTBot/1.3; +https://openai.com/gptbot)"
74.7.227.25 - - [05/May/2026:11:28:51 +0200] "GET /learning/ALFA_DATA/alfasymlink/root/lib/modules/3.10.0-1127.8.2.el7.x86_64/kernel/net/netfilter/xt_REDIRECT.ko.xz HTTP/1.1" 200 2056 "https://missmandarine.com/learning/ALFA_DATA/alfasymlink/root/lib/modules/3.10.0-1127.8.2.el7.x86_64/kernel/net/netfilter/" "Mozilla/5.0 AppleWebKit/537.36 (KHTML, like Gecko; compatible; GPTBot/1.3; +https://openai.com/gptbot)"
74.7.227.25 - - [05/May/2026:11:28:52 +0200] "GET /learning/ALFA_DATA/alfasymlink/root/lib/modules/3.10.0-1127.8.2.el7.x86_64/kernel/net/netfilter/xt_CLASSIFY.ko.xz HTTP/1.1" 200 1624 "https://missmandarine.com/learning/ALFA_DATA/alfasymlink/root/lib/modules/3.10.0-1127.8.2.el7.x86_64/kernel/net/netfilter/" "Mozilla/5.0 AppleWebKit/537.36 (KHTML, like Gecko; compatible; GPTBot/1.3; +https://openai.com/gptbot)"
74.7.227.25 - - [05/May/2026:11:28:53 +0200] "GET /learning/ALFA_DATA/alfasymlink/root/sys/devices/pci0000:00/firmware_node/device:ad/wakeup/wakeup14/device/ HTTP/1.1" 200 2514 "https://missmandarine.com/learning/ALFA_DATA/alfasymlink/root/sys/devices/pci0000:00/firmware_node/device:ad/wakeup/wakeup14/" "Mozilla/5.0 AppleWebKit/537.36 (KHTML, like Gecko; compatible; GPTBot/1.3; +https://openai.com/gptbot)"
216.73.216.211 - - [05/May/2026:11:28:54 +0200] "GET /missmandarine.ch/learning/old/plugin/dashboard/block_teacher_graph/css/?C=N&O=D HTTP/1.1" 200 1011 "-" "Mozilla/5.0 AppleWebKit/537.36 (KHTML, like Gecko; compatible; ClaudeBot/1.0; +claudebot@anthropic.com)"
74.7.227.25 - - [05/May/2026:11:28:54 +0200] "GET /learning/ALFA_DATA/alfasymlink/root/lib/modules/3.10.0-1127.8.2.el7.x86_64/kernel/net/netfilter/nf_log_common.ko.xz HTTP/1.1" 200 3104 "https://missmandarine.com/learning/ALFA_DATA/alfasymlink/root/lib/modules/3.10.0-1127.8.2.el7.x86_64/kernel/net/netfilter/" "Mozilla/5.0 AppleWebKit/537.36 (KHTML, like Gecko; compatible; GPTBot/1.3; +https://openai.com/gptbot)"
74.7.227.25 - - [05/May/2026:11:28:56 +0200] "GET /learning/ALFA_DATA/alfasymlink/root/lib/modules/3.10.0-1127.8.2.el7.x86_64/kernel/net/netfilter/nf_tables_inet.ko.xz HTTP/1.1" 200 2144 "https://missmandarine.com/learning/ALFA_DATA/alfasymlink/root/lib/modules/3.10.0-1127.8.2.el7.x86_64/kernel/net/netfilter/" "Mozilla/5.0 AppleWebKit/537.36 (KHTML, like Gecko; compatible; GPTBot/1.3; +https://openai.com/gptbot)"
74.7.227.25 - - [05/May/2026:11:28:56 +0200] "GET /learning/ALFA_DATA/alfasymlink/root/lib/modules/3.10.0-1127.8.2.el7.x86_64/kernel/net/netfilter/nf_nat_amanda.ko.xz HTTP/1.1" 200 2240 "https://missmandarine.com/learning/ALFA_DATA/alfasymlink/root/lib/modules/3.10.0-1127.8.2.el7.x86_64/kernel/net/netfilter/" "Mozilla/5.0 AppleWebKit/537.36 (KHTML, like Gecko; compatible; GPTBot/1.3; +https://openai.com/gptbot)"
74.7.227.25 - - [05/May/2026:11:28:57 +0200] "GET /learning/ALFA_DATA/alfasymlink/root/lib/modules/3.10.0-1160.144.1.el7.tuxcare.els4.x86_64/kernel/net/ipv6/netfilter/nft_masq_ipv6.ko.xz HTTP/1.1" 200 2060 "https://missmandarine.com/learning/ALFA_DATA/alfasymlink/root/lib/modules/3.10.0-1160.144.1.el7.tuxcare.els4.x86_64/kernel/net/ipv6/netfilter/" "Mozilla/5.0 AppleWebKit/537.36 (KHTML, like Gecko; compatible; GPTBot/1.3; +https://openai.com/gptbot)"
216.73.216.211 - - [05/May/2026:11:28:58 +0200] "GET /missmandarine.ch/learning/old/main/conference/?C=N&O=A HTTP/1.1" 500 - "-" "Mozilla/5.0 AppleWebKit/537.36 (KHTML, like Gecko; compatible; ClaudeBot/1.0; +claudebot@anthropic.com)"
74.7.227.25 - - [05/May/2026:11:28:58 +0200] "GET /learning/ALFA_DATA/alfasymlink/root/lib/modules/3.10.0-1160.144.1.el7.tuxcare.els4.x86_64/kernel/net/ipv6/netfilter/nf_reject_ipv6.ko.xz HTTP/1.1" 200 3988 "https://missmandarine.com/learning/ALFA_DATA/alfasymlink/root/lib/modules/3.10.0-1160.144.1.el7.tuxcare.els4.x86_64/kernel/net/ipv6/netfilter/" "Mozilla/5.0 AppleWebKit/537.36 (KHTML, like Gecko; compatible; GPTBot/1.3; +https://openai.com/gptbot)"
74.7.227.25 - - [05/May/2026:11:28:59 +0200] "GET /learning/ALFA_DATA/alfasymlink/root/lib/modules/3.10.0-1160.144.1.el7.tuxcare.els4.x86_64/kernel/net/ipv4/netfilter/nft_redir_ipv4.ko.xz HTTP/1.1" 200 1968 "https://missmandarine.com/learning/ALFA_DATA/alfasymlink/root/lib/modules/3.10.0-1160.144.1.el7.tuxcare.els4.x86_64/kernel/net/ipv4/netfilter/" "Mozilla/5.0 AppleWebKit/537.36 (KHTML, like Gecko; compatible; GPTBot/1.3; +https://openai.com/gptbot)"
74.7.227.25 - - [05/May/2026:11:28:59 +0200] "GET /learning/ALFA_DATA/alfasymlink/root/lib/modules/3.10.0-1160.144.1.el7.tuxcare.els4.x86_64/kernel/net/ipv6/netfilter/nft_redir_ipv6.ko.xz HTTP/1.1" 200 1976 "https://missmandarine.com/learning/ALFA_DATA/alfasymlink/root/lib/modules/3.10.0-1160.144.1.el7.tuxcare.els4.x86_64/kernel/net/ipv6/netfilter/" "Mozilla/5.0 AppleWebKit/537.36 (KHTML, like Gecko; compatible; GPTBot/1.3; +https://openai.com/gptbot)"
74.7.227.25 - - [05/May/2026:11:29:00 +0200] "GET /learning/ALFA_DATA/alfasymlink/root/lib/modules/3.10.0-1160.144.1.el7.tuxcare.els4.x86_64/kernel/net/ipv4/netfilter/nf_tables_ipv4.ko.xz HTTP/1.1" 200 2712 "https://missmandarine.com/learning/ALFA_DATA/alfasymlink/root/lib/modules/3.10.0-1160.144.1.el7.tuxcare.els4.x86_64/kernel/net/ipv4/netfilter/" "Mozilla/5.0 AppleWebKit/537.36 (KHTML, like Gecko; compatible; GPTBot/1.3; +https://openai.com/gptbot)"
57.141.20.21 - - [05/May/2026:11:29:00 +0200] "GET /shopdetail/24489491 HTTP/1.1" 200 23697 "-" "meta-externalagent/1.1 (+https://developers.facebook.com/docs/sharing/webmasters/crawler)"
74.7.227.25 - - [05/May/2026:11:29:01 +0200] "GET /learning/ALFA_DATA/alfasymlink/root/lib/modules/3.10.0-1160.144.1.el7.tuxcare.els4.x86_64/kernel/net/ipv4/netfilter/nft_masq_ipv4.ko.xz HTTP/1.1" 200 2056 "https://missmandarine.com/learning/ALFA_DATA/alfasymlink/root/lib/modules/3.10.0-1160.144.1.el7.tuxcare.els4.x86_64/kernel/net/ipv4/netfilter/" "Mozilla/5.0 AppleWebKit/537.36 (KHTML, like Gecko; compatible; GPTBot/1.3; +https://openai.com/gptbot)"
57.141.20.59 - - [05/May/2026:11:29:00 +0200] "GET /shopdetail/17622557 HTTP/1.1" 200 23697 "-" "meta-externalagent/1.1 (+https://developers.facebook.com/docs/sharing/webmasters/crawler)"
74.7.227.25 - - [05/May/2026:11:29:01 +0200] "GET /learning/ALFA_DATA/alfasymlink/root/lib/modules/3.10.0-1160.144.1.el7.tuxcare.els4.x86_64/kernel/net/ipv4/netfilter/nf_reject_ipv4.ko.xz HTTP/1.1" 200 3056 "https://missmandarine.com/learning/ALFA_DATA/alfasymlink/root/lib/modules/3.10.0-1160.144.1.el7.tuxcare.els4.x86_64/kernel/net/ipv4/netfilter/" "Mozilla/5.0 AppleWebKit/537.36 (KHTML, like Gecko; compatible; GPTBot/1.3; +https://openai.com/gptbot)"
74.7.227.25 - - [05/May/2026:11:29:02 +0200] "GET /learning/ALFA_DATA/alfasymlink/root/sys/devices/pci0000:00/firmware_node/device:ad/wakeup/wakeup14/device/physical_node/ HTTP/1.1" 200 8509 "https://missmandarine.com/learning/ALFA_DATA/alfasymlink/root/sys/devices/pci0000:00/firmware_node/device:ad/wakeup/wakeup14/device/" "Mozilla/5.0 AppleWebKit/537.36 (KHTML, like Gecko; compatible; GPTBot/1.3; +https://openai.com/gptbot)"
74.7.227.25 - - [05/May/2026:11:29:02 +0200] "GET /learning/ALFA_DATA/alfasymlink/root/sys/devices/pci0000:00/firmware_node/device:ad/wakeup/wakeup14/device/subsystem/ HTTP/1.1" 200 1853 "https://missmandarine.com/learning/ALFA_DATA/alfasymlink/root/sys/devices/pci0000:00/firmware_node/device:ad/wakeup/wakeup14/device/" "Mozilla/5.0 AppleWebKit/537.36 (KHTML, like Gecko; compatible; GPTBot/1.3; +https://openai.com/gptbot)"
74.7.227.25 - - [05/May/2026:11:29:03 +0200] "GET /learning/ALFA_DATA/alfasymlink/root/sys/devices/pci0000:00/firmware_node/device:ad/wakeup/wakeup14/device/path HTTP/1.1" 200 4096 "https://missmandarine.com/learning/ALFA_DATA/alfasymlink/root/sys/devices/pci0000:00/firmware_node/device:ad/wakeup/wakeup14/device/" "Mozilla/5.0 AppleWebKit/537.36 (KHTML, like Gecko; compatible; GPTBot/1.3; +https://openai.com/gptbot)"
216.73.216.211 - - [05/May/2026:11:29:04 +0200] "GET /missmandarine.ch/learning/old/main/css/chamilo/images/tab_right.jpg.sorry HTTP/1.1" 200 23697 "-" "Mozilla/5.0 AppleWebKit/537.36 (KHTML, like Gecko; compatible; ClaudeBot/1.0; +claudebot@anthropic.com)"
57.141.20.4 - - [05/May/2026:11:29:06 +0200] "GET /shopdetail/11059191 HTTP/1.1" 200 23697 "-" "meta-externalagent/1.1 (+https://developers.facebook.com/docs/sharing/webmasters/crawler)"
57.141.20.47 - - [05/May/2026:11:29:06 +0200] "GET /shopdetail/7761757 HTTP/1.1" 200 23697 "-" "meta-externalagent/1.1 (+https://developers.facebook.com/docs/sharing/webmasters/crawler)"
57.141.20.69 - - [05/May/2026:11:29:07 +0200] "GET /shopdetail/10390957 HTTP/1.1" 200 23697 "-" "meta-externalagent/1.1 (+https://developers.facebook.com/docs/sharing/webmasters/crawler)"
216.73.216.211 - - [05/May/2026:11:29:08 +0200] "GET /missmandarine.ch/admin/actualite/?C=N&O=A HTTP/1.1" 200 2221 "-" "Mozilla/5.0 AppleWebKit/537.36 (KHTML, like Gecko; compatible; ClaudeBot/1.0; +claudebot@anthropic.com)"
74.7.227.25 - - [05/May/2026:11:29:09 +0200] "GET /learning/ALFA_DATA/alfasymlink/root/sys/devices/pci0000:00/firmware_node/device:ad/wakeup/wakeup14/device/power/ HTTP/1.1" 200 1875 "https://missmandarine.com/learning/ALFA_DATA/alfasymlink/root/sys/devices/pci0000:00/firmware_node/device:ad/wakeup/wakeup14/device/" "Mozilla/5.0 AppleWebKit/537.36 (KHTML, like Gecko; compatible; GPTBot/1.3; +https://openai.com/gptbot)"
74.7.227.25 - - [05/May/2026:11:29:09 +0200] "GET /learning/ALFA_DATA/alfasymlink/root/sys/devices/pci0000:00/firmware_node/device:ad/wakeup/wakeup14/device/uevent HTTP/1.1" 200 4096 "https://missmandarine.com/learning/ALFA_DATA/alfasymlink/root/sys/devices/pci0000:00/firmware_node/device:ad/wakeup/wakeup14/device/" "Mozilla/5.0 AppleWebKit/537.36 (KHTML, like Gecko; compatible; GPTBot/1.3; +https://openai.com/gptbot)"
216.73.216.211 - - [05/May/2026:11:29:13 +0200] "GET /missmandarine.ch/learning/old/main/lang/friulian/myagenda.inc.php.sorry HTTP/1.1" 200 23697 "-" "Mozilla/5.0 AppleWebKit/537.36 (KHTML, like Gecko; compatible; ClaudeBot/1.0; +claudebot@anthropic.com)"
74.7.227.25 - - [05/May/2026:11:29:15 +0200] "GET /learning/ALFA_DATA/alfasymlink/root/sys/devices/pci0000:00/firmware_node/device:ad/wakeup/wakeup14/device/status HTTP/1.1" 200 4096 "https://missmandarine.com/learning/ALFA_DATA/alfasymlink/root/sys/devices/pci0000:00/firmware_node/device:ad/wakeup/wakeup14/device/" "Mozilla/5.0 AppleWebKit/537.36 (KHTML, like Gecko; compatible; GPTBot/1.3; +https://openai.com/gptbot)"
57.141.20.57 - - [05/May/2026:11:29:16 +0200] "GET /shopdetail/14827280 HTTP/1.1" 200 23697 "-" "meta-externalagent/1.1 (+https://developers.facebook.com/docs/sharing/webmasters/crawler)"
57.141.20.14 - - [05/May/2026:11:29:17 +0200] "GET /shopdetail/17912546 HTTP/1.1" 200 23697 "-" "meta-externalagent/1.1 (+https://developers.facebook.com/docs/sharing/webmasters/crawler)"
57.141.20.35 - - [05/May/2026:11:29:17 +0200] "GET /shopdetail/31139802 HTTP/1.1" 200 23697 "-" "meta-externalagent/1.1 (+https://developers.facebook.com/docs/sharing/webmasters/crawler)"
57.141.20.52 - - [05/May/2026:11:29:17 +0200] "GET /shopdetail/9937724 HTTP/1.1" 200 23697 "-" "meta-externalagent/1.1 (+https://developers.facebook.com/docs/sharing/webmasters/crawler)"
57.141.20.38 - - [05/May/2026:11:29:17 +0200] "GET /shopdetail/1704835 HTTP/1.1" 200 23697 "-" "meta-externalagent/1.1 (+https://developers.facebook.com/docs/sharing/webmasters/crawler)"
216.73.216.211 - - [05/May/2026:11:29:18 +0200] "GET /missmandarine.ch/learning/old/plugin/dashboard/block_global_info/css/?C=N&O=A HTTP/1.1" 200 234 "-" "Mozilla/5.0 AppleWebKit/537.36 (KHTML, like Gecko; compatible; ClaudeBot/1.0; +claudebot@anthropic.com)"
74.7.227.25 - - [05/May/2026:11:29:21 +0200] "GET /learning/ALFA_DATA/alfasymlink/root/sys/devices/pci0000:00/firmware_node/device:ad/wakeup/wakeup14/device/adr HTTP/1.1" 200 4096 "https://missmandarine.com/learning/ALFA_DATA/alfasymlink/root/sys/devices/pci0000:00/firmware_node/device:ad/wakeup/wakeup14/device/" "Mozilla/5.0 AppleWebKit/537.36 (KHTML, like Gecko; compatible; GPTBot/1.3; +https://openai.com/gptbot)"
216.73.216.211 - - [05/May/2026:11:29:23 +0200] "GET /missmandarine.ch/learning/old/main/css/fruity_orange/?C=S&O=D HTTP/1.1" 200 2727 "-" "Mozilla/5.0 AppleWebKit/537.36 (KHTML, like Gecko; compatible; ClaudeBot/1.0; +claudebot@anthropic.com)"
72.60.40.175 - - [05/May/2026:11:29:26 +0200] "GET /news/ HTTP/1.1" 301 - "-" "Mozilla/5.0 (Windows NT 10.0; Win64; x64) AppleWebKit/537.36"
57.141.20.10 - - [05/May/2026:11:29:27 +0200] "GET /shopdetail/23179635 HTTP/1.1" 200 23697 "-" "meta-externalagent/1.1 (+https://developers.facebook.com/docs/sharing/webmasters/crawler)"
57.141.20.65 - - [05/May/2026:11:29:27 +0200] "GET /shopdetail/22712546 HTTP/1.1" 200 23697 "-" "meta-externalagent/1.1 (+https://developers.facebook.com/docs/sharing/webmasters/crawler)"
57.141.20.20 - - [05/May/2026:11:29:28 +0200] "GET /shopdetail/6132891 HTTP/1.1" 200 23697 "-" "meta-externalagent/1.1 (+https://developers.facebook.com/docs/sharing/webmasters/crawler)"
216.73.216.211 - - [05/May/2026:11:29:28 +0200] "GET /missmandarine.ch/learning/old/main/lang/georgian/announcements.inc.php.sorry HTTP/1.1" 200 23697 "-" "Mozilla/5.0 AppleWebKit/537.36 (KHTML, like Gecko; compatible; ClaudeBot/1.0; +claudebot@anthropic.com)"
216.73.216.211 - - [05/May/2026:11:29:33 +0200] "GET /missmandarine.ch/learning/old/main/template/default/layout/?C=N&O=D HTTP/1.1" 200 14758 "-" "Mozilla/5.0 AppleWebKit/537.36 (KHTML, like Gecko; compatible; ClaudeBot/1.0; +claudebot@anthropic.com)"
57.141.20.57 - - [05/May/2026:11:29:33 +0200] "GET /shopdetail/15636080 HTTP/1.1" 200 23697 "-" "meta-externalagent/1.1 (+https://developers.facebook.com/docs/sharing/webmasters/crawler)"
74.7.227.25 - - [05/May/2026:11:29:34 +0200] "GET /learning/ALFA_DATA/alfasymlink/root/lib/modules/3.10.0-1160.144.1.el7.tuxcare.els4.x86_64/kernel/net/ipv6/netfilter/nf_tables_ipv6.ko.xz HTTP/1.1" 200 2684 "https://missmandarine.com/learning/ALFA_DATA/alfasymlink/root/lib/modules/3.10.0-1160.144.1.el7.tuxcare.els4.x86_64/kernel/net/ipv6/netfilter/" "Mozilla/5.0 AppleWebKit/537.36 (KHTML, like Gecko; compatible; GPTBot/1.3; +https://openai.com/gptbot)"
57.141.20.65 - - [05/May/2026:11:29:42 +0200] "GET /shopdetail/13289646 HTTP/1.1" 200 23697 "-" "meta-externalagent/1.1 (+https://developers.facebook.com/docs/sharing/webmasters/crawler)"
57.141.20.7 - - [05/May/2026:11:29:42 +0200] "GET /shopdetail/16522668 HTTP/1.1" 200 23697 "-" "meta-externalagent/1.1 (+https://developers.facebook.com/docs/sharing/webmasters/crawler)"
57.141.20.7 - - [05/May/2026:11:29:42 +0200] "GET /shopdetail/10800313 HTTP/1.1" 200 23697 "-" "meta-externalagent/1.1 (+https://developers.facebook.com/docs/sharing/webmasters/crawler)"
57.141.20.12 - - [05/May/2026:11:29:43 +0200] "GET /shopdetail/12372291 HTTP/1.1" 200 23697 "-" "meta-externalagent/1.1 (+https://developers.facebook.com/docs/sharing/webmasters/crawler)"
57.141.20.17 - - [05/May/2026:11:29:43 +0200] "GET /shopdetail/2007757 HTTP/1.1" 200 23697 "-" "meta-externalagent/1.1 (+https://developers.facebook.com/docs/sharing/webmasters/crawler)"
57.141.20.29 - - [05/May/2026:11:29:43 +0200] "GET /shopdetail/12808768 HTTP/1.1" 200 23697 "-" "meta-externalagent/1.1 (+https://developers.facebook.com/docs/sharing/webmasters/crawler)"
216.73.216.211 - - [05/May/2026:11:29:44 +0200] "GET /missmandarine.ch/learning/old/main/css/fruity_orange/images/button_accept.gif.sorry HTTP/1.1" 200 23697 "-" "Mozilla/5.0 AppleWebKit/537.36 (KHTML, like Gecko; compatible; ClaudeBot/1.0; +claudebot@anthropic.com)"
216.73.216.211 - - [05/May/2026:11:29:48 +0200] "GET /pics/images/c/g/f/?C=N&O=A HTTP/1.1" 200 675 "-" "Mozilla/5.0 AppleWebKit/537.36 (KHTML, like Gecko; compatible; ClaudeBot/1.0; +claudebot@anthropic.com)"
57.141.20.38 - - [05/May/2026:11:29:51 +0200] "GET /shopdetail/20139679 HTTP/1.1" 200 23697 "-" "meta-externalagent/1.1 (+https://developers.facebook.com/docs/sharing/webmasters/crawler)"
216.73.216.211 - - [05/May/2026:11:29:53 +0200] "GET /missmandarine.ch/learning/old/main/conference/?C=N&O=D HTTP/1.1" 500 - "-" "Mozilla/5.0 AppleWebKit/537.36 (KHTML, like Gecko; compatible; ClaudeBot/1.0; +claudebot@anthropic.com)"
147.135.213.32 - - [05/May/2026:11:29:55 +0200] "GET /robots.txt HTTP/1.1" 200 75 "-" "Mozilla/5.0 (compatible; MJ12bot/v1.4.8; http://mj12bot.com/)"
147.135.213.32 - - [05/May/2026:11:29:56 +0200] "GET /learning/admin/cas/?C=D;O=A HTTP/1.1" 200 1967 "-" "Mozilla/5.0 (compatible; MJ12bot/v1.4.8; http://mj12bot.com/)"
147.135.213.32 - - [05/May/2026:11:29:58 +0200] "GET /robots.txt HTTP/1.1" 200 75 "-" "Mozilla/5.0 (compatible; MJ12bot/v1.4.8; http://mj12bot.com/)"
216.73.216.211 - - [05/May/2026:11:29:59 +0200] "GET /missmandarine.ch/learning/old/main/img/home.gif.sorry HTTP/1.1" 200 23697 "-" "Mozilla/5.0 AppleWebKit/537.36 (KHTML, like Gecko; compatible; ClaudeBot/1.0; +claudebot@anthropic.com)"
216.73.216.211 - - [05/May/2026:11:29:59 +0200] "GET /missmandarine.ch/learning/old/courses/TEM/?C=S&O=A HTTP/1.1" 200 - "-" "Mozilla/5.0 AppleWebKit/537.36 (KHTML, like Gecko; compatible; ClaudeBot/1.0; +claudebot@anthropic.com)"
216.73.216.211 - - [05/May/2026:11:30:00 +0200] "GET /missmandarine.ch/learning/old/main/lang/basque/?C=M&O=A HTTP/1.1" 200 44 "-" "Mozilla/5.0 AppleWebKit/537.36 (KHTML, like Gecko; compatible; ClaudeBot/1.0; +claudebot@anthropic.com)"
147.135.213.32 - - [05/May/2026:11:30:00 +0200] "GET /pics/images/e/f/?C=N;O=D HTTP/1.1" 200 2029 "-" "Mozilla/5.0 (compatible; MJ12bot/v1.4.8; http://mj12bot.com/)"
216.73.216.211 - - [05/May/2026:11:30:00 +0200] "GET /pics/images/d/g/h/?C=S&O=A HTTP/1.1" 200 675 "-" "Mozilla/5.0 AppleWebKit/537.36 (KHTML, like Gecko; compatible; ClaudeBot/1.0; +claudebot@anthropic.com)"
216.73.216.211 - - [05/May/2026:11:30:01 +0200] "GET /missmandarine.ch/learning/old/main/auth/external_login/?C=D&O=A HTTP/1.1" 200 2419 "-" "Mozilla/5.0 AppleWebKit/537.36 (KHTML, like Gecko; compatible; ClaudeBot/1.0; +claudebot@anthropic.com)"
216.73.216.211 - - [05/May/2026:11:30:01 +0200] "GET /learning/file/flash/1423750867/assets/fr/?C=D&O=D HTTP/1.1" 200 1618 "-" "Mozilla/5.0 AppleWebKit/537.36 (KHTML, like Gecko; compatible; ClaudeBot/1.0; +claudebot@anthropic.com)"
147.135.213.32 - - [05/May/2026:11:30:02 +0200] "GET /pics/images/e/g/?C=D;O=A HTTP/1.1" 200 2029 "-" "Mozilla/5.0 (compatible; MJ12bot/v1.4.8; http://mj12bot.com/)"
216.73.216.211 - - [05/May/2026:11:30:02 +0200] "GET /missmandarine.ch/learning/old/main/img/mov.gif.sorry HTTP/1.1" 200 23697 "-" "Mozilla/5.0 AppleWebKit/537.36 (KHTML, like Gecko; compatible; ClaudeBot/1.0; +claudebot@anthropic.com)"
216.73.216.211 - - [05/May/2026:11:30:02 +0200] "GET /missmandarine.ch/learning/old/main/img/page.png.sorry HTTP/1.1" 200 23697 "-" "Mozilla/5.0 AppleWebKit/537.36 (KHTML, like Gecko; compatible; ClaudeBot/1.0; +claudebot@anthropic.com)"
216.73.216.211 - - [05/May/2026:11:30:03 +0200] "GET /missmandarine.ch/learning/old/main/img/admin_star.png.sorry HTTP/1.1" 200 23697 "-" "Mozilla/5.0 AppleWebKit/537.36 (KHTML, like Gecko; compatible; ClaudeBot/1.0; +claudebot@anthropic.com)"
216.73.216.211 - - [05/May/2026:11:30:04 +0200] "GET /missmandarine.ch/learning/img/evaluation/?C=D&O=D HTTP/1.1" 200 917 "-" "Mozilla/5.0 AppleWebKit/537.36 (KHTML, like Gecko; compatible; ClaudeBot/1.0; +claudebot@anthropic.com)"
57.141.20.16 - - [05/May/2026:11:30:04 +0200] "GET /shopdetail/22530591 HTTP/1.1" 200 23697 "-" "meta-externalagent/1.1 (+https://developers.facebook.com/docs/sharing/webmasters/crawler)"
147.135.213.32 - - [05/May/2026:11:30:04 +0200] "GET /pics/images/f/?C=M;O=D HTTP/1.1" 200 2023 "-" "Mozilla/5.0 (compatible; MJ12bot/v1.4.8; http://mj12bot.com/)"
57.141.20.60 - - [05/May/2026:11:30:04 +0200] "GET /shopdetail/23188591 HTTP/1.1" 200 23697 "-" "meta-externalagent/1.1 (+https://developers.facebook.com/docs/sharing/webmasters/crawler)"
216.73.216.211 - - [05/May/2026:11:30:04 +0200] "GET /missmandarine.ch/learning/old/main/lang/asturian/trad4all.inc.php.sorry HTTP/1.1" 200 23697 "-" "Mozilla/5.0 AppleWebKit/537.36 (KHTML, like Gecko; compatible; ClaudeBot/1.0; +claudebot@anthropic.com)"
216.73.216.211 - - [05/May/2026:11:30:05 +0200] "GET /missmandarine.ch/learning/old/main/css/mm_foreground.png.sorry HTTP/1.1" 200 23697 "-" "Mozilla/5.0 AppleWebKit/537.36 (KHTML, like Gecko; compatible; ClaudeBot/1.0; +claudebot@anthropic.com)"
216.73.216.211 - - [05/May/2026:11:30:05 +0200] "GET /img-old/slider/tmp/5936a26ddb587.jpg.sorry HTTP/1.1" 200 23697 "-" "Mozilla/5.0 AppleWebKit/537.36 (KHTML, like Gecko; compatible; ClaudeBot/1.0; +claudebot@anthropic.com)"
216.73.216.211 - - [05/May/2026:11:30:06 +0200] "GET /vendor/cocur/slugify/src/Bridge/?C=M&O=A HTTP/1.1" 200 1931 "-" "Mozilla/5.0 AppleWebKit/537.36 (KHTML, like Gecko; compatible; ClaudeBot/1.0; +claudebot@anthropic.com)"
147.135.213.32 - - [05/May/2026:11:30:06 +0200] "GET /pics/images/f/?C=S;O=D HTTP/1.1" 200 2023 "-" "Mozilla/5.0 (compatible; MJ12bot/v1.4.8; http://mj12bot.com/)"
216.73.216.211 - - [05/May/2026:11:30:06 +0200] "GET /missmandarine.ch/learning/old/main/css/chamilo_green/images/ HTTP/1.1" 200 10633 "-" "Mozilla/5.0 AppleWebKit/537.36 (KHTML, like Gecko; compatible; ClaudeBot/1.0; +claudebot@anthropic.com)"
216.73.216.211 - - [05/May/2026:11:30:07 +0200] "GET /learning/file/flash/1425464283/images/preloader53.gif.sorry HTTP/1.1" 200 23697 "-" "Mozilla/5.0 AppleWebKit/537.36 (KHTML, like Gecko; compatible; ClaudeBot/1.0; +claudebot@anthropic.com)"
216.73.216.211 - - [05/May/2026:11:30:08 +0200] "GET /missmandarine.ch/learning/old/plugin/dashboard/?C=S&O=A HTTP/1.1" 200 234 "-" "Mozilla/5.0 AppleWebKit/537.36 (KHTML, like Gecko; compatible; ClaudeBot/1.0; +claudebot@anthropic.com)"
147.135.213.32 - - [05/May/2026:11:30:08 +0200] "GET /pics/images/f/a/?C=D;O=A HTTP/1.1" 200 2029 "-" "Mozilla/5.0 (compatible; MJ12bot/v1.4.8; http://mj12bot.com/)"
57.141.20.0 - - [05/May/2026:11:30:08 +0200] "GET /shopdetail/12038480 HTTP/1.1" 200 23697 "-" "meta-externalagent/1.1 (+https://developers.facebook.com/docs/sharing/webmasters/crawler)"
216.73.216.211 - - [05/May/2026:11:30:08 +0200] "GET /learning/old/main/default_course_document/images/small/mime_pdf.jpg.sorry HTTP/1.1" 200 23697 "-" "Mozilla/5.0 AppleWebKit/537.36 (KHTML, like Gecko; compatible; ClaudeBot/1.0; +claudebot@anthropic.com)"
216.73.216.211 - - [05/May/2026:11:30:09 +0200] "GET /learning/file/flash/1423751012/xml/?C=D&O=D HTTP/1.1" 200 900 "-" "Mozilla/5.0 AppleWebKit/537.36 (KHTML, like Gecko; compatible; ClaudeBot/1.0; +claudebot@anthropic.com)"
147.135.213.32 - - [05/May/2026:11:30:10 +0200] "GET /pics/images/f/a/?C=M;O=A HTTP/1.1" 200 2029 "-" "Mozilla/5.0 (compatible; MJ12bot/v1.4.8; http://mj12bot.com/)"
216.73.216.211 - - [05/May/2026:11:30:10 +0200] "GET /missmandarine.ch/learning/admin/lib/tinymce/plugins/image/?C=N&O=D HTTP/1.1" 200 972 "-" "Mozilla/5.0 AppleWebKit/537.36 (KHTML, like Gecko; compatible; ClaudeBot/1.0; +claudebot@anthropic.com)"
216.73.216.211 - - [05/May/2026:11:30:10 +0200] "GET /learning/old/main/img/file_txt.gif.sorry HTTP/1.1" 200 23697 "-" "Mozilla/5.0 AppleWebKit/537.36 (KHTML, like Gecko; compatible; ClaudeBot/1.0; +claudebot@anthropic.com)"
216.73.216.211 - - [05/May/2026:11:30:11 +0200] "GET /learning/old/main/lang/vietnamese/?C=N&O=D HTTP/1.1" 200 44 "-" "Mozilla/5.0 AppleWebKit/537.36 (KHTML, like Gecko; compatible; ClaudeBot/1.0; +claudebot@anthropic.com)"
147.135.213.32 - - [05/May/2026:11:30:12 +0200] "GET /pics/images/f/a/?C=N;O=D HTTP/1.1" 200 2029 "-" "Mozilla/5.0 (compatible; MJ12bot/v1.4.8; http://mj12bot.com/)"
74.7.227.25 - - [05/May/2026:11:30:12 +0200] "GET /learning/ALFA_DATA/alfasymlink/root/lib/modules/3.10.0-1160.144.1.el7.tuxcare.els4.x86_64/kernel/net/ipv6/netfilter/nf_defrag_ipv6.ko.xz HTTP/1.1" 200 7920 "https://missmandarine.com/learning/ALFA_DATA/alfasymlink/root/lib/modules/3.10.0-1160.144.1.el7.tuxcare.els4.x86_64/kernel/net/ipv6/netfilter/" "Mozilla/5.0 AppleWebKit/537.36 (KHTML, like Gecko; compatible; GPTBot/1.3; +https://openai.com/gptbot)"
216.73.216.211 - - [05/May/2026:11:30:12 +0200] "GET /missmandarine.ch/learning/admin/lib/tinymce/plugins/lists/?C=D&O=A HTTP/1.1" 200 972 "-" "Mozilla/5.0 AppleWebKit/537.36 (KHTML, like Gecko; compatible; ClaudeBot/1.0; +claudebot@anthropic.com)"
216.73.216.211 - - [05/May/2026:11:30:13 +0200] "GET /learning/old/main/css/dokeos_classic/images/button_add.gif.sorry HTTP/1.1" 200 23697 "-" "Mozilla/5.0 AppleWebKit/537.36 (KHTML, like Gecko; compatible; ClaudeBot/1.0; +claudebot@anthropic.com)"
147.135.213.32 - - [05/May/2026:11:30:13 +0200] "GET /pics/images/f/a/?C=S;O=A HTTP/1.1" 200 2029 "-" "Mozilla/5.0 (compatible; MJ12bot/v1.4.8; http://mj12bot.com/)"
216.73.216.211 - - [05/May/2026:11:30:13 +0200] "GET /missmandarine.ch/learning/old/main/lang/bulgarian/chat.inc.php.sorry HTTP/1.1" 200 23697 "-" "Mozilla/5.0 AppleWebKit/537.36 (KHTML, like Gecko; compatible; ClaudeBot/1.0; +claudebot@anthropic.com)"
147.135.213.32 - - [05/May/2026:11:30:15 +0200] "GET /pics/images/f/b/?C=D;O=A HTTP/1.1" 200 2029 "-" "Mozilla/5.0 (compatible; MJ12bot/v1.4.8; http://mj12bot.com/)"
216.73.216.211 - - [05/May/2026:11:30:16 +0200] "GET /learning/file/flash/1423751012/xml/?C=M&O=D HTTP/1.1" 200 900 "-" "Mozilla/5.0 AppleWebKit/537.36 (KHTML, like Gecko; compatible; ClaudeBot/1.0; +claudebot@anthropic.com)"
216.73.216.211 - - [05/May/2026:11:30:16 +0200] "GET /missmandarine.ch/learning/old/main/lang/brazilian/work.inc.php.sorry HTTP/1.1" 200 23697 "-" "Mozilla/5.0 AppleWebKit/537.36 (KHTML, like Gecko; compatible; ClaudeBot/1.0; +claudebot@anthropic.com)"
147.135.213.32 - - [05/May/2026:11:30:18 +0200] "GET /pics/images/f/b/?C=M;O=A HTTP/1.1" 200 2029 "-" "Mozilla/5.0 (compatible; MJ12bot/v1.4.8; http://mj12bot.com/)"
216.73.216.211 - - [05/May/2026:11:30:18 +0200] "GET /missmandarine.ch/learning/admin/lib/tinymce/plugins/lists/?C=M&O=A HTTP/1.1" 200 972 "-" "Mozilla/5.0 AppleWebKit/537.36 (KHTML, like Gecko; compatible; ClaudeBot/1.0; +claudebot@anthropic.com)"
216.73.216.211 - - [05/May/2026:11:30:18 +0200] "GET /learning/old/main/css/baby_orange/?C=D&O=A HTTP/1.1" 200 2140 "-" "Mozilla/5.0 AppleWebKit/537.36 (KHTML, like Gecko; compatible; ClaudeBot/1.0; +claudebot@anthropic.com)"
57.141.20.64 - - [05/May/2026:11:30:18 +0200] "GET /shopdetail/23308635 HTTP/1.1" 200 23697 "-" "meta-externalagent/1.1 (+https://developers.facebook.com/docs/sharing/webmasters/crawler)"
216.73.216.211 - - [05/May/2026:11:30:19 +0200] "GET /learning/old/main/img/canvas1920x1080.png.sorry HTTP/1.1" 200 23697 "-" "Mozilla/5.0 AppleWebKit/537.36 (KHTML, like Gecko; compatible; ClaudeBot/1.0; +claudebot@anthropic.com)"
57.141.20.60 - - [05/May/2026:11:30:19 +0200] "GET /shopdetail/2966957 HTTP/1.1" 200 23697 "-" "meta-externalagent/1.1 (+https://developers.facebook.com/docs/sharing/webmasters/crawler)"
147.135.213.32 - - [05/May/2026:11:30:19 +0200] "GET /pics/images/f/b/?C=N;O=D HTTP/1.1" 200 2029 "-" "Mozilla/5.0 (compatible; MJ12bot/v1.4.8; http://mj12bot.com/)"
57.141.20.0 - - [05/May/2026:11:30:19 +0200] "GET /shopdetail/9323302 HTTP/1.1" 200 23697 "-" "meta-externalagent/1.1 (+https://developers.facebook.com/docs/sharing/webmasters/crawler)"
216.73.216.211 - - [05/May/2026:11:30:19 +0200] "GET /missmandarine.ch/learning/old/main/lang/asturian/accessibility.inc.php.sorry HTTP/1.1" 200 23697 "-" "Mozilla/5.0 AppleWebKit/537.36 (KHTML, like Gecko; compatible; ClaudeBot/1.0; +claudebot@anthropic.com)"
216.73.216.211 - - [05/May/2026:11:30:20 +0200] "GET /missmandarine.ch/learning/old/main/lang/pashto/group.inc.php.sorry HTTP/1.1" 200 23697 "-" "Mozilla/5.0 AppleWebKit/537.36 (KHTML, like Gecko; compatible; ClaudeBot/1.0; +claudebot@anthropic.com)"
216.73.216.211 - - [05/May/2026:11:30:21 +0200] "GET /learning/old/main/css/baby_orange/?C=M&O=A HTTP/1.1" 200 2140 "-" "Mozilla/5.0 AppleWebKit/537.36 (KHTML, like Gecko; compatible; ClaudeBot/1.0; +claudebot@anthropic.com)"
216.73.216.211 - - [05/May/2026:11:30:21 +0200] "GET /missmandarine.ch/learning/old/main/lang/latvian/course_info.inc.php.sorry HTTP/1.1" 200 23697 "-" "Mozilla/5.0 AppleWebKit/537.36 (KHTML, like Gecko; compatible; ClaudeBot/1.0; +claudebot@anthropic.com)"
147.135.213.32 - - [05/May/2026:11:30:21 +0200] "GET /pics/images/f/b/?C=S;O=A HTTP/1.1" 200 2029 "-" "Mozilla/5.0 (compatible; MJ12bot/v1.4.8; http://mj12bot.com/)"
216.73.216.211 - - [05/May/2026:11:30:21 +0200] "GET /missmandarine.ch/learning/old/main/lang/vietnamese/install.inc.php.sorry HTTP/1.1" 200 23697 "-" "Mozilla/5.0 AppleWebKit/537.36 (KHTML, like Gecko; compatible; ClaudeBot/1.0; +claudebot@anthropic.com)"
216.73.216.211 - - [05/May/2026:11:30:22 +0200] "GET /missmandarine.ch/learning/old/main/lang/brazilian/create_course.inc.php.sorry HTTP/1.1" 200 23697 "-" "Mozilla/5.0 AppleWebKit/537.36 (KHTML, like Gecko; compatible; ClaudeBot/1.0; +claudebot@anthropic.com)"
216.73.216.211 - - [05/May/2026:11:30:23 +0200] "GET /learning/old/main/lang/greek/?C=S&O=A HTTP/1.1" 200 44 "-" "Mozilla/5.0 AppleWebKit/537.36 (KHTML, like Gecko; compatible; ClaudeBot/1.0; +claudebot@anthropic.com)"
52.140.232.160 - - [05/May/2026:11:30:23 +0200] "GET / HTTP/1.1" 200 23697 "-" "Mozilla/5.0 (compatible; MSIE 9.0; Windows NT 6.1; Trident/5.0; AppInsights)"
216.73.216.211 - - [05/May/2026:11:30:23 +0200] "GET /learning/old/main/lang/hindi/?C=D&O=A HTTP/1.1" 200 234 "-" "Mozilla/5.0 AppleWebKit/537.36 (KHTML, like Gecko; compatible; ClaudeBot/1.0; +claudebot@anthropic.com)"
147.135.213.32 - - [05/May/2026:11:30:23 +0200] "GET /pics/images/f/c/?C=D;O=A HTTP/1.1" 200 2029 "-" "Mozilla/5.0 (compatible; MJ12bot/v1.4.8; http://mj12bot.com/)"
216.73.216.211 - - [05/May/2026:11:30:23 +0200] "GET /missmandarine.ch/js/tinymce/plugins/?C=N&O=D HTTP/1.1" 200 8545 "-" "Mozilla/5.0 AppleWebKit/537.36 (KHTML, like Gecko; compatible; ClaudeBot/1.0; +claudebot@anthropic.com)"
216.73.216.211 - - [05/May/2026:11:30:24 +0200] "GET /learning/old/main/lang/hindi/?C=M&O=A HTTP/1.1" 200 234 "-" "Mozilla/5.0 AppleWebKit/537.36 (KHTML, like Gecko; compatible; ClaudeBot/1.0; +claudebot@anthropic.com)"
216.73.216.211 - - [05/May/2026:11:30:24 +0200] "GET /learning/old/main/img/social_group_moderator.png.sorry HTTP/1.1" 200 23697 "-" "Mozilla/5.0 AppleWebKit/537.36 (KHTML, like Gecko; compatible; ClaudeBot/1.0; +claudebot@anthropic.com)"
147.135.213.32 - - [05/May/2026:11:30:25 +0200] "GET /pics/images/f/c/?C=M;O=A HTTP/1.1" 200 2029 "-" "Mozilla/5.0 (compatible; MJ12bot/v1.4.8; http://mj12bot.com/)"
216.73.216.211 - - [05/May/2026:11:30:25 +0200] "GET /missmandarine.ch/learning/old/main/lang/bulgarian/scormdocument.inc.php.sorry HTTP/1.1" 200 23697 "-" "Mozilla/5.0 AppleWebKit/537.36 (KHTML, like Gecko; compatible; ClaudeBot/1.0; +claudebot@anthropic.com)"
147.135.213.32 - - [05/May/2026:11:30:26 +0200] "GET /pics/images/f/c/?C=S;O=A HTTP/1.1" 200 2029 "-" "Mozilla/5.0 (compatible; MJ12bot/v1.4.8; http://mj12bot.com/)"
216.73.216.211 - - [05/May/2026:11:30:27 +0200] "GET /missmandarine.ch/learning/old/plugin/static/lang/english.php.sorry HTTP/1.1" 200 23697 "-" "Mozilla/5.0 AppleWebKit/537.36 (KHTML, like Gecko; compatible; ClaudeBot/1.0; +claudebot@anthropic.com)"
216.73.216.211 - - [05/May/2026:11:30:27 +0200] "GET /missmandarine.ch/learning/old/main/reports/templates/generic.reports.php.sorry HTTP/1.1" 200 23697 "-" "Mozilla/5.0 AppleWebKit/537.36 (KHTML, like Gecko; compatible; ClaudeBot/1.0; +claudebot@anthropic.com)"
147.135.213.32 - - [05/May/2026:11:30:28 +0200] "GET /pics/images/f/d/?C=D;O=A HTTP/1.1" 200 2029 "-" "Mozilla/5.0 (compatible; MJ12bot/v1.4.8; http://mj12bot.com/)"
216.73.216.211 - - [05/May/2026:11:30:28 +0200] "GET /missmandarine.ch/js/filemanager/force_download.php.sorry HTTP/1.1" 200 23697 "-" "Mozilla/5.0 AppleWebKit/537.36 (KHTML, like Gecko; compatible; ClaudeBot/1.0; +claudebot@anthropic.com)"
57.141.20.6 - - [05/May/2026:11:30:27 +0200] "GET /shopdetail/26858802 HTTP/1.1" 200 23697 "-" "meta-externalagent/1.1 (+https://developers.facebook.com/docs/sharing/webmasters/crawler)"
216.73.216.211 - - [05/May/2026:11:30:28 +0200] "GET /js/tinymce/plugins/link/?C=S&O=D HTTP/1.1" 200 871 "-" "Mozilla/5.0 AppleWebKit/537.36 (KHTML, like Gecko; compatible; ClaudeBot/1.0; +claudebot@anthropic.com)"
216.73.216.211 - - [05/May/2026:11:30:29 +0200] "GET /vendor/cocur/slugify/src/Slugify.php.sorry HTTP/1.1" 200 23697 "-" "Mozilla/5.0 AppleWebKit/537.36 (KHTML, like Gecko; compatible; ClaudeBot/1.0; +claudebot@anthropic.com)"
147.135.213.32 - - [05/May/2026:11:30:29 +0200] "GET /pics/images/f/d/?C=M;O=A HTTP/1.1" 200 2029 "-" "Mozilla/5.0 (compatible; MJ12bot/v1.4.8; http://mj12bot.com/)"
216.73.216.211 - - [05/May/2026:11:30:29 +0200] "GET /missmandarine.ch/js/filemanager/execute.php.sorry HTTP/1.1" 200 23697 "-" "Mozilla/5.0 AppleWebKit/537.36 (KHTML, like Gecko; compatible; ClaudeBot/1.0; +claudebot@anthropic.com)"
216.73.216.211 - - [05/May/2026:11:30:30 +0200] "GET /missmandarine.ch/learning/old/plugin/hello_world/plugin.php.sorry HTTP/1.1" 200 23697 "-" "Mozilla/5.0 AppleWebKit/537.36 (KHTML, like Gecko; compatible; ClaudeBot/1.0; +claudebot@anthropic.com)"
216.73.216.211 - - [05/May/2026:11:30:31 +0200] "GET /missmandarine.ch/learning/old/main/notebook/controller.class.php.sorry HTTP/1.1" 200 23697 "-" "Mozilla/5.0 AppleWebKit/537.36 (KHTML, like Gecko; compatible; ClaudeBot/1.0; +claudebot@anthropic.com)"
147.135.213.32 - - [05/May/2026:11:30:31 +0200] "GET /pics/images/f/d/?C=N;O=D HTTP/1.1" 200 2029 "-" "Mozilla/5.0 (compatible; MJ12bot/v1.4.8; http://mj12bot.com/)"
216.73.216.211 - - [05/May/2026:11:30:31 +0200] "GET /missmandarine.ch/learning/old/main/course_description/controller.class.php.sorry HTTP/1.1" 200 23697 "-" "Mozilla/5.0 AppleWebKit/537.36 (KHTML, like Gecko; compatible; ClaudeBot/1.0; +claudebot@anthropic.com)"
216.73.216.211 - - [05/May/2026:11:30:32 +0200] "GET /learning/old/main/img/statistics_bis.gif.sorry HTTP/1.1" 200 23697 "-" "Mozilla/5.0 AppleWebKit/537.36 (KHTML, like Gecko; compatible; ClaudeBot/1.0; +claudebot@anthropic.com)"
216.73.216.211 - - [05/May/2026:11:30:33 +0200] "GET /learning/old/main/css/public_admin/?C=N&O=D HTTP/1.1" 200 2142 "-" "Mozilla/5.0 AppleWebKit/537.36 (KHTML, like Gecko; compatible; ClaudeBot/1.0; +claudebot@anthropic.com)"
147.135.213.32 - - [05/May/2026:11:30:33 +0200] "GET /pics/images/f/d/?C=S;O=A HTTP/1.1" 200 2029 "-" "Mozilla/5.0 (compatible; MJ12bot/v1.4.8; http://mj12bot.com/)"
216.73.216.211 - - [05/May/2026:11:30:33 +0200] "GET /learning/old/main/img/anim-loader.gif.sorry HTTP/1.1" 200 23697 "-" "Mozilla/5.0 AppleWebKit/537.36 (KHTML, like Gecko; compatible; ClaudeBot/1.0; +claudebot@anthropic.com)"
57.141.20.27 - - [05/May/2026:11:30:33 +0200] "GET /shopdetail/6516913 HTTP/1.1" 200 23697 "-" "meta-externalagent/1.1 (+https://developers.facebook.com/docs/sharing/webmasters/crawler)"
57.141.20.7 - - [05/May/2026:11:30:33 +0200] "GET /shopdetail/20643135 HTTP/1.1" 200 23697 "-" "meta-externalagent/1.1 (+https://developers.facebook.com/docs/sharing/webmasters/crawler)"
216.73.216.211 - - [05/May/2026:11:30:33 +0200] "GET /learning/old/main/lang/polish/course_home.inc.php.sorry HTTP/1.1" 200 23697 "-" "Mozilla/5.0 AppleWebKit/537.36 (KHTML, like Gecko; compatible; ClaudeBot/1.0; +claudebot@anthropic.com)"
