216.73.216.211 - - [05/May/2026:10:06:26 +0200] "GET /missmandarine.ch/js/jquery/?C=S&O=D HTTP/1.1" 200 1054 "-" "Mozilla/5.0 AppleWebKit/537.36 (KHTML, like Gecko; compatible; ClaudeBot/1.0; +claudebot@anthropic.com)"
51.105.9.128 - - [05/May/2026:10:06:27 +0200] "GET / HTTP/1.1" 200 23697 "-" "Mozilla/5.0 (compatible; MSIE 9.0; Windows NT 6.1; Trident/5.0; AppInsights)"
57.141.20.26 - - [05/May/2026:10:06:29 +0200] "GET /shopdetail/2070435 HTTP/1.1" 200 23697 "-" "meta-externalagent/1.1 (+https://developers.facebook.com/docs/sharing/webmasters/crawler)"
216.73.216.211 - - [05/May/2026:10:06:31 +0200] "GET /missmandarine.ch/learning/old/main/img/request_info.gif.sorry HTTP/1.1" 200 23697 "-" "Mozilla/5.0 AppleWebKit/537.36 (KHTML, like Gecko; compatible; ClaudeBot/1.0; +claudebot@anthropic.com)"
216.73.216.211 - - [05/May/2026:10:06:36 +0200] "GET /missmandarine.ch/learning/old/main/lang/hindi/exercice.inc.php.sorry HTTP/1.1" 200 23697 "-" "Mozilla/5.0 AppleWebKit/537.36 (KHTML, like Gecko; compatible; ClaudeBot/1.0; +claudebot@anthropic.com)"
57.141.20.37 - - [05/May/2026:10:06:41 +0200] "GET /shopdetail/23038102 HTTP/1.1" 200 23697 "-" "meta-externalagent/1.1 (+https://developers.facebook.com/docs/sharing/webmasters/crawler)"
216.73.216.211 - - [05/May/2026:10:06:41 +0200] "GET /missmandarine.ch/learning/old/main/img/leftactive.gif.sorry HTTP/1.1" 200 23697 "-" "Mozilla/5.0 AppleWebKit/537.36 (KHTML, like Gecko; compatible; ClaudeBot/1.0; +claudebot@anthropic.com)"
216.73.216.211 - - [05/May/2026:10:06:46 +0200] "GET /missmandarine.ch/learning/old/main/css/royal_purple/ HTTP/1.1" 200 2725 "-" "Mozilla/5.0 AppleWebKit/537.36 (KHTML, like Gecko; compatible; ClaudeBot/1.0; +claudebot@anthropic.com)"
74.7.227.25 - - [05/May/2026:10:06:48 +0200] "GET /learning/ALFA_DATA/alfasymlink/root/sys/devices/pci0000:00/firmware_node/device:ad/wakeup/wakeup14/subsystem/wakeup43/name HTTP/1.1" 200 4096 "https://missmandarine.com/learning/ALFA_DATA/alfasymlink/root/sys/devices/pci0000:00/firmware_node/device:ad/wakeup/wakeup14/subsystem/wakeup43/" "Mozilla/5.0 AppleWebKit/537.36 (KHTML, like Gecko; compatible; GPTBot/1.3; +https://openai.com/gptbot)"
57.141.20.1 - - [05/May/2026:10:06:50 +0200] "GET /shopdetail/13587835 HTTP/1.1" 200 23697 "-" "meta-externalagent/1.1 (+https://developers.facebook.com/docs/sharing/webmasters/crawler)"
57.141.20.58 - - [05/May/2026:10:06:51 +0200] "GET /shopdetail/14070946 HTTP/1.1" 200 23697 "-" "meta-externalagent/1.1 (+https://developers.facebook.com/docs/sharing/webmasters/crawler)"
57.141.20.4 - - [05/May/2026:10:06:51 +0200] "GET /shopdetail/20951702 HTTP/1.1" 200 23697 "-" "meta-externalagent/1.1 (+https://developers.facebook.com/docs/sharing/webmasters/crawler)"
216.73.216.211 - - [05/May/2026:10:06:52 +0200] "GET /missmandarine.ch/learning/old/main/conference/classroom.swf.sorry HTTP/1.1" 200 23697 "-" "Mozilla/5.0 AppleWebKit/537.36 (KHTML, like Gecko; compatible; ClaudeBot/1.0; +claudebot@anthropic.com)"
57.141.20.44 - - [05/May/2026:10:06:52 +0200] "GET /shopdetail/23032435 HTTP/1.1" 200 23697 "-" "meta-externalagent/1.1 (+https://developers.facebook.com/docs/sharing/webmasters/crawler)"
57.141.20.71 - - [05/May/2026:10:06:52 +0200] "GET /shopdetail/24813079 HTTP/1.1" 200 23697 "-" "meta-externalagent/1.1 (+https://developers.facebook.com/docs/sharing/webmasters/crawler)"
216.73.216.211 - - [05/May/2026:10:06:57 +0200] "GET /missmandarine.ch/learning/old/plugin/rss/lang/?C=M&O=A HTTP/1.1" 200 1292 "-" "Mozilla/5.0 AppleWebKit/537.36 (KHTML, like Gecko; compatible; ClaudeBot/1.0; +claudebot@anthropic.com)"
57.141.20.62 - - [05/May/2026:10:06:59 +0200] "GET /shopdetail/20283346 HTTP/1.1" 200 23697 "-" "meta-externalagent/1.1 (+https://developers.facebook.com/docs/sharing/webmasters/crawler)"
216.73.216.211 - - [05/May/2026:10:07:02 +0200] "GET /missmandarine.ch/learning/old/main/lang/persian/survey.inc.php.sorry HTTP/1.1" 200 23697 "-" "Mozilla/5.0 AppleWebKit/537.36 (KHTML, like Gecko; compatible; ClaudeBot/1.0; +claudebot@anthropic.com)"
216.73.216.211 - - [05/May/2026:10:07:07 +0200] "GET /js/filemanager/img/ico/?C=N&O=A HTTP/1.1" 200 12093 "-" "Mozilla/5.0 AppleWebKit/537.36 (KHTML, like Gecko; compatible; ClaudeBot/1.0; +claudebot@anthropic.com)"
57.141.20.60 - - [05/May/2026:10:07:09 +0200] "GET /shopdetail/29383191 HTTP/1.1" 200 23697 "-" "meta-externalagent/1.1 (+https://developers.facebook.com/docs/sharing/webmasters/crawler)"
57.141.20.55 - - [05/May/2026:10:07:10 +0200] "GET /shopdetail/23305791 HTTP/1.1" 200 23697 "-" "meta-externalagent/1.1 (+https://developers.facebook.com/docs/sharing/webmasters/crawler)"
57.141.20.57 - - [05/May/2026:10:07:10 +0200] "GET /shopdetail/2023568 HTTP/1.1" 200 23697 "-" "meta-externalagent/1.1 (+https://developers.facebook.com/docs/sharing/webmasters/crawler)"
57.141.20.4 - - [05/May/2026:10:07:11 +0200] "GET /shopdetail/25075580 HTTP/1.1" 200 23697 "-" "meta-externalagent/1.1 (+https://developers.facebook.com/docs/sharing/webmasters/crawler)"
216.73.216.211 - - [05/May/2026:10:07:13 +0200] "GET /missmandarine.ch/learning/old/main/template/default/layout/layout_3_col.tpl HTTP/1.1" 200 556 "-" "Mozilla/5.0 AppleWebKit/537.36 (KHTML, like Gecko; compatible; ClaudeBot/1.0; +claudebot@anthropic.com)"
57.141.20.56 - - [05/May/2026:10:07:15 +0200] "GET /shopdetail/29106635 HTTP/1.1" 200 23697 "-" "meta-externalagent/1.1 (+https://developers.facebook.com/docs/sharing/webmasters/crawler)"
57.141.20.5 - - [05/May/2026:10:07:15 +0200] "GET /shopdetail/23793602 HTTP/1.1" 200 23697 "-" "meta-externalagent/1.1 (+https://developers.facebook.com/docs/sharing/webmasters/crawler)"
57.141.20.42 - - [05/May/2026:10:07:17 +0200] "GET /shopdetail/16978602 HTTP/1.1" 200 23697 "-" "meta-externalagent/1.1 (+https://developers.facebook.com/docs/sharing/webmasters/crawler)"
216.73.216.211 - - [05/May/2026:10:07:18 +0200] "GET /missmandarine.ch/learning/old/main/lang/polish/scorm.inc.php.sorry HTTP/1.1" 200 23697 "-" "Mozilla/5.0 AppleWebKit/537.36 (KHTML, like Gecko; compatible; ClaudeBot/1.0; +claudebot@anthropic.com)"
57.141.20.70 - - [05/May/2026:10:07:18 +0200] "GET /shopdetail/23309879 HTTP/1.1" 200 23697 "-" "meta-externalagent/1.1 (+https://developers.facebook.com/docs/sharing/webmasters/crawler)"
216.73.216.211 - - [05/May/2026:10:07:23 +0200] "GET /pics/images/d/a/?C=S&O=D HTTP/1.1" 200 2029 "-" "Mozilla/5.0 AppleWebKit/537.36 (KHTML, like Gecko; compatible; ClaudeBot/1.0; +claudebot@anthropic.com)"
57.141.20.47 - - [05/May/2026:10:07:25 +0200] "GET /shopdetail/24496091 HTTP/1.1" 200 23697 "-" "meta-externalagent/1.1 (+https://developers.facebook.com/docs/sharing/webmasters/crawler)"
57.141.20.30 - - [05/May/2026:10:07:25 +0200] "GET /shopdetail/5620035 HTTP/1.1" 200 23697 "-" "meta-externalagent/1.1 (+https://developers.facebook.com/docs/sharing/webmasters/crawler)"
216.73.216.211 - - [05/May/2026:10:07:28 +0200] "GET /vendor/cocur/slugify/src/Bridge/?C=M&O=A HTTP/1.1" 200 1931 "-" "Mozilla/5.0 AppleWebKit/537.36 (KHTML, like Gecko; compatible; ClaudeBot/1.0; +claudebot@anthropic.com)"
216.73.216.211 - - [05/May/2026:10:07:33 +0200] "GET /missmandarine.ch/learning/old/main/template/default/layout/mm_admin_couples.tpl HTTP/1.1" 200 6547 "-" "Mozilla/5.0 AppleWebKit/537.36 (KHTML, like Gecko; compatible; ClaudeBot/1.0; +claudebot@anthropic.com)"
57.141.20.35 - - [05/May/2026:10:07:34 +0200] "GET /shopdetail/20332702 HTTP/1.1" 200 23697 "-" "meta-externalagent/1.1 (+https://developers.facebook.com/docs/sharing/webmasters/crawler)"
216.73.216.211 - - [05/May/2026:10:07:38 +0200] "GET /pics/images/f/d/?C=S&O=D HTTP/1.1" 200 2029 "-" "Mozilla/5.0 AppleWebKit/537.36 (KHTML, like Gecko; compatible; ClaudeBot/1.0; +claudebot@anthropic.com)"
47.128.46.84 - - [05/May/2026:10:07:44 +0200] "GET /include/ HTTP/1.1" 200 1350 "-" "Mozilla/5.0 (Linux; Android 5.0) AppleWebKit/537.36 (KHTML, like Gecko) Mobile Safari/537.36 (compatible; Bytespider; spider-feedback@bytedance.com)"
57.141.20.45 - - [05/May/2026:10:07:44 +0200] "GET /shopdetail/22605424 HTTP/1.1" 200 23697 "-" "meta-externalagent/1.1 (+https://developers.facebook.com/docs/sharing/webmasters/crawler)"
57.141.20.3 - - [05/May/2026:10:07:45 +0200] "GET /shopdetail/9939879 HTTP/1.1" 200 23697 "-" "meta-externalagent/1.1 (+https://developers.facebook.com/docs/sharing/webmasters/crawler)"
216.73.216.211 - - [05/May/2026:10:07:48 +0200] "GET /missmandarine.ch/learning/old/main/img/mpeg.gif.sorry HTTP/1.1" 200 23697 "-" "Mozilla/5.0 AppleWebKit/537.36 (KHTML, like Gecko; compatible; ClaudeBot/1.0; +claudebot@anthropic.com)"
74.7.227.25 - - [05/May/2026:10:07:51 +0200] "GET /learning/ALFA_DATA/alfasymlink/root/sys/devices/pci0000:00/firmware_node/device:ad/wakeup/wakeup14/subsystem/wakeup43/uevent HTTP/1.1" 200 4096 "https://missmandarine.com/learning/ALFA_DATA/alfasymlink/root/sys/devices/pci0000:00/firmware_node/device:ad/wakeup/wakeup14/subsystem/wakeup43/" "Mozilla/5.0 AppleWebKit/537.36 (KHTML, like Gecko; compatible; GPTBot/1.3; +https://openai.com/gptbot)"
216.73.216.211 - - [05/May/2026:10:07:53 +0200] "GET /missmandarine.ch/learning/old/main/lang/romanian/blog.inc.php.sorry HTTP/1.1" 200 23697 "-" "Mozilla/5.0 AppleWebKit/537.36 (KHTML, like Gecko; compatible; ClaudeBot/1.0; +claudebot@anthropic.com)"
57.141.20.20 - - [05/May/2026:10:07:55 +0200] "GET /shopdetail/21883902 HTTP/1.1" 200 23697 "-" "meta-externalagent/1.1 (+https://developers.facebook.com/docs/sharing/webmasters/crawler)"
216.73.216.211 - - [05/May/2026:10:07:58 +0200] "GET /vendor/gregwar/captcha/Font/?C=D&O=A HTTP/1.1" 200 1782 "-" "Mozilla/5.0 AppleWebKit/537.36 (KHTML, like Gecko; compatible; ClaudeBot/1.0; +claudebot@anthropic.com)"
13.86.97.224 - - [05/May/2026:10:07:58 +0200] "GET / HTTP/1.1" 200 23697 "-" "Mozilla/5.0 (compatible; MSIE 9.0; Windows NT 6.1; Trident/5.0; AppInsights)"
57.141.20.59 - - [05/May/2026:10:07:59 +0200] "GET /shopdetail/21081424 HTTP/1.1" 200 23697 "-" "meta-externalagent/1.1 (+https://developers.facebook.com/docs/sharing/webmasters/crawler)"
57.141.20.29 - - [05/May/2026:10:08:00 +0200] "GET /shopdetail/7939068 HTTP/1.1" 200 23697 "-" "meta-externalagent/1.1 (+https://developers.facebook.com/docs/sharing/webmasters/crawler)"
57.141.20.4 - - [05/May/2026:10:08:00 +0200] "GET /shopdetail/21475902 HTTP/1.1" 200 23697 "-" "meta-externalagent/1.1 (+https://developers.facebook.com/docs/sharing/webmasters/crawler)"
57.141.20.63 - - [05/May/2026:10:08:00 +0200] "GET /shopdetail/15358991 HTTP/1.1" 200 23697 "-" "meta-externalagent/1.1 (+https://developers.facebook.com/docs/sharing/webmasters/crawler)"
57.141.20.6 - - [05/May/2026:10:08:01 +0200] "GET /shopdetail/8734480 HTTP/1.1" 200 23697 "-" "meta-externalagent/1.1 (+https://developers.facebook.com/docs/sharing/webmasters/crawler)"
57.141.20.6 - - [05/May/2026:10:08:01 +0200] "GET /shopdetail/14686157 HTTP/1.1" 200 23697 "-" "meta-externalagent/1.1 (+https://developers.facebook.com/docs/sharing/webmasters/crawler)"
216.73.216.211 - - [05/May/2026:10:08:03 +0200] "GET /missmandarine.ch/learning/old/main/lang/polish/registration.inc.php.sorry HTTP/1.1" 200 23697 "-" "Mozilla/5.0 AppleWebKit/537.36 (KHTML, like Gecko; compatible; ClaudeBot/1.0; +claudebot@anthropic.com)"
216.73.216.211 - - [05/May/2026:10:08:08 +0200] "GET /img-old/slider/tmp/5a0c4ab5d01eb.png.sorry HTTP/1.1" 200 23697 "-" "Mozilla/5.0 AppleWebKit/537.36 (KHTML, like Gecko; compatible; ClaudeBot/1.0; +claudebot@anthropic.com)"
57.141.20.43 - - [05/May/2026:10:08:10 +0200] "GET /shopdetail/18923313 HTTP/1.1" 200 23697 "-" "meta-externalagent/1.1 (+https://developers.facebook.com/docs/sharing/webmasters/crawler)"
216.73.216.211 - - [05/May/2026:10:08:14 +0200] "GET /missmandarine.ch/learning/old/main/img/message_error.png.sorry HTTP/1.1" 200 23697 "-" "Mozilla/5.0 AppleWebKit/537.36 (KHTML, like Gecko; compatible; ClaudeBot/1.0; +claudebot@anthropic.com)"
216.73.216.211 - - [05/May/2026:10:08:18 +0200] "GET /js/filemanager/img/ico_dark/odg.jpg.sorry HTTP/1.1" 200 23697 "-" "Mozilla/5.0 AppleWebKit/537.36 (KHTML, like Gecko; compatible; ClaudeBot/1.0; +claudebot@anthropic.com)"
57.141.20.6 - - [05/May/2026:10:08:19 +0200] "GET /shopdetail/14380502 HTTP/1.1" 200 23697 "-" "meta-externalagent/1.1 (+https://developers.facebook.com/docs/sharing/webmasters/crawler)"
57.141.20.69 - - [05/May/2026:10:08:20 +0200] "GET /shopdetail/11816679 HTTP/1.1" 200 23697 "-" "meta-externalagent/1.1 (+https://developers.facebook.com/docs/sharing/webmasters/crawler)"
57.141.20.69 - - [05/May/2026:10:08:20 +0200] "GET /shopdetail/8769713 HTTP/1.1" 200 23697 "-" "meta-externalagent/1.1 (+https://developers.facebook.com/docs/sharing/webmasters/crawler)"
57.141.20.64 - - [05/May/2026:10:08:21 +0200] "GET /shopdetail/23875079 HTTP/1.1" 200 23697 "-" "meta-externalagent/1.1 (+https://developers.facebook.com/docs/sharing/webmasters/crawler)"
57.141.20.57 - - [05/May/2026:10:08:21 +0200] "GET /shopdetail/18504768 HTTP/1.1" 200 23697 "-" "meta-externalagent/1.1 (+https://developers.facebook.com/docs/sharing/webmasters/crawler)"
216.73.216.211 - - [05/May/2026:10:08:23 +0200] "GET /missmandarine.ch/learning/old/main/gradebook/gradebook_showlog_eval.php.sorry HTTP/1.1" 200 23697 "-" "Mozilla/5.0 AppleWebKit/537.36 (KHTML, like Gecko; compatible; ClaudeBot/1.0; +claudebot@anthropic.com)"
216.73.216.211 - - [05/May/2026:10:08:28 +0200] "GET /missmandarine.ch/js/tinymce/plugins/imagetools/?C=N&O=A HTTP/1.1" 200 934 "-" "Mozilla/5.0 AppleWebKit/537.36 (KHTML, like Gecko; compatible; ClaudeBot/1.0; +claudebot@anthropic.com)"
57.141.20.55 - - [05/May/2026:10:08:30 +0200] "GET /shopdetail/24210268 HTTP/1.1" 200 23697 "-" "meta-externalagent/1.1 (+https://developers.facebook.com/docs/sharing/webmasters/crawler)"
216.73.216.211 - - [05/May/2026:10:08:33 +0200] "GET /missmandarine.ch/learning/old/plugin/static/lang/?C=S&O=A HTTP/1.1" 200 1122 "-" "Mozilla/5.0 AppleWebKit/537.36 (KHTML, like Gecko; compatible; ClaudeBot/1.0; +claudebot@anthropic.com)"
20.40.129.96 - - [05/May/2026:10:08:35 +0200] "GET / HTTP/1.1" 200 23697 "-" "Mozilla/5.0 (compatible; MSIE 9.0; Windows NT 6.1; Trident/5.0; AppInsights)"
57.141.20.25 - - [05/May/2026:10:08:35 +0200] "GET /shopdetail/4321035 HTTP/1.1" 200 23697 "-" "meta-externalagent/1.1 (+https://developers.facebook.com/docs/sharing/webmasters/crawler)"
57.141.20.10 - - [05/May/2026:10:08:36 +0200] "GET /shopdetail/9833491 HTTP/1.1" 200 23697 "-" "meta-externalagent/1.1 (+https://developers.facebook.com/docs/sharing/webmasters/crawler)"
57.141.20.71 - - [05/May/2026:10:08:36 +0200] "GET /shopdetail/15000146 HTTP/1.1" 200 23697 "-" "meta-externalagent/1.1 (+https://developers.facebook.com/docs/sharing/webmasters/crawler)"
57.141.20.65 - - [05/May/2026:10:08:36 +0200] "GET /shopdetail/21692102 HTTP/1.1" 200 23697 "-" "meta-externalagent/1.1 (+https://developers.facebook.com/docs/sharing/webmasters/crawler)"
57.141.20.7 - - [05/May/2026:10:08:37 +0200] "GET /shopdetail/20071824 HTTP/1.1" 200 23697 "-" "meta-externalagent/1.1 (+https://developers.facebook.com/docs/sharing/webmasters/crawler)"
57.141.20.63 - - [05/May/2026:10:08:37 +0200] "GET /shopdetail/31169224 HTTP/1.1" 200 23697 "-" "meta-externalagent/1.1 (+https://developers.facebook.com/docs/sharing/webmasters/crawler)"
57.141.20.49 - - [05/May/2026:10:08:37 +0200] "GET /shopdetail/29205068 HTTP/1.1" 200 23697 "-" "meta-externalagent/1.1 (+https://developers.facebook.com/docs/sharing/webmasters/crawler)"
57.141.20.4 - - [05/May/2026:10:08:38 +0200] "GET /shopdetail/20238079 HTTP/1.1" 200 23697 "-" "meta-externalagent/1.1 (+https://developers.facebook.com/docs/sharing/webmasters/crawler)"
57.141.20.33 - - [05/May/2026:10:08:38 +0200] "GET /shopdetail/1022546 HTTP/1.1" 200 23697 "-" "meta-externalagent/1.1 (+https://developers.facebook.com/docs/sharing/webmasters/crawler)"
57.141.20.64 - - [05/May/2026:10:08:39 +0200] "GET /shopdetail/30199257 HTTP/1.1" 200 23697 "-" "meta-externalagent/1.1 (+https://developers.facebook.com/docs/sharing/webmasters/crawler)"
216.73.216.211 - - [05/May/2026:10:08:39 +0200] "GET /missmandarine.ch/learning/admin/lib/tinymce/plugins/print/?C=D&O=D HTTP/1.1" 200 972 "-" "Mozilla/5.0 AppleWebKit/537.36 (KHTML, like Gecko; compatible; ClaudeBot/1.0; +claudebot@anthropic.com)"
216.73.216.211 - - [05/May/2026:10:08:44 +0200] "GET /pics/images/c/b/?C=M&O=D HTTP/1.1" 200 2029 "-" "Mozilla/5.0 AppleWebKit/537.36 (KHTML, like Gecko; compatible; ClaudeBot/1.0; +claudebot@anthropic.com)"
216.73.216.211 - - [05/May/2026:10:08:49 +0200] "GET /missmandarine.ch/js/tinymce/plugins/fullscreen/?C=M&O=D HTTP/1.1" 200 934 "-" "Mozilla/5.0 AppleWebKit/537.36 (KHTML, like Gecko; compatible; ClaudeBot/1.0; +claudebot@anthropic.com)"
216.73.216.211 - - [05/May/2026:10:08:54 +0200] "GET /missmandarine.ch/learning/old/main/webservices/cm_webservice_courses.php.sorry HTTP/1.1" 200 23697 "-" "Mozilla/5.0 AppleWebKit/537.36 (KHTML, like Gecko; compatible; ClaudeBot/1.0; +claudebot@anthropic.com)"
74.7.227.25 - - [05/May/2026:10:08:55 +0200] "GET /learning/ALFA_DATA/alfasymlink/root/sys/devices/pci0000:00/firmware_node/device:ad/wakeup/wakeup14/subsystem/wakeup22/active_count HTTP/1.1" 200 4096 "https://missmandarine.com/learning/ALFA_DATA/alfasymlink/root/sys/devices/pci0000:00/firmware_node/device:ad/wakeup/wakeup14/subsystem/wakeup22/" "Mozilla/5.0 AppleWebKit/537.36 (KHTML, like Gecko; compatible; GPTBot/1.3; +https://openai.com/gptbot)"
57.141.20.13 - - [05/May/2026:10:08:55 +0200] "GET /shopdetail/23224513 HTTP/1.1" 200 23697 "-" "meta-externalagent/1.1 (+https://developers.facebook.com/docs/sharing/webmasters/crawler)"
216.73.216.211 - - [05/May/2026:10:08:59 +0200] "GET /missmandarine.ch/learning/old/courses/MO1158f/document/learning_path/Marmotte/Ma2.html.sorry HTTP/1.1" 200 23697 "-" "Mozilla/5.0 AppleWebKit/537.36 (KHTML, like Gecko; compatible; ClaudeBot/1.0; +claudebot@anthropic.com)"
216.73.216.211 - - [05/May/2026:10:09:04 +0200] "GET /missmandarine.ch/learning/old/main/template/default/layout/hot_courses.tpl HTTP/1.1" 200 1489 "-" "Mozilla/5.0 AppleWebKit/537.36 (KHTML, like Gecko; compatible; ClaudeBot/1.0; +claudebot@anthropic.com)"
57.141.20.12 - - [05/May/2026:10:09:07 +0200] "GET /shopdetail/11178624 HTTP/1.1" 200 23697 "-" "meta-externalagent/1.1 (+https://developers.facebook.com/docs/sharing/webmasters/crawler)"
216.73.216.211 - - [05/May/2026:10:09:09 +0200] "GET /missmandarine.ch/learning/admin/lib/tinymce/plugins/print/?C=M&O=D HTTP/1.1" 200 972 "-" "Mozilla/5.0 AppleWebKit/537.36 (KHTML, like Gecko; compatible; ClaudeBot/1.0; +claudebot@anthropic.com)"
72.60.40.175 - - [05/May/2026:10:09:09 +0200] "GET /news/ HTTP/1.1" 301 - "-" "Mozilla/5.0 (Windows NT 10.0; Win64; x64) AppleWebKit/537.36"
57.141.20.53 - - [05/May/2026:10:09:12 +0200] "GET /shopdetail/21738957 HTTP/1.1" 200 23697 "-" "meta-externalagent/1.1 (+https://developers.facebook.com/docs/sharing/webmasters/crawler)"
57.141.20.1 - - [05/May/2026:10:09:13 +0200] "GET /shopdetail/8237402 HTTP/1.1" 200 23697 "-" "meta-externalagent/1.1 (+https://developers.facebook.com/docs/sharing/webmasters/crawler)"
57.141.20.63 - - [05/May/2026:10:09:13 +0200] "GET /shopdetail/22415602 HTTP/1.1" 200 23697 "-" "meta-externalagent/1.1 (+https://developers.facebook.com/docs/sharing/webmasters/crawler)"
57.141.20.68 - - [05/May/2026:10:09:13 +0200] "GET /shopdetail/12593213 HTTP/1.1" 200 23697 "-" "meta-externalagent/1.1 (+https://developers.facebook.com/docs/sharing/webmasters/crawler)"
216.73.216.211 - - [05/May/2026:10:09:19 +0200] "GET /missmandarine.ch/learning/old/main/img/tab_left_hover.gif.sorry HTTP/1.1" 200 23697 "-" "Mozilla/5.0 AppleWebKit/537.36 (KHTML, like Gecko; compatible; ClaudeBot/1.0; +claudebot@anthropic.com)"
57.141.20.71 - - [05/May/2026:10:09:21 +0200] "GET /shopdetail/13312746 HTTP/1.1" 200 23697 "-" "meta-externalagent/1.1 (+https://developers.facebook.com/docs/sharing/webmasters/crawler)"
216.73.216.211 - - [05/May/2026:10:09:24 +0200] "GET /pics/images/g/e/?C=M&O=D HTTP/1.1" 200 2029 "-" "Mozilla/5.0 AppleWebKit/537.36 (KHTML, like Gecko; compatible; ClaudeBot/1.0; +claudebot@anthropic.com)"
216.73.216.211 - - [05/May/2026:10:09:29 +0200] "GET /missmandarine.ch/learning/old/main/lang/bulgarian/resourcelinker.inc.php.sorry HTTP/1.1" 200 23697 "-" "Mozilla/5.0 AppleWebKit/537.36 (KHTML, like Gecko; compatible; ClaudeBot/1.0; +claudebot@anthropic.com)"
57.141.20.4 - - [05/May/2026:10:09:31 +0200] "GET /shopdetail/1548124 HTTP/1.1" 200 23697 "-" "meta-externalagent/1.1 (+https://developers.facebook.com/docs/sharing/webmasters/crawler)"
57.141.20.33 - - [05/May/2026:10:09:31 +0200] "GET /shopdetail/22770546 HTTP/1.1" 200 23697 "-" "meta-externalagent/1.1 (+https://developers.facebook.com/docs/sharing/webmasters/crawler)"
57.141.20.44 - - [05/May/2026:10:09:32 +0200] "GET /shopdetail/20521191 HTTP/1.1" 200 23697 "-" "meta-externalagent/1.1 (+https://developers.facebook.com/docs/sharing/webmasters/crawler)"
216.73.216.211 - - [05/May/2026:10:09:34 +0200] "GET /missmandarine.ch/learning/old/plugin/static/lang/?C=M&O=A HTTP/1.1" 200 1122 "-" "Mozilla/5.0 AppleWebKit/537.36 (KHTML, like Gecko; compatible; ClaudeBot/1.0; +claudebot@anthropic.com)"
216.73.216.211 - - [05/May/2026:10:09:39 +0200] "GET /missmandarine.ch/learning/old/main/lang/latvian/registration.inc.php.sorry HTTP/1.1" 200 23697 "-" "Mozilla/5.0 AppleWebKit/537.36 (KHTML, like Gecko; compatible; ClaudeBot/1.0; +claudebot@anthropic.com)"
57.141.20.4 - - [05/May/2026:10:09:40 +0200] "GET /shopdetail/2305046 HTTP/1.1" 200 23697 "-" "meta-externalagent/1.1 (+https://developers.facebook.com/docs/sharing/webmasters/crawler)"
216.73.216.211 - - [05/May/2026:10:09:44 +0200] "GET /learning/old/plugin/bbb/index.php.sorry HTTP/1.1" 200 23697 "-" "Mozilla/5.0 AppleWebKit/537.36 (KHTML, like Gecko; compatible; ClaudeBot/1.0; +claudebot@anthropic.com)"
216.73.216.211 - - [05/May/2026:10:09:49 +0200] "GET /learning/old/main/css/academica/learnpath.css.sorry HTTP/1.1" 200 23697 "-" "Mozilla/5.0 AppleWebKit/537.36 (KHTML, like Gecko; compatible; ClaudeBot/1.0; +claudebot@anthropic.com)"
57.141.20.58 - - [05/May/2026:10:09:49 +0200] "GET /shopdetail/23437946 HTTP/1.1" 200 23697 "-" "meta-externalagent/1.1 (+https://developers.facebook.com/docs/sharing/webmasters/crawler)"
57.141.20.60 - - [05/May/2026:10:09:49 +0200] "GET /shopdetail/20941180 HTTP/1.1" 200 23697 "-" "meta-externalagent/1.1 (+https://developers.facebook.com/docs/sharing/webmasters/crawler)"
57.141.20.6 - - [05/May/2026:10:09:50 +0200] "GET /shopdetail/20562746 HTTP/1.1" 200 23697 "-" "meta-externalagent/1.1 (+https://developers.facebook.com/docs/sharing/webmasters/crawler)"
57.141.20.4 - - [05/May/2026:10:09:59 +0200] "GET /shopdetail/23300924 HTTP/1.1" 200 23697 "-" "meta-externalagent/1.1 (+https://developers.facebook.com/docs/sharing/webmasters/crawler)"
216.73.216.211 - - [05/May/2026:10:09:59 +0200] "GET /learning/old/main/document/edit_document.php.sorry HTTP/1.1" 200 23697 "-" "Mozilla/5.0 AppleWebKit/537.36 (KHTML, like Gecko; compatible; ClaudeBot/1.0; +claudebot@anthropic.com)"
74.7.227.25 - - [05/May/2026:10:10:00 +0200] "GET /learning/ALFA_DATA/alfasymlink/root/sys/devices/pci0000:00/firmware_node/device:ad/wakeup/wakeup14/subsystem/wakeup39/wakeup_count HTTP/1.1" 200 4096 "https://missmandarine.com/learning/ALFA_DATA/alfasymlink/root/sys/devices/pci0000:00/firmware_node/device:ad/wakeup/wakeup14/subsystem/wakeup39/" "Mozilla/5.0 AppleWebKit/537.36 (KHTML, like Gecko; compatible; GPTBot/1.3; +https://openai.com/gptbot)"
216.73.216.211 - - [05/May/2026:10:10:04 +0200] "GET /learning/old/main/lang/thai/notification.inc.php.sorry HTTP/1.1" 200 23697 "-" "Mozilla/5.0 AppleWebKit/537.36 (KHTML, like Gecko; compatible; ClaudeBot/1.0; +claudebot@anthropic.com)"
57.141.20.64 - - [05/May/2026:10:10:08 +0200] "GET /shopdetail/24918502 HTTP/1.1" 200 23697 "-" "meta-externalagent/1.1 (+https://developers.facebook.com/docs/sharing/webmasters/crawler)"
57.141.20.26 - - [05/May/2026:10:10:08 +0200] "GET /shopdetail/20030257 HTTP/1.1" 200 23697 "-" "meta-externalagent/1.1 (+https://developers.facebook.com/docs/sharing/webmasters/crawler)"
57.141.20.38 - - [05/May/2026:10:10:08 +0200] "GET /shopdetail/23975235 HTTP/1.1" 200 23697 "-" "meta-externalagent/1.1 (+https://developers.facebook.com/docs/sharing/webmasters/crawler)"
57.141.20.60 - - [05/May/2026:10:10:09 +0200] "GET /shopdetail/19650624 HTTP/1.1" 200 23697 "-" "meta-externalagent/1.1 (+https://developers.facebook.com/docs/sharing/webmasters/crawler)"
216.73.216.211 - - [05/May/2026:10:10:09 +0200] "GET /learning/old/courses/TEMd8c4/upload/ HTTP/1.1" 200 139 "-" "Mozilla/5.0 AppleWebKit/537.36 (KHTML, like Gecko; compatible; ClaudeBot/1.0; +claudebot@anthropic.com)"
57.141.20.5 - - [05/May/2026:10:10:09 +0200] "GET /shopdetail/12803824 HTTP/1.1" 200 23697 "-" "meta-externalagent/1.1 (+https://developers.facebook.com/docs/sharing/webmasters/crawler)"
216.73.216.211 - - [05/May/2026:10:10:14 +0200] "GET /learning/old/main/lang/dari/notification.inc.php.sorry HTTP/1.1" 200 23697 "-" "Mozilla/5.0 AppleWebKit/537.36 (KHTML, like Gecko; compatible; ClaudeBot/1.0; +claudebot@anthropic.com)"
57.141.20.71 - - [05/May/2026:10:10:18 +0200] "GET /shopdetail/18356324 HTTP/1.1" 200 23697 "-" "meta-externalagent/1.1 (+https://developers.facebook.com/docs/sharing/webmasters/crawler)"
216.73.216.211 - - [05/May/2026:10:10:19 +0200] "GET /missmandarine.ch/learning/include/portrait.php.sorry HTTP/1.1" 200 23697 "-" "Mozilla/5.0 AppleWebKit/537.36 (KHTML, like Gecko; compatible; ClaudeBot/1.0; +claudebot@anthropic.com)"
52.140.232.160 - - [05/May/2026:10:10:21 +0200] "GET / HTTP/1.1" 200 23697 "-" "Mozilla/5.0 (compatible; MSIE 9.0; Windows NT 6.1; Trident/5.0; AppInsights)"
57.141.20.71 - - [05/May/2026:10:10:23 +0200] "GET /shopdetail/24648757 HTTP/1.1" 200 23697 "-" "meta-externalagent/1.1 (+https://developers.facebook.com/docs/sharing/webmasters/crawler)"
57.141.20.4 - - [05/May/2026:10:10:23 +0200] "GET /shopdetail/23888535 HTTP/1.1" 200 23697 "-" "meta-externalagent/1.1 (+https://developers.facebook.com/docs/sharing/webmasters/crawler)"
57.141.20.17 - - [05/May/2026:10:10:24 +0200] "GET /shopdetail/23207213 HTTP/1.1" 200 23697 "-" "meta-externalagent/1.1 (+https://developers.facebook.com/docs/sharing/webmasters/crawler)"
57.141.20.5 - - [05/May/2026:10:10:24 +0200] "GET /shopdetail/11805246 HTTP/1.1" 200 23697 "-" "meta-externalagent/1.1 (+https://developers.facebook.com/docs/sharing/webmasters/crawler)"
216.73.216.211 - - [05/May/2026:10:10:25 +0200] "GET /missmandarine.ch/learning/old/main/lang/asturian/scorm.inc.php.sorry HTTP/1.1" 200 23697 "-" "Mozilla/5.0 AppleWebKit/537.36 (KHTML, like Gecko; compatible; ClaudeBot/1.0; +claudebot@anthropic.com)"
216.73.216.211 - - [05/May/2026:10:10:29 +0200] "GET /missmandarine.ch/learning/old/main/img/folder_group_category.gif.sorry HTTP/1.1" 200 23697 "-" "Mozilla/5.0 AppleWebKit/537.36 (KHTML, like Gecko; compatible; ClaudeBot/1.0; +claudebot@anthropic.com)"
57.141.20.38 - - [05/May/2026:10:10:34 +0200] "GET /shopdetail/24854080 HTTP/1.1" 200 23697 "-" "meta-externalagent/1.1 (+https://developers.facebook.com/docs/sharing/webmasters/crawler)"
216.73.216.211 - - [05/May/2026:10:10:34 +0200] "GET /missmandarine.ch/learning/old/main/auth/?C=S&O=A HTTP/1.1" 200 101 "-" "Mozilla/5.0 AppleWebKit/537.36 (KHTML, like Gecko; compatible; ClaudeBot/1.0; +claudebot@anthropic.com)"
216.73.216.211 - - [05/May/2026:10:10:39 +0200] "GET /missmandarine.ch/learning/admin/lib/tinymce/plugins/emoticons/?C=D&O=D HTTP/1.1" 200 1152 "-" "Mozilla/5.0 AppleWebKit/537.36 (KHTML, like Gecko; compatible; ClaudeBot/1.0; +claudebot@anthropic.com)"
57.141.20.25 - - [05/May/2026:10:10:42 +0200] "GET /shopdetail/29152679 HTTP/1.1" 200 23697 "-" "meta-externalagent/1.1 (+https://developers.facebook.com/docs/sharing/webmasters/crawler)"
57.141.20.55 - - [05/May/2026:10:10:42 +0200] "GET /shopdetail/3079980 HTTP/1.1" 200 23697 "-" "meta-externalagent/1.1 (+https://developers.facebook.com/docs/sharing/webmasters/crawler)"
57.141.20.54 - - [05/May/2026:10:10:43 +0200] "GET /shopdetail/29551657 HTTP/1.1" 200 23697 "-" "meta-externalagent/1.1 (+https://developers.facebook.com/docs/sharing/webmasters/crawler)"
57.141.20.30 - - [05/May/2026:10:10:43 +0200] "GET /shopdetail/22659435 HTTP/1.1" 200 23697 "-" "meta-externalagent/1.1 (+https://developers.facebook.com/docs/sharing/webmasters/crawler)"
216.73.216.211 - - [05/May/2026:10:10:44 +0200] "GET /missmandarine.ch/learning/old/main/lang/italian/md_mix.inc.php.sorry HTTP/1.1" 200 23697 "-" "Mozilla/5.0 AppleWebKit/537.36 (KHTML, like Gecko; compatible; ClaudeBot/1.0; +claudebot@anthropic.com)"
216.73.216.211 - - [05/May/2026:10:10:49 +0200] "GET /js/filemanager/img/ico_dark/ods.jpg.sorry HTTP/1.1" 200 23697 "-" "Mozilla/5.0 AppleWebKit/537.36 (KHTML, like Gecko; compatible; ClaudeBot/1.0; +claudebot@anthropic.com)"
57.141.20.1 - - [05/May/2026:10:10:53 +0200] "GET /shopdetail/9665157 HTTP/1.1" 200 23697 "-" "meta-externalagent/1.1 (+https://developers.facebook.com/docs/sharing/webmasters/crawler)"
57.141.20.63 - - [05/May/2026:10:10:53 +0200] "GET /shopdetail/23725791 HTTP/1.1" 200 23697 "-" "meta-externalagent/1.1 (+https://developers.facebook.com/docs/sharing/webmasters/crawler)"
57.141.20.57 - - [05/May/2026:10:10:53 +0200] "GET /shopdetail/23283191 HTTP/1.1" 200 23697 "-" "meta-externalagent/1.1 (+https://developers.facebook.com/docs/sharing/webmasters/crawler)"
216.73.216.211 - - [05/May/2026:10:10:54 +0200] "GET /missmandarine.ch/learning/admin/lib/tinymce/plugins/advlist/?C=D&O=D HTTP/1.1" 200 976 "-" "Mozilla/5.0 AppleWebKit/537.36 (KHTML, like Gecko; compatible; ClaudeBot/1.0; +claudebot@anthropic.com)"
216.73.216.211 - - [05/May/2026:10:10:59 +0200] "GET /missmandarine.ch/learning/old/main/img/shared_profile.png.sorry HTTP/1.1" 200 23697 "-" "Mozilla/5.0 AppleWebKit/537.36 (KHTML, like Gecko; compatible; ClaudeBot/1.0; +claudebot@anthropic.com)"
57.141.20.58 - - [05/May/2026:10:11:00 +0200] "GET /shopdetail/12540213 HTTP/1.1" 200 23697 "-" "meta-externalagent/1.1 (+https://developers.facebook.com/docs/sharing/webmasters/crawler)"
57.141.20.60 - - [05/May/2026:10:11:00 +0200] "GET /shopdetail/29837257 HTTP/1.1" 200 23697 "-" "meta-externalagent/1.1 (+https://developers.facebook.com/docs/sharing/webmasters/crawler)"
20.40.124.176 - - [05/May/2026:10:11:01 +0200] "GET / HTTP/1.1" 200 23697 "-" "Mozilla/5.0 (compatible; MSIE 9.0; Windows NT 6.1; Trident/5.0; AppInsights)"
216.73.216.211 - - [05/May/2026:10:11:04 +0200] "GET /missmandarine.ch/learning/admin/lib/tinymce/plugins/emoticons/?C=M&O=D HTTP/1.1" 200 1152 "-" "Mozilla/5.0 AppleWebKit/537.36 (KHTML, like Gecko; compatible; ClaudeBot/1.0; +claudebot@anthropic.com)"
74.7.227.25 - - [05/May/2026:10:11:05 +0200] "GET /learning/ALFA_DATA/alfasymlink/root/sys/devices/pci0000:00/firmware_node/device:ad/wakeup/wakeup14/subsystem/wakeup24/name HTTP/1.1" 200 4096 "https://missmandarine.com/learning/ALFA_DATA/alfasymlink/root/sys/devices/pci0000:00/firmware_node/device:ad/wakeup/wakeup14/subsystem/wakeup24/" "Mozilla/5.0 AppleWebKit/537.36 (KHTML, like Gecko; compatible; GPTBot/1.3; +https://openai.com/gptbot)"
57.141.20.20 - - [05/May/2026:10:11:08 +0200] "GET /shopdetail/8483157 HTTP/1.1" 200 23697 "-" "meta-externalagent/1.1 (+https://developers.facebook.com/docs/sharing/webmasters/crawler)"
216.73.216.211 - - [05/May/2026:10:11:09 +0200] "GET /missmandarine.ch/learning/old/main/lang/asturian/registration.inc.php.sorry HTTP/1.1" 200 23697 "-" "Mozilla/5.0 AppleWebKit/537.36 (KHTML, like Gecko; compatible; ClaudeBot/1.0; +claudebot@anthropic.com)"
57.141.20.37 - - [05/May/2026:10:11:11 +0200] "GET /shopdetail/20365724 HTTP/1.1" 200 23697 "-" "meta-externalagent/1.1 (+https://developers.facebook.com/docs/sharing/webmasters/crawler)"
216.73.216.211 - - [05/May/2026:10:11:14 +0200] "GET /missmandarine.ch/learning/img/compte/background.jpg.sorry HTTP/1.1" 200 23697 "-" "Mozilla/5.0 AppleWebKit/537.36 (KHTML, like Gecko; compatible; ClaudeBot/1.0; +claudebot@anthropic.com)"
216.73.216.211 - - [05/May/2026:10:11:17 +0200] "GET /robots.txt HTTP/1.1" 200 75 "-" "Mozilla/5.0 AppleWebKit/537.36 (KHTML, like Gecko; compatible; ClaudeBot/1.0; +claudebot@anthropic.com)"
57.141.20.14 - - [05/May/2026:10:11:17 +0200] "GET /shopdetail/5749902 HTTP/1.1" 200 23697 "-" "meta-externalagent/1.1 (+https://developers.facebook.com/docs/sharing/webmasters/crawler)"
57.141.20.71 - - [05/May/2026:10:11:17 +0200] "GET /shopdetail/9750780 HTTP/1.1" 200 23697 "-" "meta-externalagent/1.1 (+https://developers.facebook.com/docs/sharing/webmasters/crawler)"
216.73.216.211 - - [05/May/2026:10:11:19 +0200] "GET /missmandarine.ch/learning/old/main/lang/pashto/md_mix.inc.php.sorry HTTP/1.1" 200 23697 "-" "Mozilla/5.0 AppleWebKit/537.36 (KHTML, like Gecko; compatible; ClaudeBot/1.0; +claudebot@anthropic.com)"
216.73.216.211 - - [05/May/2026:10:11:24 +0200] "GET /missmandarine.ch/learning/old/main/lang/english/md_mix.inc.php.sorry HTTP/1.1" 200 23697 "-" "Mozilla/5.0 AppleWebKit/537.36 (KHTML, like Gecko; compatible; ClaudeBot/1.0; +claudebot@anthropic.com)"
57.141.20.7 - - [05/May/2026:10:11:26 +0200] "GET /shopdetail/1186957 HTTP/1.1" 200 23697 "-" "meta-externalagent/1.1 (+https://developers.facebook.com/docs/sharing/webmasters/crawler)"
57.141.20.43 - - [05/May/2026:10:11:27 +0200] "GET /shopdetail/20881391 HTTP/1.1" 200 23697 "-" "meta-externalagent/1.1 (+https://developers.facebook.com/docs/sharing/webmasters/crawler)"
51.105.9.128 - - [05/May/2026:10:11:27 +0200] "GET / HTTP/1.1" 200 23697 "-" "Mozilla/5.0 (compatible; MSIE 9.0; Windows NT 6.1; Trident/5.0; AppInsights)"
57.141.20.54 - - [05/May/2026:10:11:28 +0200] "GET /shopdetail/8808068 HTTP/1.1" 200 23697 "-" "meta-externalagent/1.1 (+https://developers.facebook.com/docs/sharing/webmasters/crawler)"
57.141.20.62 - - [05/May/2026:10:11:28 +0200] "GET /shopdetail/20240680 HTTP/1.1" 200 23697 "-" "meta-externalagent/1.1 (+https://developers.facebook.com/docs/sharing/webmasters/crawler)"
57.141.20.69 - - [05/May/2026:10:11:29 +0200] "GET /shopdetail/18539002 HTTP/1.1" 200 23697 "-" "meta-externalagent/1.1 (+https://developers.facebook.com/docs/sharing/webmasters/crawler)"
216.73.216.211 - - [05/May/2026:10:11:29 +0200] "GET /missmandarine.ch/learning/admin/lib/tinymce/plugins/emoticons/?C=S&O=A HTTP/1.1" 200 1152 "-" "Mozilla/5.0 AppleWebKit/537.36 (KHTML, like Gecko; compatible; ClaudeBot/1.0; +claudebot@anthropic.com)"
216.73.216.211 - - [05/May/2026:10:11:34 +0200] "GET /learning/file/flash/1425464283/assets/?C=S&O=D HTTP/1.1" 200 1085 "-" "Mozilla/5.0 AppleWebKit/537.36 (KHTML, like Gecko; compatible; ClaudeBot/1.0; +claudebot@anthropic.com)"
216.73.216.211 - - [05/May/2026:10:11:40 +0200] "GET /missmandarine.ch/learning/admin/lib/tinymce/plugins/legacyoutput/?C=M&O=A HTTP/1.1" 200 986 "-" "Mozilla/5.0 AppleWebKit/537.36 (KHTML, like Gecko; compatible; ClaudeBot/1.0; +claudebot@anthropic.com)"
57.141.20.4 - - [05/May/2026:10:11:42 +0200] "GET /shopdetail/18299180 HTTP/1.1" 200 23697 "-" "meta-externalagent/1.1 (+https://developers.facebook.com/docs/sharing/webmasters/crawler)"
47.128.46.60 - - [05/May/2026:10:11:43 +0200] "GET /compat/ HTTP/1.1" 200 134 "-" "Mozilla/5.0 (Linux; Android 5.0) AppleWebKit/537.36 (KHTML, like Gecko) Mobile Safari/537.36 (compatible; Bytespider; spider-feedback@bytedance.com)"
216.73.216.211 - - [05/May/2026:10:11:44 +0200] "GET /missmandarine.ch/learning/old/archive/mpdf/tmp/?C=M&O=A HTTP/1.1" 200 760 "-" "Mozilla/5.0 AppleWebKit/537.36 (KHTML, like Gecko; compatible; ClaudeBot/1.0; +claudebot@anthropic.com)"
216.73.216.211 - - [05/May/2026:10:11:49 +0200] "GET /missmandarine.ch/learning/old/main/webservices/cm_webservice_inbox.php.sorry HTTP/1.1" 200 23697 "-" "Mozilla/5.0 AppleWebKit/537.36 (KHTML, like Gecko; compatible; ClaudeBot/1.0; +claudebot@anthropic.com)"
57.141.20.57 - - [05/May/2026:10:11:52 +0200] "GET /shopdetail/11854991 HTTP/1.1" 200 23697 "-" "meta-externalagent/1.1 (+https://developers.facebook.com/docs/sharing/webmasters/crawler)"
216.73.216.211 - - [05/May/2026:10:11:54 +0200] "GET /js/tinymce/skins/lightgray/img/?C=M&O=D HTTP/1.1" 200 1423 "-" "Mozilla/5.0 AppleWebKit/537.36 (KHTML, like Gecko; compatible; ClaudeBot/1.0; +claudebot@anthropic.com)"
216.73.216.211 - - [05/May/2026:10:11:59 +0200] "GET /missmandarine.ch/learning/old/main/lang/trad_chinese/exercice.inc.php.sorry HTTP/1.1" 200 23697 "-" "Mozilla/5.0 AppleWebKit/537.36 (KHTML, like Gecko; compatible; ClaudeBot/1.0; +claudebot@anthropic.com)"
57.141.20.2 - - [05/May/2026:10:12:01 +0200] "GET /shopdetail/23174624 HTTP/1.1" 200 23697 "-" "meta-externalagent/1.1 (+https://developers.facebook.com/docs/sharing/webmasters/crawler)"
216.73.216.211 - - [05/May/2026:10:12:04 +0200] "GET /pics/images/g/f/?C=S&O=A HTTP/1.1" 200 2029 "-" "Mozilla/5.0 AppleWebKit/537.36 (KHTML, like Gecko; compatible; ClaudeBot/1.0; +claudebot@anthropic.com)"
216.73.216.211 - - [05/May/2026:10:12:09 +0200] "GET /missmandarine.ch/js/tinymce/plugins/fullpage/?C=S&O=A HTTP/1.1" 200 930 "-" "Mozilla/5.0 AppleWebKit/537.36 (KHTML, like Gecko; compatible; ClaudeBot/1.0; +claudebot@anthropic.com)"
74.7.227.25 - - [05/May/2026:10:12:09 +0200] "GET /learning/ALFA_DATA/alfasymlink/root/sys/devices/pci0000:00/firmware_node/device:ad/wakeup/wakeup14/subsystem/wakeup43/event_count HTTP/1.1" 200 4096 "https://missmandarine.com/learning/ALFA_DATA/alfasymlink/root/sys/devices/pci0000:00/firmware_node/device:ad/wakeup/wakeup14/subsystem/wakeup43/" "Mozilla/5.0 AppleWebKit/537.36 (KHTML, like Gecko; compatible; GPTBot/1.3; +https://openai.com/gptbot)"
57.141.20.12 - - [05/May/2026:10:12:10 +0200] "GET /shopdetail/26786268 HTTP/1.1" 200 23697 "-" "meta-externalagent/1.1 (+https://developers.facebook.com/docs/sharing/webmasters/crawler)"
216.73.216.211 - - [05/May/2026:10:12:14 +0200] "GET /missmandarine.ch/learning/admin/lib/tinymce/plugins/anchor/?C=S&O=D HTTP/1.1" 200 974 "-" "Mozilla/5.0 AppleWebKit/537.36 (KHTML, like Gecko; compatible; ClaudeBot/1.0; +claudebot@anthropic.com)"
216.73.216.211 - - [05/May/2026:10:12:19 +0200] "GET /pics/images/h/c/?C=S&O=A HTTP/1.1" 200 2029 "-" "Mozilla/5.0 AppleWebKit/537.36 (KHTML, like Gecko; compatible; ClaudeBot/1.0; +claudebot@anthropic.com)"
57.141.20.54 - - [05/May/2026:10:12:20 +0200] "GET /shopdetail/19258579 HTTP/1.1" 200 23697 "-" "meta-externalagent/1.1 (+https://developers.facebook.com/docs/sharing/webmasters/crawler)"
216.73.216.211 - - [05/May/2026:10:12:24 +0200] "GET /missmandarine.ch/learning/old/main/template/default/layout/page_body.tpl HTTP/1.1" 200 363 "-" "Mozilla/5.0 AppleWebKit/537.36 (KHTML, like Gecko; compatible; ClaudeBot/1.0; +claudebot@anthropic.com)"
216.73.216.211 - - [05/May/2026:10:12:29 +0200] "GET /missmandarine.ch/js/tinymce/plugins/hr/?C=D&O=A HTTP/1.1" 200 918 "-" "Mozilla/5.0 AppleWebKit/537.36 (KHTML, like Gecko; compatible; ClaudeBot/1.0; +claudebot@anthropic.com)"
57.141.20.8 - - [05/May/2026:10:12:31 +0200] "GET /shopdetail/10488468 HTTP/1.1" 200 23697 "-" "meta-externalagent/1.1 (+https://developers.facebook.com/docs/sharing/webmasters/crawler)"
57.141.20.44 - - [05/May/2026:10:12:32 +0200] "GET /shopdetail/2818880 HTTP/1.1" 200 23697 "-" "meta-externalagent/1.1 (+https://developers.facebook.com/docs/sharing/webmasters/crawler)"
57.141.20.5 - - [05/May/2026:10:12:32 +0200] "GET /shopdetail/23100724 HTTP/1.1" 200 23697 "-" "meta-externalagent/1.1 (+https://developers.facebook.com/docs/sharing/webmasters/crawler)"
57.141.20.16 - - [05/May/2026:10:12:33 +0200] "GET /shopdetail/29522879 HTTP/1.1" 200 23697 "-" "meta-externalagent/1.1 (+https://developers.facebook.com/docs/sharing/webmasters/crawler)"
57.141.20.70 - - [05/May/2026:10:12:33 +0200] "GET /shopdetail/13839102 HTTP/1.1" 200 23697 "-" "meta-externalagent/1.1 (+https://developers.facebook.com/docs/sharing/webmasters/crawler)"
216.73.216.211 - - [05/May/2026:10:12:34 +0200] "GET /pics/images/f/h/?C=D&O=A HTTP/1.1" 200 2029 "-" "Mozilla/5.0 AppleWebKit/537.36 (KHTML, like Gecko; compatible; ClaudeBot/1.0; +claudebot@anthropic.com)"
57.141.20.33 - - [05/May/2026:10:12:36 +0200] "GET /shopdetail/20662468 HTTP/1.1" 200 23697 "-" "meta-externalagent/1.1 (+https://developers.facebook.com/docs/sharing/webmasters/crawler)"
216.73.216.211 - - [05/May/2026:10:12:45 +0200] "GET /js/tinymce/skins/lightgray/img/?C=S&O=A HTTP/1.1" 200 1423 "-" "Mozilla/5.0 AppleWebKit/537.36 (KHTML, like Gecko; compatible; ClaudeBot/1.0; +claudebot@anthropic.com)"
57.141.20.41 - - [05/May/2026:10:12:47 +0200] "GET /shopdetail/27993435 HTTP/1.1" 200 23697 "-" "meta-externalagent/1.1 (+https://developers.facebook.com/docs/sharing/webmasters/crawler)"
57.141.20.71 - - [05/May/2026:10:12:47 +0200] "GET /shopdetail/21108435 HTTP/1.1" 200 23697 "-" "meta-externalagent/1.1 (+https://developers.facebook.com/docs/sharing/webmasters/crawler)"
57.141.20.49 - - [05/May/2026:10:12:48 +0200] "GET /shopdetail/11548435 HTTP/1.1" 200 23697 "-" "meta-externalagent/1.1 (+https://developers.facebook.com/docs/sharing/webmasters/crawler)"
57.141.20.5 - - [05/May/2026:10:12:48 +0200] "GET /shopdetail/3753968 HTTP/1.1" 200 23697 "-" "meta-externalagent/1.1 (+https://developers.facebook.com/docs/sharing/webmasters/crawler)"
57.141.20.52 - - [05/May/2026:10:12:48 +0200] "GET /shopdetail/2923802 HTTP/1.1" 200 23697 "-" "meta-externalagent/1.1 (+https://developers.facebook.com/docs/sharing/webmasters/crawler)"
216.73.216.211 - - [05/May/2026:10:12:49 +0200] "GET /pics/images/d/g/?C=N&O=D HTTP/1.1" 200 2029 "-" "Mozilla/5.0 AppleWebKit/537.36 (KHTML, like Gecko; compatible; ClaudeBot/1.0; +claudebot@anthropic.com)"
216.73.216.211 - - [05/May/2026:10:12:55 +0200] "GET /missmandarine.ch/learning/old/main/notebook/?C=N&O=A HTTP/1.1" 500 - "-" "Mozilla/5.0 AppleWebKit/537.36 (KHTML, like Gecko; compatible; ClaudeBot/1.0; +claudebot@anthropic.com)"
13.86.97.224 - - [05/May/2026:10:12:58 +0200] "GET / HTTP/1.1" 200 23697 "-" "Mozilla/5.0 (compatible; MSIE 9.0; Windows NT 6.1; Trident/5.0; AppInsights)"
216.73.216.211 - - [05/May/2026:10:13:00 +0200] "GET /missmandarine.ch/learning/old/main/lang/hindi/trad4all.inc.php.sorry HTTP/1.1" 200 23697 "-" "Mozilla/5.0 AppleWebKit/537.36 (KHTML, like Gecko; compatible; ClaudeBot/1.0; +claudebot@anthropic.com)"
57.141.20.49 - - [05/May/2026:10:13:04 +0200] "GET /shopdetail/11888380 HTTP/1.1" 200 23697 "-" "meta-externalagent/1.1 (+https://developers.facebook.com/docs/sharing/webmasters/crawler)"
216.73.216.211 - - [05/May/2026:10:13:05 +0200] "GET /pics/images/b/a/d/?C=D&O=D HTTP/1.1" 200 675 "-" "Mozilla/5.0 AppleWebKit/537.36 (KHTML, like Gecko; compatible; ClaudeBot/1.0; +claudebot@anthropic.com)"
216.73.216.211 - - [05/May/2026:10:13:10 +0200] "GET /pics/images/a/b/d/?C=D&O=D HTTP/1.1" 200 675 "-" "Mozilla/5.0 AppleWebKit/537.36 (KHTML, like Gecko; compatible; ClaudeBot/1.0; +claudebot@anthropic.com)"
57.141.20.53 - - [05/May/2026:10:13:15 +0200] "GET /shopdetail/8009302 HTTP/1.1" 200 23697 "-" "meta-externalagent/1.1 (+https://developers.facebook.com/docs/sharing/webmasters/crawler)"
216.73.216.211 - - [05/May/2026:10:13:15 +0200] "GET /missmandarine.ch/learning/old/main/lang/turkish/myagenda.inc.php.sorry HTTP/1.1" 200 23697 "-" "Mozilla/5.0 AppleWebKit/537.36 (KHTML, like Gecko; compatible; ClaudeBot/1.0; +claudebot@anthropic.com)"
74.7.227.25 - - [05/May/2026:10:13:15 +0200] "GET /learning/ALFA_DATA/alfasymlink/root/sys/devices/pci0000:00/firmware_node/device:ad/wakeup/wakeup14/subsystem/wakeup24/event_count HTTP/1.1" 200 4096 "https://missmandarine.com/learning/ALFA_DATA/alfasymlink/root/sys/devices/pci0000:00/firmware_node/device:ad/wakeup/wakeup14/subsystem/wakeup24/" "Mozilla/5.0 AppleWebKit/537.36 (KHTML, like Gecko; compatible; GPTBot/1.3; +https://openai.com/gptbot)"
216.73.216.211 - - [05/May/2026:10:13:20 +0200] "GET /pics/images/f/e/a/?C=M&O=D HTTP/1.1" 200 675 "-" "Mozilla/5.0 AppleWebKit/537.36 (KHTML, like Gecko; compatible; ClaudeBot/1.0; +claudebot@anthropic.com)"
57.141.20.60 - - [05/May/2026:10:13:24 +0200] "GET /shopdetail/15224857 HTTP/1.1" 200 23697 "-" "meta-externalagent/1.1 (+https://developers.facebook.com/docs/sharing/webmasters/crawler)"
216.73.216.211 - - [05/May/2026:10:13:25 +0200] "GET /pics/images/b/d/a/?C=M&O=D HTTP/1.1" 200 675 "-" "Mozilla/5.0 AppleWebKit/537.36 (KHTML, like Gecko; compatible; ClaudeBot/1.0; +claudebot@anthropic.com)"
57.141.20.33 - - [05/May/2026:10:13:29 +0200] "GET /shopdetail/4224479 HTTP/1.1" 200 23697 "-" "meta-externalagent/1.1 (+https://developers.facebook.com/docs/sharing/webmasters/crawler)"
216.73.216.211 - - [05/May/2026:10:13:31 +0200] "GET /pics/images/f/d/b/?C=D&O=D HTTP/1.1" 200 675 "-" "Mozilla/5.0 AppleWebKit/537.36 (KHTML, like Gecko; compatible; ClaudeBot/1.0; +claudebot@anthropic.com)"
216.73.216.211 - - [05/May/2026:10:13:32 +0200] "GET /pics/images/d/b/f/?C=M&O=A HTTP/1.1" 200 675 "-" "Mozilla/5.0 AppleWebKit/537.36 (KHTML, like Gecko; compatible; ClaudeBot/1.0; +claudebot@anthropic.com)"
20.40.129.96 - - [05/May/2026:10:13:35 +0200] "GET / HTTP/1.1" 200 23697 "-" "Mozilla/5.0 (compatible; MSIE 9.0; Windows NT 6.1; Trident/5.0; AppInsights)"
216.73.216.211 - - [05/May/2026:10:13:37 +0200] "GET /pics/images/b/d/f/?C=M&O=A HTTP/1.1" 200 675 "-" "Mozilla/5.0 AppleWebKit/537.36 (KHTML, like Gecko; compatible; ClaudeBot/1.0; +claudebot@anthropic.com)"
216.73.216.211 - - [05/May/2026:10:13:42 +0200] "GET /missmandarine.ch/learning/old/plugin/dashboard/block_student/css/?C=S&O=A HTTP/1.1" 200 234 "-" "Mozilla/5.0 AppleWebKit/537.36 (KHTML, like Gecko; compatible; ClaudeBot/1.0; +claudebot@anthropic.com)"
57.141.20.53 - - [05/May/2026:10:13:44 +0200] "GET /shopdetail/10758646 HTTP/1.1" 200 23697 "-" "meta-externalagent/1.1 (+https://developers.facebook.com/docs/sharing/webmasters/crawler)"
57.141.20.58 - - [05/May/2026:10:13:44 +0200] "GET /shopdetail/24998891 HTTP/1.1" 200 23697 "-" "meta-externalagent/1.1 (+https://developers.facebook.com/docs/sharing/webmasters/crawler)"
216.73.216.211 - - [05/May/2026:10:13:47 +0200] "GET /learning/file/flash/1423750867/js/?C=S&O=A HTTP/1.1" 200 1271 "-" "Mozilla/5.0 AppleWebKit/537.36 (KHTML, like Gecko; compatible; ClaudeBot/1.0; +claudebot@anthropic.com)"
57.141.20.4 - - [05/May/2026:10:13:49 +0200] "GET /shopdetail/20848757 HTTP/1.1" 200 23697 "-" "meta-externalagent/1.1 (+https://developers.facebook.com/docs/sharing/webmasters/crawler)"
57.141.20.30 - - [05/May/2026:10:13:49 +0200] "GET /shopdetail/20262691 HTTP/1.1" 200 23697 "-" "meta-externalagent/1.1 (+https://developers.facebook.com/docs/sharing/webmasters/crawler)"
57.141.20.56 - - [05/May/2026:10:13:50 +0200] "GET /shopdetail/14518380 HTTP/1.1" 200 23697 "-" "meta-externalagent/1.1 (+https://developers.facebook.com/docs/sharing/webmasters/crawler)"
57.141.20.64 - - [05/May/2026:10:13:51 +0200] "GET /shopdetail/19132802 HTTP/1.1" 200 23697 "-" "meta-externalagent/1.1 (+https://developers.facebook.com/docs/sharing/webmasters/crawler)"
57.141.20.4 - - [05/May/2026:10:13:51 +0200] "GET /shopdetail/9668924 HTTP/1.1" 200 23697 "-" "meta-externalagent/1.1 (+https://developers.facebook.com/docs/sharing/webmasters/crawler)"
216.73.216.211 - - [05/May/2026:10:13:52 +0200] "GET /pics/images/b/f/d/?C=D&O=A HTTP/1.1" 200 675 "-" "Mozilla/5.0 AppleWebKit/537.36 (KHTML, like Gecko; compatible; ClaudeBot/1.0; +claudebot@anthropic.com)"
216.73.216.211 - - [05/May/2026:10:13:57 +0200] "GET /missmandarine.ch/learning/old/courses/?C=S&O=A HTTP/1.1" 200 45 "-" "Mozilla/5.0 AppleWebKit/537.36 (KHTML, like Gecko; compatible; ClaudeBot/1.0; +claudebot@anthropic.com)"
57.141.20.58 - - [05/May/2026:10:13:59 +0200] "GET /shopdetail/30065980 HTTP/1.1" 200 23697 "-" "meta-externalagent/1.1 (+https://developers.facebook.com/docs/sharing/webmasters/crawler)"
216.73.216.211 - - [05/May/2026:10:14:02 +0200] "GET /missmandarine.ch/learning/admin/lib/tinymce/plugins/autoresize/?C=M&O=D HTTP/1.1" 200 982 "-" "Mozilla/5.0 AppleWebKit/537.36 (KHTML, like Gecko; compatible; ClaudeBot/1.0; +claudebot@anthropic.com)"
216.73.216.211 - - [05/May/2026:10:14:07 +0200] "GET /missmandarine.ch/learning/old/main/img/folder_links.gif.sorry HTTP/1.1" 200 23697 "-" "Mozilla/5.0 AppleWebKit/537.36 (KHTML, like Gecko; compatible; ClaudeBot/1.0; +claudebot@anthropic.com)"
216.73.216.211 - - [05/May/2026:10:14:12 +0200] "GET /missmandarine.ch/learning/old/main/img/div_hide.gif.sorry HTTP/1.1" 200 23697 "-" "Mozilla/5.0 AppleWebKit/537.36 (KHTML, like Gecko; compatible; ClaudeBot/1.0; +claudebot@anthropic.com)"
216.73.216.211 - - [05/May/2026:10:14:17 +0200] "GET /missmandarine.ch/learning/old/main/course_info/?C=S&O=A HTTP/1.1" 200 103 "-" "Mozilla/5.0 AppleWebKit/537.36 (KHTML, like Gecko; compatible; ClaudeBot/1.0; +claudebot@anthropic.com)"
57.141.20.56 - - [05/May/2026:10:14:18 +0200] "GET /shopdetail/3739635 HTTP/1.1" 200 23697 "-" "meta-externalagent/1.1 (+https://developers.facebook.com/docs/sharing/webmasters/crawler)"
74.7.227.25 - - [05/May/2026:10:14:18 +0200] "GET /learning/ALFA_DATA/alfasymlink/root/sys/devices/pci0000:00/firmware_node/device:ad/wakeup/wakeup14/subsystem/wakeup38/uevent HTTP/1.1" 200 4096 "https://missmandarine.com/learning/ALFA_DATA/alfasymlink/root/sys/devices/pci0000:00/firmware_node/device:ad/wakeup/wakeup14/subsystem/wakeup38/" "Mozilla/5.0 AppleWebKit/537.36 (KHTML, like Gecko; compatible; GPTBot/1.3; +https://openai.com/gptbot)"
57.141.20.18 - - [05/May/2026:10:14:18 +0200] "GET /shopdetail/21066035 HTTP/1.1" 200 23697 "-" "meta-externalagent/1.1 (+https://developers.facebook.com/docs/sharing/webmasters/crawler)"
57.141.20.6 - - [05/May/2026:10:14:19 +0200] "GET /shopdetail/22212857 HTTP/1.1" 200 23697 "-" "meta-externalagent/1.1 (+https://developers.facebook.com/docs/sharing/webmasters/crawler)"
