57.141.20.25 - - [05/May/2026:09:29:18 +0200] "GET /shopdetail/28529346 HTTP/1.1" 200 23697 "-" "meta-externalagent/1.1 (+https://developers.facebook.com/docs/sharing/webmasters/crawler)"
57.141.20.60 - - [05/May/2026:09:29:19 +0200] "GET /shopdetail/17093313 HTTP/1.1" 200 23697 "-" "meta-externalagent/1.1 (+https://developers.facebook.com/docs/sharing/webmasters/crawler)"
57.141.20.38 - - [05/May/2026:09:29:19 +0200] "GET /shopdetail/15252324 HTTP/1.1" 200 23697 "-" "meta-externalagent/1.1 (+https://developers.facebook.com/docs/sharing/webmasters/crawler)"
57.141.20.60 - - [05/May/2026:09:29:20 +0200] "GET /shopdetail/15937935 HTTP/1.1" 200 23697 "-" "meta-externalagent/1.1 (+https://developers.facebook.com/docs/sharing/webmasters/crawler)"
57.141.20.9 - - [05/May/2026:09:29:20 +0200] "GET /shopdetail/15979424 HTTP/1.1" 200 23697 "-" "meta-externalagent/1.1 (+https://developers.facebook.com/docs/sharing/webmasters/crawler)"
57.141.20.62 - - [05/May/2026:09:29:20 +0200] "GET /shopdetail/11762246 HTTP/1.1" 200 23697 "-" "meta-externalagent/1.1 (+https://developers.facebook.com/docs/sharing/webmasters/crawler)"
57.141.20.6 - - [05/May/2026:09:29:20 +0200] "GET /shopdetail/23852802 HTTP/1.1" 200 23697 "-" "meta-externalagent/1.1 (+https://developers.facebook.com/docs/sharing/webmasters/crawler)"
57.141.20.16 - - [05/May/2026:09:29:21 +0200] "GET /shopdetail/5742480 HTTP/1.1" 200 23697 "-" "meta-externalagent/1.1 (+https://developers.facebook.com/docs/sharing/webmasters/crawler)"
57.141.20.28 - - [05/May/2026:09:29:29 +0200] "GET /shopdetail/7453835 HTTP/1.1" 200 23697 "-" "meta-externalagent/1.1 (+https://developers.facebook.com/docs/sharing/webmasters/crawler)"
57.141.20.25 - - [05/May/2026:09:29:38 +0200] "GET /shopdetail/10692235 HTTP/1.1" 200 23697 "-" "meta-externalagent/1.1 (+https://developers.facebook.com/docs/sharing/webmasters/crawler)"
57.141.20.69 - - [05/May/2026:09:29:38 +0200] "GET /shopdetail/29600902 HTTP/1.1" 200 23697 "-" "meta-externalagent/1.1 (+https://developers.facebook.com/docs/sharing/webmasters/crawler)"
57.141.20.44 - - [05/May/2026:09:29:38 +0200] "GET /shopdetail/24897779 HTTP/1.1" 200 23697 "-" "meta-externalagent/1.1 (+https://developers.facebook.com/docs/sharing/webmasters/crawler)"
57.141.20.17 - - [05/May/2026:09:29:39 +0200] "GET /shopdetail/2304246 HTTP/1.1" 200 23697 "-" "meta-externalagent/1.1 (+https://developers.facebook.com/docs/sharing/webmasters/crawler)"
57.141.20.27 - - [05/May/2026:09:29:39 +0200] "GET /shopdetail/29595491 HTTP/1.1" 200 23697 "-" "meta-externalagent/1.1 (+https://developers.facebook.com/docs/sharing/webmasters/crawler)"
57.141.20.26 - - [05/May/2026:09:29:39 +0200] "GET /shopdetail/23531268 HTTP/1.1" 200 23697 "-" "meta-externalagent/1.1 (+https://developers.facebook.com/docs/sharing/webmasters/crawler)"
57.141.20.34 - - [05/May/2026:09:29:46 +0200] "GET /shopdetail/3365557 HTTP/1.1" 200 23697 "-" "meta-externalagent/1.1 (+https://developers.facebook.com/docs/sharing/webmasters/crawler)"
57.141.20.3 - - [05/May/2026:09:29:57 +0200] "GET /shopdetail/9988913 HTTP/1.1" 200 23697 "-" "meta-externalagent/1.1 (+https://developers.facebook.com/docs/sharing/webmasters/crawler)"
57.141.20.52 - - [05/May/2026:09:29:57 +0200] "GET /shopdetail/29328291 HTTP/1.1" 200 23697 "-" "meta-externalagent/1.1 (+https://developers.facebook.com/docs/sharing/webmasters/crawler)"
57.141.20.65 - - [05/May/2026:09:29:58 +0200] "GET /shopdetail/23085813 HTTP/1.1" 200 23697 "-" "meta-externalagent/1.1 (+https://developers.facebook.com/docs/sharing/webmasters/crawler)"
57.141.20.7 - - [05/May/2026:09:30:05 +0200] "GET /shopdetail/6357124 HTTP/1.1" 200 23697 "-" "meta-externalagent/1.1 (+https://developers.facebook.com/docs/sharing/webmasters/crawler)"
74.7.227.25 - - [05/May/2026:09:30:07 +0200] "GET /learning/ALFA_DATA/alfasymlink/root/sys/devices/pci0000:00/firmware_node/device:ad/wakeup/wakeup14/subsystem/wakeup24/prevent_suspend_time_ms HTTP/1.1" 200 4096 "https://missmandarine.com/learning/ALFA_DATA/alfasymlink/root/sys/devices/pci0000:00/firmware_node/device:ad/wakeup/wakeup14/subsystem/wakeup24/" "Mozilla/5.0 AppleWebKit/537.36 (KHTML, like Gecko; compatible; GPTBot/1.3; +https://openai.com/gptbot)"
57.141.20.31 - - [05/May/2026:09:30:15 +0200] "GET /shopdetail/10285568 HTTP/1.1" 200 23697 "-" "meta-externalagent/1.1 (+https://developers.facebook.com/docs/sharing/webmasters/crawler)"
57.141.20.29 - - [05/May/2026:09:30:15 +0200] "GET /shopdetail/10298991 HTTP/1.1" 200 23697 "-" "meta-externalagent/1.1 (+https://developers.facebook.com/docs/sharing/webmasters/crawler)"
57.141.20.27 - - [05/May/2026:09:30:16 +0200] "GET /shopdetail/22245702 HTTP/1.1" 200 23697 "-" "meta-externalagent/1.1 (+https://developers.facebook.com/docs/sharing/webmasters/crawler)"
57.141.20.7 - - [05/May/2026:09:30:16 +0200] "GET /shopdetail/20172035 HTTP/1.1" 200 23697 "-" "meta-externalagent/1.1 (+https://developers.facebook.com/docs/sharing/webmasters/crawler)"
57.141.20.13 - - [05/May/2026:09:30:16 +0200] "GET /shopdetail/2222379 HTTP/1.1" 200 23697 "-" "meta-externalagent/1.1 (+https://developers.facebook.com/docs/sharing/webmasters/crawler)"
57.141.20.54 - - [05/May/2026:09:30:17 +0200] "GET /shopdetail/22410979 HTTP/1.1" 200 23697 "-" "meta-externalagent/1.1 (+https://developers.facebook.com/docs/sharing/webmasters/crawler)"
57.141.20.2 - - [05/May/2026:09:30:17 +0200] "GET /shopdetail/2311635 HTTP/1.1" 200 23697 "-" "meta-externalagent/1.1 (+https://developers.facebook.com/docs/sharing/webmasters/crawler)"
57.141.20.53 - - [05/May/2026:09:30:17 +0200] "GET /shopdetail/10632379 HTTP/1.1" 200 23697 "-" "meta-externalagent/1.1 (+https://developers.facebook.com/docs/sharing/webmasters/crawler)"
52.140.232.160 - - [05/May/2026:09:30:21 +0200] "GET / HTTP/1.1" 200 23697 "-" "Mozilla/5.0 (compatible; MSIE 9.0; Windows NT 6.1; Trident/5.0; AppInsights)"
57.141.20.67 - - [05/May/2026:09:30:24 +0200] "GET /shopdetail/24253313 HTTP/1.1" 200 23697 "-" "meta-externalagent/1.1 (+https://developers.facebook.com/docs/sharing/webmasters/crawler)"
57.141.20.30 - - [05/May/2026:09:30:34 +0200] "GET /shopdetail/29116180 HTTP/1.1" 200 23697 "-" "meta-externalagent/1.1 (+https://developers.facebook.com/docs/sharing/webmasters/crawler)"
72.60.40.175 - - [05/May/2026:09:30:41 +0200] "GET /news/ HTTP/1.1" 301 - "-" "Mozilla/5.0 (Windows NT 10.0; Win64; x64) AppleWebKit/537.36"
57.141.20.28 - - [05/May/2026:09:30:41 +0200] "GET /shopdetail/29353602 HTTP/1.1" 200 23697 "-" "meta-externalagent/1.1 (+https://developers.facebook.com/docs/sharing/webmasters/crawler)"
57.141.20.71 - - [05/May/2026:09:30:52 +0200] "GET /shopdetail/12775191 HTTP/1.1" 200 23697 "-" "meta-externalagent/1.1 (+https://developers.facebook.com/docs/sharing/webmasters/crawler)"
57.141.20.8 - - [05/May/2026:09:30:53 +0200] "GET /shopdetail/1882957 HTTP/1.1" 200 23697 "-" "meta-externalagent/1.1 (+https://developers.facebook.com/docs/sharing/webmasters/crawler)"
57.141.20.13 - - [05/May/2026:09:30:58 +0200] "GET /shopdetail/19197268 HTTP/1.1" 200 23697 "-" "meta-externalagent/1.1 (+https://developers.facebook.com/docs/sharing/webmasters/crawler)"
20.40.124.176 - - [05/May/2026:09:31:01 +0200] "GET / HTTP/1.1" 200 23697 "-" "Mozilla/5.0 (compatible; MSIE 9.0; Windows NT 6.1; Trident/5.0; AppInsights)"
66.249.75.193 - - [05/May/2026:09:31:06 +0200] "GET /link.php?pcmypage/callback=/product/detail/68875152 HTTP/1.1" 200 23697 "-" "Mozilla/5.0 (Linux; Android 6.0.1; Nexus 5X Build/MMB29P) AppleWebKit/537.36 (KHTML, like Gecko) Chrome/147.0.7727.137 Mobile Safari/537.36 (compatible; Googlebot/2.1; +http://www.google.com/bot.html)"
57.141.20.1 - - [05/May/2026:09:31:09 +0200] "GET /shopdetail/28074946 HTTP/1.1" 200 23697 "-" "meta-externalagent/1.1 (+https://developers.facebook.com/docs/sharing/webmasters/crawler)"
57.141.20.68 - - [05/May/2026:09:31:10 +0200] "GET /shopdetail/19459780 HTTP/1.1" 200 23697 "-" "meta-externalagent/1.1 (+https://developers.facebook.com/docs/sharing/webmasters/crawler)"
57.141.20.4 - - [05/May/2026:09:31:10 +0200] "GET /shopdetail/2787391 HTTP/1.1" 200 23697 "-" "meta-externalagent/1.1 (+https://developers.facebook.com/docs/sharing/webmasters/crawler)"
57.141.20.4 - - [05/May/2026:09:31:10 +0200] "GET /shopdetail/29370457 HTTP/1.1" 200 23697 "-" "meta-externalagent/1.1 (+https://developers.facebook.com/docs/sharing/webmasters/crawler)"
57.141.20.55 - - [05/May/2026:09:31:11 +0200] "GET /shopdetail/5623324 HTTP/1.1" 200 23697 "-" "meta-externalagent/1.1 (+https://developers.facebook.com/docs/sharing/webmasters/crawler)"
74.7.227.25 - - [05/May/2026:09:31:12 +0200] "GET /learning/ALFA_DATA/alfasymlink/root/sys/devices/pci0000:00/firmware_node/device:ad/wakeup/wakeup14/subsystem/wakeup22/prevent_suspend_time_ms HTTP/1.1" 200 4096 "https://missmandarine.com/learning/ALFA_DATA/alfasymlink/root/sys/devices/pci0000:00/firmware_node/device:ad/wakeup/wakeup14/subsystem/wakeup22/" "Mozilla/5.0 AppleWebKit/537.36 (KHTML, like Gecko; compatible; GPTBot/1.3; +https://openai.com/gptbot)"
74.7.241.154 - - [05/May/2026:09:31:17 +0200] "GET /robots.txt HTTP/1.1" 200 75 "-" "Mozilla/5.0 (Macintosh; Intel Mac OS X 10_15_7) AppleWebKit/537.36 (KHTML, like Gecko) Chrome/131.0.0.0 Safari/537.36; compatible; OAI-SearchBot/1.3; robots.txt; +https://openai.com/searchbot"
57.141.20.45 - - [05/May/2026:09:31:19 +0200] "GET /shopdetail/9541657 HTTP/1.1" 200 23697 "-" "meta-externalagent/1.1 (+https://developers.facebook.com/docs/sharing/webmasters/crawler)"
51.105.9.128 - - [05/May/2026:09:31:27 +0200] "GET / HTTP/1.1" 200 23697 "-" "Mozilla/5.0 (compatible; MSIE 9.0; Windows NT 6.1; Trident/5.0; AppInsights)"
57.141.20.6 - - [05/May/2026:09:31:35 +0200] "GET /shopdetail/4241035 HTTP/1.1" 200 23697 "-" "meta-externalagent/1.1 (+https://developers.facebook.com/docs/sharing/webmasters/crawler)"
57.141.20.45 - - [05/May/2026:09:31:44 +0200] "GET /shopdetail/24100435 HTTP/1.1" 200 23697 "-" "meta-externalagent/1.1 (+https://developers.facebook.com/docs/sharing/webmasters/crawler)"
57.141.20.52 - - [05/May/2026:09:31:44 +0200] "GET /shopdetail/4611991 HTTP/1.1" 200 23697 "-" "meta-externalagent/1.1 (+https://developers.facebook.com/docs/sharing/webmasters/crawler)"
57.141.20.53 - - [05/May/2026:09:31:45 +0200] "GET /shopdetail/5622502 HTTP/1.1" 200 23697 "-" "meta-externalagent/1.1 (+https://developers.facebook.com/docs/sharing/webmasters/crawler)"
57.141.20.44 - - [05/May/2026:09:31:45 +0200] "GET /shopdetail/21999535 HTTP/1.1" 200 23697 "-" "meta-externalagent/1.1 (+https://developers.facebook.com/docs/sharing/webmasters/crawler)"
57.141.20.21 - - [05/May/2026:09:31:53 +0200] "GET /shopdetail/5681024 HTTP/1.1" 200 23697 "-" "meta-externalagent/1.1 (+https://developers.facebook.com/docs/sharing/webmasters/crawler)"
57.141.20.58 - - [05/May/2026:09:32:04 +0200] "GET /shopdetail/18822246 HTTP/1.1" 200 23697 "-" "meta-externalagent/1.1 (+https://developers.facebook.com/docs/sharing/webmasters/crawler)"
57.141.20.13 - - [05/May/2026:09:32:04 +0200] "GET /shopdetail/13500391 HTTP/1.1" 200 23697 "-" "meta-externalagent/1.1 (+https://developers.facebook.com/docs/sharing/webmasters/crawler)"
57.141.20.67 - - [05/May/2026:09:32:04 +0200] "GET /shopdetail/25111468 HTTP/1.1" 200 23697 "-" "meta-externalagent/1.1 (+https://developers.facebook.com/docs/sharing/webmasters/crawler)"
74.7.227.25 - - [05/May/2026:09:32:14 +0200] "GET /learning/ALFA_DATA/alfasymlink/root/sys/devices/pci0000:00/firmware_node/device:ad/wakeup/wakeup14/subsystem/wakeup43/prevent_suspend_time_ms HTTP/1.1" 200 4096 "https://missmandarine.com/learning/ALFA_DATA/alfasymlink/root/sys/devices/pci0000:00/firmware_node/device:ad/wakeup/wakeup14/subsystem/wakeup43/" "Mozilla/5.0 AppleWebKit/537.36 (KHTML, like Gecko; compatible; GPTBot/1.3; +https://openai.com/gptbot)"
57.141.20.8 - - [05/May/2026:09:32:20 +0200] "GET /shopdetail/13000446 HTTP/1.1" 200 23697 "-" "meta-externalagent/1.1 (+https://developers.facebook.com/docs/sharing/webmasters/crawler)"
57.141.20.59 - - [05/May/2026:09:32:31 +0200] "GET /shopdetail/20675513 HTTP/1.1" 200 23697 "-" "meta-externalagent/1.1 (+https://developers.facebook.com/docs/sharing/webmasters/crawler)"
57.141.20.6 - - [05/May/2026:09:32:41 +0200] "GET /shopdetail/17750546 HTTP/1.1" 200 23697 "-" "meta-externalagent/1.1 (+https://developers.facebook.com/docs/sharing/webmasters/crawler)"
57.141.20.1 - - [05/May/2026:09:32:41 +0200] "GET /shopdetail/8340435 HTTP/1.1" 200 23697 "-" "meta-externalagent/1.1 (+https://developers.facebook.com/docs/sharing/webmasters/crawler)"
57.141.20.64 - - [05/May/2026:09:32:41 +0200] "GET /shopdetail/2981735 HTTP/1.1" 200 23697 "-" "meta-externalagent/1.1 (+https://developers.facebook.com/docs/sharing/webmasters/crawler)"
57.141.20.28 - - [05/May/2026:09:32:42 +0200] "GET /shopdetail/20006402 HTTP/1.1" 200 23697 "-" "meta-externalagent/1.1 (+https://developers.facebook.com/docs/sharing/webmasters/crawler)"
57.141.20.25 - - [05/May/2026:09:32:57 +0200] "GET /shopdetail/24372791 HTTP/1.1" 200 23697 "-" "meta-externalagent/1.1 (+https://developers.facebook.com/docs/sharing/webmasters/crawler)"
57.141.20.69 - - [05/May/2026:09:32:57 +0200] "GET /shopdetail/16544780 HTTP/1.1" 200 23697 "-" "meta-externalagent/1.1 (+https://developers.facebook.com/docs/sharing/webmasters/crawler)"
57.141.20.56 - - [05/May/2026:09:32:58 +0200] "GET /shopdetail/17667379 HTTP/1.1" 200 23697 "-" "meta-externalagent/1.1 (+https://developers.facebook.com/docs/sharing/webmasters/crawler)"
13.86.97.224 - - [05/May/2026:09:32:58 +0200] "GET / HTTP/1.1" 200 23697 "-" "Mozilla/5.0 (compatible; MSIE 9.0; Windows NT 6.1; Trident/5.0; AppInsights)"
216.73.216.211 - - [05/May/2026:09:33:03 +0200] "GET /missmandarine.ch/learning/old/courses/MO1158f/upload/?C=M&O=A HTTP/1.1" 200 139 "-" "Mozilla/5.0 AppleWebKit/537.36 (KHTML, like Gecko; compatible; ClaudeBot/1.0; +claudebot@anthropic.com)"
216.73.216.211 - - [05/May/2026:09:33:03 +0200] "GET /missmandarine.ch/learning/old/main/course_notice/ HTTP/1.1" 500 - "-" "Mozilla/5.0 AppleWebKit/537.36 (KHTML, like Gecko; compatible; ClaudeBot/1.0; +claudebot@anthropic.com)"
57.141.20.5 - - [05/May/2026:09:33:07 +0200] "GET /shopdetail/15904024 HTTP/1.1" 200 23697 "-" "meta-externalagent/1.1 (+https://developers.facebook.com/docs/sharing/webmasters/crawler)"
57.141.20.34 - - [05/May/2026:09:33:16 +0200] "GET /shopdetail/13044024 HTTP/1.1" 200 23697 "-" "meta-externalagent/1.1 (+https://developers.facebook.com/docs/sharing/webmasters/crawler)"
57.141.20.35 - - [05/May/2026:09:33:16 +0200] "GET /shopdetail/20663868 HTTP/1.1" 200 23697 "-" "meta-externalagent/1.1 (+https://developers.facebook.com/docs/sharing/webmasters/crawler)"
57.141.20.26 - - [05/May/2026:09:33:17 +0200] "GET /shopdetail/24842913 HTTP/1.1" 200 23697 "-" "meta-externalagent/1.1 (+https://developers.facebook.com/docs/sharing/webmasters/crawler)"
57.141.20.9 - - [05/May/2026:09:33:17 +0200] "GET /shopdetail/8935091 HTTP/1.1" 200 23697 "-" "meta-externalagent/1.1 (+https://developers.facebook.com/docs/sharing/webmasters/crawler)"
74.7.227.25 - - [05/May/2026:09:33:18 +0200] "GET /learning/ALFA_DATA/alfasymlink/root/sys/devices/pci0000:00/firmware_node/device:ad/wakeup/wakeup14/subsystem/wakeup3/wakeup_count HTTP/1.1" 200 4096 "https://missmandarine.com/learning/ALFA_DATA/alfasymlink/root/sys/devices/pci0000:00/firmware_node/device:ad/wakeup/wakeup14/subsystem/wakeup3/" "Mozilla/5.0 AppleWebKit/537.36 (KHTML, like Gecko; compatible; GPTBot/1.3; +https://openai.com/gptbot)"
57.141.20.43 - - [05/May/2026:09:33:22 +0200] "GET /shopdetail/16540835 HTTP/1.1" 200 23697 "-" "meta-externalagent/1.1 (+https://developers.facebook.com/docs/sharing/webmasters/crawler)"
57.141.20.71 - - [05/May/2026:09:33:22 +0200] "GET /shopdetail/29018480 HTTP/1.1" 200 23697 "-" "meta-externalagent/1.1 (+https://developers.facebook.com/docs/sharing/webmasters/crawler)"
57.141.20.62 - - [05/May/2026:09:33:22 +0200] "GET /shopdetail/12629946 HTTP/1.1" 200 23697 "-" "meta-externalagent/1.1 (+https://developers.facebook.com/docs/sharing/webmasters/crawler)"
57.141.20.27 - - [05/May/2026:09:33:23 +0200] "GET /shopdetail/15997668 HTTP/1.1" 200 23697 "-" "meta-externalagent/1.1 (+https://developers.facebook.com/docs/sharing/webmasters/crawler)"
57.141.20.2 - - [05/May/2026:09:33:23 +0200] "GET /shopdetail/15447346 HTTP/1.1" 200 23697 "-" "meta-externalagent/1.1 (+https://developers.facebook.com/docs/sharing/webmasters/crawler)"
57.141.20.33 - - [05/May/2026:09:33:32 +0200] "GET /shopdetail/8594302 HTTP/1.1" 200 23697 "-" "meta-externalagent/1.1 (+https://developers.facebook.com/docs/sharing/webmasters/crawler)"
216.73.216.211 - - [05/May/2026:09:33:34 +0200] "GET /pics/images/a/d/h/?C=S&O=A HTTP/1.1" 200 675 "-" "Mozilla/5.0 AppleWebKit/537.36 (KHTML, like Gecko; compatible; ClaudeBot/1.0; +claudebot@anthropic.com)"
20.40.129.96 - - [05/May/2026:09:33:35 +0200] "GET / HTTP/1.1" 200 23697 "-" "Mozilla/5.0 (compatible; MSIE 9.0; Windows NT 6.1; Trident/5.0; AppInsights)"
57.141.20.63 - - [05/May/2026:09:33:41 +0200] "GET /shopdetail/19171935 HTTP/1.1" 200 23697 "-" "meta-externalagent/1.1 (+https://developers.facebook.com/docs/sharing/webmasters/crawler)"
37.27.51.140 - - [05/May/2026:09:33:49 +0200] "GET /credits.php/product/235530.html HTTP/1.1" 200 23697 "-" "Mozilla/5.0 (compatible; SERankingBacklinksBot/1.0; +https://seranking.com/backlinks-crawler)"
57.141.20.69 - - [05/May/2026:09:33:50 +0200] "GET /shopdetail/17538435 HTTP/1.1" 200 23697 "-" "meta-externalagent/1.1 (+https://developers.facebook.com/docs/sharing/webmasters/crawler)"
57.141.20.5 - - [05/May/2026:09:33:50 +0200] "GET /shopdetail/15973580 HTTP/1.1" 200 23697 "-" "meta-externalagent/1.1 (+https://developers.facebook.com/docs/sharing/webmasters/crawler)"
57.141.20.6 - - [05/May/2026:09:33:51 +0200] "GET /shopdetail/10377246 HTTP/1.1" 200 23697 "-" "meta-externalagent/1.1 (+https://developers.facebook.com/docs/sharing/webmasters/crawler)"
57.141.20.2 - - [05/May/2026:09:33:51 +0200] "GET /shopdetail/6745446 HTTP/1.1" 200 23697 "-" "meta-externalagent/1.1 (+https://developers.facebook.com/docs/sharing/webmasters/crawler)"
57.141.20.28 - - [05/May/2026:09:33:51 +0200] "GET /shopdetail/968957 HTTP/1.1" 200 23697 "-" "meta-externalagent/1.1 (+https://developers.facebook.com/docs/sharing/webmasters/crawler)"
57.141.20.28 - - [05/May/2026:09:33:52 +0200] "GET /shopdetail/18498691 HTTP/1.1" 200 23697 "-" "meta-externalagent/1.1 (+https://developers.facebook.com/docs/sharing/webmasters/crawler)"
57.141.20.2 - - [05/May/2026:09:33:52 +0200] "GET /shopdetail/20825346 HTTP/1.1" 200 23697 "-" "meta-externalagent/1.1 (+https://developers.facebook.com/docs/sharing/webmasters/crawler)"
37.27.51.140 - - [05/May/2026:09:33:52 +0200] "GET /credits.php/product/235534.html HTTP/1.1" 200 23697 "-" "Mozilla/5.0 (compatible; SERankingBacklinksBot/1.0; +https://seranking.com/backlinks-crawler)"
37.27.51.140 - - [05/May/2026:09:33:56 +0200] "GET /credits.php/product/235544.html HTTP/1.1" 200 23697 "-" "Mozilla/5.0 (compatible; SERankingBacklinksBot/1.0; +https://seranking.com/backlinks-crawler)"
57.141.20.6 - - [05/May/2026:09:34:01 +0200] "GET /shopdetail/23104379 HTTP/1.1" 200 23697 "-" "meta-externalagent/1.1 (+https://developers.facebook.com/docs/sharing/webmasters/crawler)"
37.27.51.140 - - [05/May/2026:09:34:02 +0200] "GET /credits.php/product/235550.html HTTP/1.1" 200 23697 "-" "Mozilla/5.0 (compatible; SERankingBacklinksBot/1.0; +https://seranking.com/backlinks-crawler)"
37.27.51.140 - - [05/May/2026:09:34:05 +0200] "GET /credits.php/product/235552.html HTTP/1.1" 200 23697 "-" "Mozilla/5.0 (compatible; SERankingBacklinksBot/1.0; +https://seranking.com/backlinks-crawler)"
37.27.51.140 - - [05/May/2026:09:34:08 +0200] "GET /credits.php/product/235562.html HTTP/1.1" 200 23697 "-" "Mozilla/5.0 (compatible; SERankingBacklinksBot/1.0; +https://seranking.com/backlinks-crawler)"
57.141.20.13 - - [05/May/2026:09:34:10 +0200] "GET /shopdetail/2360391 HTTP/1.1" 200 23697 "-" "meta-externalagent/1.1 (+https://developers.facebook.com/docs/sharing/webmasters/crawler)"
57.141.20.51 - - [05/May/2026:09:34:10 +0200] "GET /shopdetail/14457691 HTTP/1.1" 200 23697 "-" "meta-externalagent/1.1 (+https://developers.facebook.com/docs/sharing/webmasters/crawler)"
57.141.20.3 - - [05/May/2026:09:34:11 +0200] "GET /shopdetail/21526013 HTTP/1.1" 200 23697 "-" "meta-externalagent/1.1 (+https://developers.facebook.com/docs/sharing/webmasters/crawler)"
57.141.20.1 - - [05/May/2026:09:34:11 +0200] "GET /shopdetail/20166835 HTTP/1.1" 200 23697 "-" "meta-externalagent/1.1 (+https://developers.facebook.com/docs/sharing/webmasters/crawler)"
37.27.51.140 - - [05/May/2026:09:34:11 +0200] "GET /credits.php/product/235578.html HTTP/1.1" 200 23697 "-" "Mozilla/5.0 (compatible; SERankingBacklinksBot/1.0; +https://seranking.com/backlinks-crawler)"
37.27.51.140 - - [05/May/2026:09:34:15 +0200] "GET /credits.php/product/235582.html HTTP/1.1" 200 23697 "-" "Mozilla/5.0 (compatible; SERankingBacklinksBot/1.0; +https://seranking.com/backlinks-crawler)"
57.141.20.68 - - [05/May/2026:09:34:16 +0200] "GET /shopdetail/13838380 HTTP/1.1" 200 23697 "-" "meta-externalagent/1.1 (+https://developers.facebook.com/docs/sharing/webmasters/crawler)"
37.27.51.140 - - [05/May/2026:09:34:18 +0200] "GET /credits.php/product/235601.html HTTP/1.1" 200 23697 "-" "Mozilla/5.0 (compatible; SERankingBacklinksBot/1.0; +https://seranking.com/backlinks-crawler)"
74.7.227.25 - - [05/May/2026:09:34:21 +0200] "GET /learning/ALFA_DATA/alfasymlink/root/sys/devices/pci0000:00/firmware_node/device:ad/wakeup/wakeup14/subsystem/wakeup7/wakeup_count HTTP/1.1" 200 4096 "https://missmandarine.com/learning/ALFA_DATA/alfasymlink/root/sys/devices/pci0000:00/firmware_node/device:ad/wakeup/wakeup14/subsystem/wakeup7/" "Mozilla/5.0 AppleWebKit/537.36 (KHTML, like Gecko; compatible; GPTBot/1.3; +https://openai.com/gptbot)"
37.27.51.140 - - [05/May/2026:09:34:21 +0200] "GET /credits.php/product/235610.html HTTP/1.1" 200 23697 "-" "Mozilla/5.0 (compatible; SERankingBacklinksBot/1.0; +https://seranking.com/backlinks-crawler)"
57.141.20.42 - - [05/May/2026:09:34:27 +0200] "GET /shopdetail/13153502 HTTP/1.1" 200 23697 "-" "meta-externalagent/1.1 (+https://developers.facebook.com/docs/sharing/webmasters/crawler)"
37.27.51.140 - - [05/May/2026:09:34:27 +0200] "GET /credits.php/product/235636.html HTTP/1.1" 200 23697 "-" "Mozilla/5.0 (compatible; SERankingBacklinksBot/1.0; +https://seranking.com/backlinks-crawler)"
57.141.20.57 - - [05/May/2026:09:34:27 +0200] "GET /shopdetail/12212479 HTTP/1.1" 200 23697 "-" "meta-externalagent/1.1 (+https://developers.facebook.com/docs/sharing/webmasters/crawler)"
37.27.51.140 - - [05/May/2026:09:34:30 +0200] "GET /credits.php/product/235643.html HTTP/1.1" 200 23697 "-" "Mozilla/5.0 (compatible; SERankingBacklinksBot/1.0; +https://seranking.com/backlinks-crawler)"
37.27.51.140 - - [05/May/2026:09:34:34 +0200] "GET /credits.php/product/235646.html HTTP/1.1" 200 23697 "-" "Mozilla/5.0 (compatible; SERankingBacklinksBot/1.0; +https://seranking.com/backlinks-crawler)"
57.141.20.32 - - [05/May/2026:09:34:37 +0200] "GET /shopdetail/9984413 HTTP/1.1" 200 23697 "-" "meta-externalagent/1.1 (+https://developers.facebook.com/docs/sharing/webmasters/crawler)"
37.27.51.140 - - [05/May/2026:09:34:37 +0200] "GET /credits.php/product/235669.html HTTP/1.1" 200 23697 "-" "Mozilla/5.0 (compatible; SERankingBacklinksBot/1.0; +https://seranking.com/backlinks-crawler)"
57.141.20.63 - - [05/May/2026:09:34:37 +0200] "GET /shopdetail/26796524 HTTP/1.1" 200 23697 "-" "meta-externalagent/1.1 (+https://developers.facebook.com/docs/sharing/webmasters/crawler)"
57.141.20.35 - - [05/May/2026:09:34:37 +0200] "GET /shopdetail/6384168 HTTP/1.1" 200 23697 "-" "meta-externalagent/1.1 (+https://developers.facebook.com/docs/sharing/webmasters/crawler)"
57.141.20.59 - - [05/May/2026:09:34:38 +0200] "GET /shopdetail/11098680 HTTP/1.1" 200 23697 "-" "meta-externalagent/1.1 (+https://developers.facebook.com/docs/sharing/webmasters/crawler)"
57.141.20.58 - - [05/May/2026:09:34:38 +0200] "GET /shopdetail/15905580 HTTP/1.1" 200 23697 "-" "meta-externalagent/1.1 (+https://developers.facebook.com/docs/sharing/webmasters/crawler)"
57.141.20.25 - - [05/May/2026:09:34:38 +0200] "GET /shopdetail/3611046 HTTP/1.1" 200 23697 "-" "meta-externalagent/1.1 (+https://developers.facebook.com/docs/sharing/webmasters/crawler)"
57.141.20.55 - - [05/May/2026:09:34:39 +0200] "GET /shopdetail/23177502 HTTP/1.1" 200 23697 "-" "meta-externalagent/1.1 (+https://developers.facebook.com/docs/sharing/webmasters/crawler)"
57.141.20.47 - - [05/May/2026:09:34:39 +0200] "GET /shopdetail/12584579 HTTP/1.1" 200 23697 "-" "meta-externalagent/1.1 (+https://developers.facebook.com/docs/sharing/webmasters/crawler)"
57.141.20.61 - - [05/May/2026:09:34:39 +0200] "GET /shopdetail/1931346 HTTP/1.1" 200 23697 "-" "meta-externalagent/1.1 (+https://developers.facebook.com/docs/sharing/webmasters/crawler)"
37.27.51.140 - - [05/May/2026:09:34:40 +0200] "GET /credits.php/product/235674.html HTTP/1.1" 200 23697 "-" "Mozilla/5.0 (compatible; SERankingBacklinksBot/1.0; +https://seranking.com/backlinks-crawler)"
37.27.51.140 - - [05/May/2026:09:34:43 +0200] "GET /credits.php/product/235688.html HTTP/1.1" 200 23697 "-" "Mozilla/5.0 (compatible; SERankingBacklinksBot/1.0; +https://seranking.com/backlinks-crawler)"
57.141.20.56 - - [05/May/2026:09:34:45 +0200] "GET /shopdetail/24666146 HTTP/1.1" 200 23697 "-" "meta-externalagent/1.1 (+https://developers.facebook.com/docs/sharing/webmasters/crawler)"
57.141.20.20 - - [05/May/2026:09:34:45 +0200] "GET /shopdetail/16757102 HTTP/1.1" 200 23697 "-" "meta-externalagent/1.1 (+https://developers.facebook.com/docs/sharing/webmasters/crawler)"
37.27.51.140 - - [05/May/2026:09:34:48 +0200] "GET /credits.php/product/235692.html HTTP/1.1" 200 23697 "-" "Mozilla/5.0 (compatible; SERankingBacklinksBot/1.0; +https://seranking.com/backlinks-crawler)"
57.141.20.26 - - [05/May/2026:09:34:50 +0200] "GET /shopdetail/5095246 HTTP/1.1" 200 23697 "-" "meta-externalagent/1.1 (+https://developers.facebook.com/docs/sharing/webmasters/crawler)"
57.141.20.57 - - [05/May/2026:09:34:51 +0200] "GET /shopdetail/2178924 HTTP/1.1" 200 23697 "-" "meta-externalagent/1.1 (+https://developers.facebook.com/docs/sharing/webmasters/crawler)"
37.27.51.140 - - [05/May/2026:09:34:51 +0200] "GET /credits.php/product/23571.html HTTP/1.1" 200 23697 "-" "Mozilla/5.0 (compatible; SERankingBacklinksBot/1.0; +https://seranking.com/backlinks-crawler)"
57.141.20.41 - - [05/May/2026:09:34:51 +0200] "GET /shopdetail/5786880 HTTP/1.1" 200 23697 "-" "meta-externalagent/1.1 (+https://developers.facebook.com/docs/sharing/webmasters/crawler)"
57.141.20.30 - - [05/May/2026:09:34:51 +0200] "GET /shopdetail/20214702 HTTP/1.1" 200 23697 "-" "meta-externalagent/1.1 (+https://developers.facebook.com/docs/sharing/webmasters/crawler)"
57.141.20.2 - - [05/May/2026:09:34:52 +0200] "GET /shopdetail/23072913 HTTP/1.1" 200 23697 "-" "meta-externalagent/1.1 (+https://developers.facebook.com/docs/sharing/webmasters/crawler)"
57.141.20.44 - - [05/May/2026:09:34:52 +0200] "GET /shopdetail/19183935 HTTP/1.1" 200 23697 "-" "meta-externalagent/1.1 (+https://developers.facebook.com/docs/sharing/webmasters/crawler)"
37.27.51.140 - - [05/May/2026:09:34:54 +0200] "GET /credits.php/product/235712.html HTTP/1.1" 200 23697 "-" "Mozilla/5.0 (compatible; SERankingBacklinksBot/1.0; +https://seranking.com/backlinks-crawler)"
37.27.51.140 - - [05/May/2026:09:34:57 +0200] "GET /credits.php/product/235714.html HTTP/1.1" 200 23697 "-" "Mozilla/5.0 (compatible; SERankingBacklinksBot/1.0; +https://seranking.com/backlinks-crawler)"
37.27.51.140 - - [05/May/2026:09:35:01 +0200] "GET /credits.php/product/235719.html HTTP/1.1" 200 23697 "-" "Mozilla/5.0 (compatible; SERankingBacklinksBot/1.0; +https://seranking.com/backlinks-crawler)"
37.27.51.140 - - [05/May/2026:09:35:04 +0200] "GET /credits.php/product/235743.html HTTP/1.1" 200 23697 "-" "Mozilla/5.0 (compatible; SERankingBacklinksBot/1.0; +https://seranking.com/backlinks-crawler)"
66.249.77.46 - - [05/May/2026:09:35:05 +0200] "GET /profile.php?safe_search/config/return_url=/product/detail/24723355 HTTP/1.1" 200 23697 "-" "Mozilla/5.0 (Linux; Android 6.0.1; Nexus 5X Build/MMB29P) AppleWebKit/537.36 (KHTML, like Gecko) Chrome/147.0.7727.137 Mobile Safari/537.36 (compatible; Googlebot/2.1; +http://www.google.com/bot.html)"
57.141.20.3 - - [05/May/2026:09:35:05 +0200] "GET /shopdetail/14600602 HTTP/1.1" 200 23697 "-" "meta-externalagent/1.1 (+https://developers.facebook.com/docs/sharing/webmasters/crawler)"
37.27.51.140 - - [05/May/2026:09:35:07 +0200] "GET /credits.php/product/235759.html HTTP/1.1" 200 23697 "-" "Mozilla/5.0 (compatible; SERankingBacklinksBot/1.0; +https://seranking.com/backlinks-crawler)"
57.141.20.27 - - [05/May/2026:09:35:10 +0200] "GET /shopdetail/24508146 HTTP/1.1" 200 23697 "-" "meta-externalagent/1.1 (+https://developers.facebook.com/docs/sharing/webmasters/crawler)"
37.27.51.140 - - [05/May/2026:09:35:10 +0200] "GET /credits.php/product/235761.html HTTP/1.1" 200 23697 "-" "Mozilla/5.0 (compatible; SERankingBacklinksBot/1.0; +https://seranking.com/backlinks-crawler)"
57.141.20.25 - - [05/May/2026:09:35:14 +0200] "GET /shopdetail/16581746 HTTP/1.1" 200 23697 "-" "meta-externalagent/1.1 (+https://developers.facebook.com/docs/sharing/webmasters/crawler)"
37.27.51.140 - - [05/May/2026:09:35:15 +0200] "GET /credits.php/product/235769.html HTTP/1.1" 200 23697 "-" "Mozilla/5.0 (compatible; SERankingBacklinksBot/1.0; +https://seranking.com/backlinks-crawler)"
37.27.51.140 - - [05/May/2026:09:35:18 +0200] "GET /credits.php/product/235794.html HTTP/1.1" 200 23697 "-" "Mozilla/5.0 (compatible; SERankingBacklinksBot/1.0; +https://seranking.com/backlinks-crawler)"
57.141.20.33 - - [05/May/2026:09:35:20 +0200] "GET /shopdetail/21837779 HTTP/1.1" 200 23697 "-" "meta-externalagent/1.1 (+https://developers.facebook.com/docs/sharing/webmasters/crawler)"
74.7.227.25 - - [05/May/2026:09:35:21 +0200] "GET /learning/ALFA_DATA/alfasymlink/root/sys/devices/pci0000:00/firmware_node/device:ad/wakeup/wakeup14/subsystem/wakeup5/wakeup_count HTTP/1.1" 200 4096 "https://missmandarine.com/learning/ALFA_DATA/alfasymlink/root/sys/devices/pci0000:00/firmware_node/device:ad/wakeup/wakeup14/subsystem/wakeup5/" "Mozilla/5.0 AppleWebKit/537.36 (KHTML, like Gecko; compatible; GPTBot/1.3; +https://openai.com/gptbot)"
37.27.51.140 - - [05/May/2026:09:35:21 +0200] "GET /credits.php/product/235800.html HTTP/1.1" 200 23697 "-" "Mozilla/5.0 (compatible; SERankingBacklinksBot/1.0; +https://seranking.com/backlinks-crawler)"
52.140.232.160 - - [05/May/2026:09:35:21 +0200] "GET / HTTP/1.1" 200 23697 "-" "Mozilla/5.0 (compatible; MSIE 9.0; Windows NT 6.1; Trident/5.0; AppInsights)"
37.27.51.140 - - [05/May/2026:09:35:24 +0200] "GET /credits.php/product/235808.html HTTP/1.1" 200 23697 "-" "Mozilla/5.0 (compatible; SERankingBacklinksBot/1.0; +https://seranking.com/backlinks-crawler)"
37.27.51.140 - - [05/May/2026:09:35:27 +0200] "GET /credits.php/product/235814.html HTTP/1.1" 200 23697 "-" "Mozilla/5.0 (compatible; SERankingBacklinksBot/1.0; +https://seranking.com/backlinks-crawler)"
66.249.75.193 - - [05/May/2026:09:35:28 +0200] "GET /sitemap.xml HTTP/1.1" 200 301115 "-" "Mozilla/5.0 (compatible; Googlebot/2.1; +http://www.google.com/bot.html)"
37.27.51.140 - - [05/May/2026:09:35:31 +0200] "GET /credits.php/product/23583.html HTTP/1.1" 200 23697 "-" "Mozilla/5.0 (compatible; SERankingBacklinksBot/1.0; +https://seranking.com/backlinks-crawler)"
57.141.20.69 - - [05/May/2026:09:35:31 +0200] "GET /shopdetail/7234835 HTTP/1.1" 200 23697 "-" "meta-externalagent/1.1 (+https://developers.facebook.com/docs/sharing/webmasters/crawler)"
57.141.20.52 - - [05/May/2026:09:35:31 +0200] "GET /shopdetail/14725991 HTTP/1.1" 200 23697 "-" "meta-externalagent/1.1 (+https://developers.facebook.com/docs/sharing/webmasters/crawler)"
57.141.20.6 - - [05/May/2026:09:35:32 +0200] "GET /shopdetail/24221280 HTTP/1.1" 200 23697 "-" "meta-externalagent/1.1 (+https://developers.facebook.com/docs/sharing/webmasters/crawler)"
57.141.20.52 - - [05/May/2026:09:35:32 +0200] "GET /shopdetail/3429935 HTTP/1.1" 200 23697 "-" "meta-externalagent/1.1 (+https://developers.facebook.com/docs/sharing/webmasters/crawler)"
57.141.20.47 - - [05/May/2026:09:35:33 +0200] "GET /shopdetail/16323480 HTTP/1.1" 200 23697 "-" "meta-externalagent/1.1 (+https://developers.facebook.com/docs/sharing/webmasters/crawler)"
57.141.20.38 - - [05/May/2026:09:35:33 +0200] "GET /shopdetail/20536502 HTTP/1.1" 200 23697 "-" "meta-externalagent/1.1 (+https://developers.facebook.com/docs/sharing/webmasters/crawler)"
57.141.20.42 - - [05/May/2026:09:35:33 +0200] "GET /shopdetail/24485880 HTTP/1.1" 200 23697 "-" "meta-externalagent/1.1 (+https://developers.facebook.com/docs/sharing/webmasters/crawler)"
57.141.20.10 - - [05/May/2026:09:35:33 +0200] "GET /shopdetail/19789368 HTTP/1.1" 200 23697 "-" "meta-externalagent/1.1 (+https://developers.facebook.com/docs/sharing/webmasters/crawler)"
57.141.20.60 - - [05/May/2026:09:35:34 +0200] "GET /shopdetail/30878135 HTTP/1.1" 200 23697 "-" "meta-externalagent/1.1 (+https://developers.facebook.com/docs/sharing/webmasters/crawler)"
37.27.51.140 - - [05/May/2026:09:35:34 +0200] "GET /credits.php/product/235830.html HTTP/1.1" 200 23697 "-" "Mozilla/5.0 (compatible; SERankingBacklinksBot/1.0; +https://seranking.com/backlinks-crawler)"
57.141.20.5 - - [05/May/2026:09:35:37 +0200] "GET /shopdetail/1255957 HTTP/1.1" 200 23697 "-" "meta-externalagent/1.1 (+https://developers.facebook.com/docs/sharing/webmasters/crawler)"
37.27.51.140 - - [05/May/2026:09:35:39 +0200] "GET /credits.php/product/235833.html HTTP/1.1" 200 23697 "-" "Mozilla/5.0 (compatible; SERankingBacklinksBot/1.0; +https://seranking.com/backlinks-crawler)"
37.27.51.140 - - [05/May/2026:09:35:42 +0200] "GET /credits.php/product/235853.html HTTP/1.1" 200 23697 "-" "Mozilla/5.0 (compatible; SERankingBacklinksBot/1.0; +https://seranking.com/backlinks-crawler)"
37.27.51.140 - - [05/May/2026:09:35:45 +0200] "GET /credits.php/product/235880.html HTTP/1.1" 200 23697 "-" "Mozilla/5.0 (compatible; SERankingBacklinksBot/1.0; +https://seranking.com/backlinks-crawler)"
57.141.20.59 - - [05/May/2026:09:35:56 +0200] "GET /shopdetail/30252968 HTTP/1.1" 200 23697 "-" "meta-externalagent/1.1 (+https://developers.facebook.com/docs/sharing/webmasters/crawler)"
57.141.20.28 - - [05/May/2026:09:35:56 +0200] "GET /shopdetail/18829413 HTTP/1.1" 200 23697 "-" "meta-externalagent/1.1 (+https://developers.facebook.com/docs/sharing/webmasters/crawler)"
57.141.20.70 - - [05/May/2026:09:35:57 +0200] "GET /shopdetail/22203713 HTTP/1.1" 200 23697 "-" "meta-externalagent/1.1 (+https://developers.facebook.com/docs/sharing/webmasters/crawler)"
57.141.20.56 - - [05/May/2026:09:35:57 +0200] "GET /shopdetail/7790157 HTTP/1.1" 200 23697 "-" "meta-externalagent/1.1 (+https://developers.facebook.com/docs/sharing/webmasters/crawler)"
66.249.75.203 - - [05/May/2026:09:35:57 +0200] "GET /profile.php?safe_search/config/return_url=/product/detail/75176382 HTTP/1.1" 200 23697 "-" "Mozilla/5.0 (Linux; Android 6.0.1; Nexus 5X Build/MMB29P) AppleWebKit/537.36 (KHTML, like Gecko) Chrome/147.0.7727.137 Mobile Safari/537.36 (compatible; Googlebot/2.1; +http://www.google.com/bot.html)"
20.40.124.176 - - [05/May/2026:09:36:01 +0200] "GET / HTTP/1.1" 200 23697 "-" "Mozilla/5.0 (compatible; MSIE 9.0; Windows NT 6.1; Trident/5.0; AppInsights)"
57.141.20.42 - - [05/May/2026:09:36:06 +0200] "GET /shopdetail/21473080 HTTP/1.1" 200 23697 "-" "meta-externalagent/1.1 (+https://developers.facebook.com/docs/sharing/webmasters/crawler)"
57.141.20.49 - - [05/May/2026:09:36:16 +0200] "GET /shopdetail/2970313 HTTP/1.1" 200 23697 "-" "meta-externalagent/1.1 (+https://developers.facebook.com/docs/sharing/webmasters/crawler)"
57.141.20.71 - - [05/May/2026:09:36:17 +0200] "GET /shopdetail/24541524 HTTP/1.1" 200 23697 "-" "meta-externalagent/1.1 (+https://developers.facebook.com/docs/sharing/webmasters/crawler)"
57.141.20.62 - - [05/May/2026:09:36:17 +0200] "GET /shopdetail/11835746 HTTP/1.1" 200 23697 "-" "meta-externalagent/1.1 (+https://developers.facebook.com/docs/sharing/webmasters/crawler)"
57.141.20.6 - - [05/May/2026:09:36:17 +0200] "GET /shopdetail/8915702 HTTP/1.1" 200 23697 "-" "meta-externalagent/1.1 (+https://developers.facebook.com/docs/sharing/webmasters/crawler)"
216.73.216.211 - - [05/May/2026:09:36:17 +0200] "GET /missmandarine.ch/learning/old/main/admin/access_url_add_courses_to_url.php.sorry HTTP/1.1" 200 23697 "-" "Mozilla/5.0 AppleWebKit/537.36 (KHTML, like Gecko; compatible; ClaudeBot/1.0; +claudebot@anthropic.com)"
57.141.20.60 - - [05/May/2026:09:36:17 +0200] "GET /shopdetail/20243291 HTTP/1.1" 200 23697 "-" "meta-externalagent/1.1 (+https://developers.facebook.com/docs/sharing/webmasters/crawler)"
74.7.227.25 - - [05/May/2026:09:36:26 +0200] "GET /learning/ALFA_DATA/alfasymlink/root/sys/devices/pci0000:00/firmware_node/device:ad/wakeup/wakeup14/subsystem/wakeup22/expire_count HTTP/1.1" 200 4096 "https://missmandarine.com/learning/ALFA_DATA/alfasymlink/root/sys/devices/pci0000:00/firmware_node/device:ad/wakeup/wakeup14/subsystem/wakeup22/" "Mozilla/5.0 AppleWebKit/537.36 (KHTML, like Gecko; compatible; GPTBot/1.3; +https://openai.com/gptbot)"
57.141.20.6 - - [05/May/2026:09:36:26 +0200] "GET /shopdetail/24677391 HTTP/1.1" 200 23697 "-" "meta-externalagent/1.1 (+https://developers.facebook.com/docs/sharing/webmasters/crawler)"
51.105.9.128 - - [05/May/2026:09:36:27 +0200] "GET / HTTP/1.1" 200 23697 "-" "Mozilla/5.0 (compatible; MSIE 9.0; Windows NT 6.1; Trident/5.0; AppInsights)"
57.141.20.28 - - [05/May/2026:09:36:31 +0200] "GET /shopdetail/6343446 HTTP/1.1" 200 23697 "-" "meta-externalagent/1.1 (+https://developers.facebook.com/docs/sharing/webmasters/crawler)"
57.141.20.53 - - [05/May/2026:09:36:31 +0200] "GET /shopdetail/24895657 HTTP/1.1" 200 23697 "-" "meta-externalagent/1.1 (+https://developers.facebook.com/docs/sharing/webmasters/crawler)"
57.141.20.39 - - [05/May/2026:09:36:32 +0200] "GET /shopdetail/8487602 HTTP/1.1" 200 23697 "-" "meta-externalagent/1.1 (+https://developers.facebook.com/docs/sharing/webmasters/crawler)"
57.141.20.29 - - [05/May/2026:09:36:42 +0200] "GET /shopdetail/22843613 HTTP/1.1" 200 23697 "-" "meta-externalagent/1.1 (+https://developers.facebook.com/docs/sharing/webmasters/crawler)"
57.141.20.20 - - [05/May/2026:09:36:50 +0200] "GET /shopdetail/11815113 HTTP/1.1" 200 23697 "-" "meta-externalagent/1.1 (+https://developers.facebook.com/docs/sharing/webmasters/crawler)"
57.141.20.67 - - [05/May/2026:09:36:51 +0200] "GET /shopdetail/15364035 HTTP/1.1" 200 23697 "-" "meta-externalagent/1.1 (+https://developers.facebook.com/docs/sharing/webmasters/crawler)"
57.141.20.61 - - [05/May/2026:09:36:57 +0200] "GET /shopdetail/9819302 HTTP/1.1" 200 23697 "-" "meta-externalagent/1.1 (+https://developers.facebook.com/docs/sharing/webmasters/crawler)"
57.141.20.6 - - [05/May/2026:09:37:01 +0200] "GET /shopdetail/5467768 HTTP/1.1" 200 23697 "-" "meta-externalagent/1.1 (+https://developers.facebook.com/docs/sharing/webmasters/crawler)"
57.141.20.52 - - [05/May/2026:09:37:08 +0200] "GET /shopdetail/27470679 HTTP/1.1" 200 23697 "-" "meta-externalagent/1.1 (+https://developers.facebook.com/docs/sharing/webmasters/crawler)"
57.141.20.67 - - [05/May/2026:09:37:08 +0200] "GET /shopdetail/24200568 HTTP/1.1" 200 23697 "-" "meta-externalagent/1.1 (+https://developers.facebook.com/docs/sharing/webmasters/crawler)"
57.141.20.63 - - [05/May/2026:09:37:18 +0200] "GET /shopdetail/19218546 HTTP/1.1" 200 23697 "-" "meta-externalagent/1.1 (+https://developers.facebook.com/docs/sharing/webmasters/crawler)"
74.7.227.25 - - [05/May/2026:09:37:29 +0200] "GET /learning/ALFA_DATA/alfasymlink/root/sys/devices/pci0000:00/firmware_node/device:ad/wakeup/wakeup14/subsystem/wakeup23/active_count HTTP/1.1" 200 4096 "https://missmandarine.com/learning/ALFA_DATA/alfasymlink/root/sys/devices/pci0000:00/firmware_node/device:ad/wakeup/wakeup14/subsystem/wakeup23/" "Mozilla/5.0 AppleWebKit/537.36 (KHTML, like Gecko; compatible; GPTBot/1.3; +https://openai.com/gptbot)"
57.141.20.60 - - [05/May/2026:09:37:29 +0200] "GET /shopdetail/25459102 HTTP/1.1" 200 23697 "-" "meta-externalagent/1.1 (+https://developers.facebook.com/docs/sharing/webmasters/crawler)"
57.141.20.51 - - [05/May/2026:09:37:30 +0200] "GET /shopdetail/23866091 HTTP/1.1" 200 23697 "-" "meta-externalagent/1.1 (+https://developers.facebook.com/docs/sharing/webmasters/crawler)"
57.141.20.20 - - [05/May/2026:09:37:30 +0200] "GET /shopdetail/8468680 HTTP/1.1" 200 23697 "-" "meta-externalagent/1.1 (+https://developers.facebook.com/docs/sharing/webmasters/crawler)"
57.141.20.28 - - [05/May/2026:09:37:31 +0200] "GET /shopdetail/25007124 HTTP/1.1" 200 23697 "-" "meta-externalagent/1.1 (+https://developers.facebook.com/docs/sharing/webmasters/crawler)"
57.141.20.28 - - [05/May/2026:09:37:35 +0200] "GET /shopdetail/999024 HTTP/1.1" 200 23697 "-" "meta-externalagent/1.1 (+https://developers.facebook.com/docs/sharing/webmasters/crawler)"
57.141.20.33 - - [05/May/2026:09:37:44 +0200] "GET /shopdetail/1254724 HTTP/1.1" 200 23697 "-" "meta-externalagent/1.1 (+https://developers.facebook.com/docs/sharing/webmasters/crawler)"
57.141.20.13 - - [05/May/2026:09:37:45 +0200] "GET /shopdetail/7482791 HTTP/1.1" 200 23697 "-" "meta-externalagent/1.1 (+https://developers.facebook.com/docs/sharing/webmasters/crawler)"
57.141.20.61 - - [05/May/2026:09:37:45 +0200] "GET /shopdetail/21847402 HTTP/1.1" 200 23697 "-" "meta-externalagent/1.1 (+https://developers.facebook.com/docs/sharing/webmasters/crawler)"
57.141.20.54 - - [05/May/2026:09:37:46 +0200] "GET /shopdetail/24192413 HTTP/1.1" 200 23697 "-" "meta-externalagent/1.1 (+https://developers.facebook.com/docs/sharing/webmasters/crawler)"
57.141.20.4 - - [05/May/2026:09:37:46 +0200] "GET /shopdetail/17473224 HTTP/1.1" 200 23697 "-" "meta-externalagent/1.1 (+https://developers.facebook.com/docs/sharing/webmasters/crawler)"
57.141.20.69 - - [05/May/2026:09:37:46 +0200] "GET /shopdetail/12540591 HTTP/1.1" 200 23697 "-" "meta-externalagent/1.1 (+https://developers.facebook.com/docs/sharing/webmasters/crawler)"
57.141.20.13 - - [05/May/2026:09:37:47 +0200] "GET /shopdetail/2823613 HTTP/1.1" 200 23697 "-" "meta-externalagent/1.1 (+https://developers.facebook.com/docs/sharing/webmasters/crawler)"
57.141.20.69 - - [05/May/2026:09:37:55 +0200] "GET /shopdetail/23975102 HTTP/1.1" 200 23697 "-" "meta-externalagent/1.1 (+https://developers.facebook.com/docs/sharing/webmasters/crawler)"
13.86.97.224 - - [05/May/2026:09:37:58 +0200] "GET / HTTP/1.1" 200 23697 "-" "Mozilla/5.0 (compatible; MSIE 9.0; Windows NT 6.1; Trident/5.0; AppInsights)"
57.141.20.33 - - [05/May/2026:09:38:01 +0200] "GET /shopdetail/2959579 HTTP/1.1" 200 23697 "-" "meta-externalagent/1.1 (+https://developers.facebook.com/docs/sharing/webmasters/crawler)"
57.141.20.61 - - [05/May/2026:09:38:02 +0200] "GET /shopdetail/29605546 HTTP/1.1" 200 23697 "-" "meta-externalagent/1.1 (+https://developers.facebook.com/docs/sharing/webmasters/crawler)"
57.141.20.7 - - [05/May/2026:09:38:02 +0200] "GET /shopdetail/15938546 HTTP/1.1" 200 23697 "-" "meta-externalagent/1.1 (+https://developers.facebook.com/docs/sharing/webmasters/crawler)"
57.141.20.61 - - [05/May/2026:09:38:02 +0200] "GET /shopdetail/16531313 HTTP/1.1" 200 23697 "-" "meta-externalagent/1.1 (+https://developers.facebook.com/docs/sharing/webmasters/crawler)"
57.141.20.70 - - [05/May/2026:09:38:03 +0200] "GET /shopdetail/6342746 HTTP/1.1" 200 23697 "-" "meta-externalagent/1.1 (+https://developers.facebook.com/docs/sharing/webmasters/crawler)"
57.141.20.42 - - [05/May/2026:09:38:03 +0200] "GET /shopdetail/17926035 HTTP/1.1" 200 23697 "-" "meta-externalagent/1.1 (+https://developers.facebook.com/docs/sharing/webmasters/crawler)"
57.141.20.25 - - [05/May/2026:09:38:11 +0200] "GET /shopdetail/21538346 HTTP/1.1" 200 23697 "-" "meta-externalagent/1.1 (+https://developers.facebook.com/docs/sharing/webmasters/crawler)"
57.141.20.34 - - [05/May/2026:09:38:20 +0200] "GET /shopdetail/23786613 HTTP/1.1" 200 23697 "-" "meta-externalagent/1.1 (+https://developers.facebook.com/docs/sharing/webmasters/crawler)"
57.141.20.13 - - [05/May/2026:09:38:21 +0200] "GET /shopdetail/9558702 HTTP/1.1" 200 23697 "-" "meta-externalagent/1.1 (+https://developers.facebook.com/docs/sharing/webmasters/crawler)"
57.141.20.18 - - [05/May/2026:09:38:21 +0200] "GET /shopdetail/24810946 HTTP/1.1" 200 23697 "-" "meta-externalagent/1.1 (+https://developers.facebook.com/docs/sharing/webmasters/crawler)"
57.141.20.42 - - [05/May/2026:09:38:21 +0200] "GET /shopdetail/27004835 HTTP/1.1" 200 23697 "-" "meta-externalagent/1.1 (+https://developers.facebook.com/docs/sharing/webmasters/crawler)"
57.141.20.34 - - [05/May/2026:09:38:22 +0200] "GET /shopdetail/15791179 HTTP/1.1" 200 23697 "-" "meta-externalagent/1.1 (+https://developers.facebook.com/docs/sharing/webmasters/crawler)"
57.141.20.21 - - [05/May/2026:09:38:32 +0200] "GET /shopdetail/8928846 HTTP/1.1" 200 23697 "-" "meta-externalagent/1.1 (+https://developers.facebook.com/docs/sharing/webmasters/crawler)"
74.7.227.25 - - [05/May/2026:09:38:32 +0200] "GET /learning/ALFA_DATA/alfasymlink/root/sys/devices/pci0000:00/firmware_node/device:ad/wakeup/wakeup14/subsystem/wakeup39/expire_count HTTP/1.1" 200 4096 "https://missmandarine.com/learning/ALFA_DATA/alfasymlink/root/sys/devices/pci0000:00/firmware_node/device:ad/wakeup/wakeup14/subsystem/wakeup39/" "Mozilla/5.0 AppleWebKit/537.36 (KHTML, like Gecko; compatible; GPTBot/1.3; +https://openai.com/gptbot)"
20.40.129.96 - - [05/May/2026:09:38:35 +0200] "GET / HTTP/1.1" 200 23697 "-" "Mozilla/5.0 (compatible; MSIE 9.0; Windows NT 6.1; Trident/5.0; AppInsights)"
57.141.20.35 - - [05/May/2026:09:38:38 +0200] "GET /shopdetail/12209080 HTTP/1.1" 200 23697 "-" "meta-externalagent/1.1 (+https://developers.facebook.com/docs/sharing/webmasters/crawler)"
57.141.20.49 - - [05/May/2026:09:38:38 +0200] "GET /shopdetail/29379324 HTTP/1.1" 200 23697 "-" "meta-externalagent/1.1 (+https://developers.facebook.com/docs/sharing/webmasters/crawler)"
57.141.20.1 - - [05/May/2026:09:38:38 +0200] "GET /shopdetail/21236191 HTTP/1.1" 200 23697 "-" "meta-externalagent/1.1 (+https://developers.facebook.com/docs/sharing/webmasters/crawler)"
57.141.20.31 - - [05/May/2026:09:38:38 +0200] "GET /shopdetail/4059102 HTTP/1.1" 200 23697 "-" "meta-externalagent/1.1 (+https://developers.facebook.com/docs/sharing/webmasters/crawler)"
57.141.20.35 - - [05/May/2026:09:38:39 +0200] "GET /shopdetail/6358702 HTTP/1.1" 200 23697 "-" "meta-externalagent/1.1 (+https://developers.facebook.com/docs/sharing/webmasters/crawler)"
57.141.20.43 - - [05/May/2026:09:38:39 +0200] "GET /shopdetail/30262502 HTTP/1.1" 200 23697 "-" "meta-externalagent/1.1 (+https://developers.facebook.com/docs/sharing/webmasters/crawler)"
57.141.20.30 - - [05/May/2026:09:38:48 +0200] "GET /shopdetail/2025646 HTTP/1.1" 200 23697 "-" "meta-externalagent/1.1 (+https://developers.facebook.com/docs/sharing/webmasters/crawler)"
57.141.20.30 - - [05/May/2026:09:38:53 +0200] "GET /shopdetail/5797235 HTTP/1.1" 200 23697 "-" "meta-externalagent/1.1 (+https://developers.facebook.com/docs/sharing/webmasters/crawler)"
57.141.20.16 - - [05/May/2026:09:38:53 +0200] "GET /shopdetail/20860846 HTTP/1.1" 200 23697 "-" "meta-externalagent/1.1 (+https://developers.facebook.com/docs/sharing/webmasters/crawler)"
57.141.20.34 - - [05/May/2026:09:38:55 +0200] "GET /shopdetail/18658380 HTTP/1.1" 200 23697 "-" "meta-externalagent/1.1 (+https://developers.facebook.com/docs/sharing/webmasters/crawler)"
57.141.20.54 - - [05/May/2026:09:38:55 +0200] "GET /shopdetail/5715346 HTTP/1.1" 200 23697 "-" "meta-externalagent/1.1 (+https://developers.facebook.com/docs/sharing/webmasters/crawler)"
57.141.20.34 - - [05/May/2026:09:38:56 +0200] "GET /shopdetail/9901879 HTTP/1.1" 200 23697 "-" "meta-externalagent/1.1 (+https://developers.facebook.com/docs/sharing/webmasters/crawler)"
57.141.20.28 - - [05/May/2026:09:39:03 +0200] "GET /shopdetail/29244491 HTTP/1.1" 200 23697 "-" "meta-externalagent/1.1 (+https://developers.facebook.com/docs/sharing/webmasters/crawler)"
57.141.20.52 - - [05/May/2026:09:39:14 +0200] "GET /shopdetail/5714868 HTTP/1.1" 200 23697 "-" "meta-externalagent/1.1 (+https://developers.facebook.com/docs/sharing/webmasters/crawler)"
57.141.20.8 - - [05/May/2026:09:39:15 +0200] "GET /shopdetail/23255780 HTTP/1.1" 200 23697 "-" "meta-externalagent/1.1 (+https://developers.facebook.com/docs/sharing/webmasters/crawler)"
57.141.20.27 - - [05/May/2026:09:39:16 +0200] "GET /shopdetail/6732202 HTTP/1.1" 200 23697 "-" "meta-externalagent/1.1 (+https://developers.facebook.com/docs/sharing/webmasters/crawler)"
72.60.40.175 - - [05/May/2026:09:39:19 +0200] "GET /news/ HTTP/1.1" 301 - "-" "Mozilla/5.0 (Windows NT 10.0; Win64; x64) AppleWebKit/537.36"
57.141.20.55 - - [05/May/2026:09:39:25 +0200] "GET /shopdetail/9474457 HTTP/1.1" 200 23697 "-" "meta-externalagent/1.1 (+https://developers.facebook.com/docs/sharing/webmasters/crawler)"
57.141.20.7 - - [05/May/2026:09:39:31 +0200] "GET /shopdetail/11835313 HTTP/1.1" 200 23697 "-" "meta-externalagent/1.1 (+https://developers.facebook.com/docs/sharing/webmasters/crawler)"
57.141.20.62 - - [05/May/2026:09:39:33 +0200] "GET /shopdetail/19539013 HTTP/1.1" 200 23697 "-" "meta-externalagent/1.1 (+https://developers.facebook.com/docs/sharing/webmasters/crawler)"
