217.182.195.126 - - [05/May/2026:09:48:21 +0200] "GET /js/tinymce/themes/inlite/?C=M;O=A HTTP/1.1" 200 1047 "-" "Mozilla/5.0 (compatible; MJ12bot/v1.4.8; http://mj12bot.com/)"
217.182.195.126 - - [05/May/2026:09:48:22 +0200] "GET /js/tinymce/themes/inlite/?C=N;O=D HTTP/1.1" 200 1047 "-" "Mozilla/5.0 (compatible; MJ12bot/v1.4.8; http://mj12bot.com/)"
217.182.195.126 - - [05/May/2026:09:48:24 +0200] "GET /js/tinymce/themes/inlite/?C=S;O=A HTTP/1.1" 200 1047 "-" "Mozilla/5.0 (compatible; MJ12bot/v1.4.8; http://mj12bot.com/)"
216.73.216.211 - - [05/May/2026:09:48:25 +0200] "GET /learning/old/main/lang/quechua_cusco/link.inc.php.sorry HTTP/1.1" 200 23697 "-" "Mozilla/5.0 AppleWebKit/537.36 (KHTML, like Gecko; compatible; ClaudeBot/1.0; +claudebot@anthropic.com)"
217.182.195.126 - - [05/May/2026:09:48:26 +0200] "GET /js/tinymce/themes/inlite/theme.js.sorry HTTP/1.1" 200 23697 "-" "Mozilla/5.0 (compatible; MJ12bot/v1.4.8; http://mj12bot.com/)"
217.182.195.126 - - [05/May/2026:09:48:27 +0200] "GET /js/tinymce/themes/inlite/theme.min.js.sorry HTTP/1.1" 200 23697 "-" "Mozilla/5.0 (compatible; MJ12bot/v1.4.8; http://mj12bot.com/)"
217.182.195.126 - - [05/May/2026:09:48:29 +0200] "GET /js/tinymce/themes/modern/?C=D;O=A HTTP/1.1" 200 1047 "-" "Mozilla/5.0 (compatible; MJ12bot/v1.4.8; http://mj12bot.com/)"
216.73.216.211 - - [05/May/2026:09:48:30 +0200] "GET /learning/old/main/lang/spanish/glossary.inc.php.sorry HTTP/1.1" 200 23697 "-" "Mozilla/5.0 AppleWebKit/537.36 (KHTML, like Gecko; compatible; ClaudeBot/1.0; +claudebot@anthropic.com)"
217.182.195.126 - - [05/May/2026:09:48:31 +0200] "GET /js/tinymce/themes/modern/?C=M;O=A HTTP/1.1" 200 1047 "-" "Mozilla/5.0 (compatible; MJ12bot/v1.4.8; http://mj12bot.com/)"
57.141.20.16 - - [05/May/2026:09:48:31 +0200] "GET /shopdetail/21072991 HTTP/1.1" 200 23697 "-" "meta-externalagent/1.1 (+https://developers.facebook.com/docs/sharing/webmasters/crawler)"
217.182.195.126 - - [05/May/2026:09:48:32 +0200] "GET /js/tinymce/themes/modern/?C=N;O=D HTTP/1.1" 200 1047 "-" "Mozilla/5.0 (compatible; MJ12bot/v1.4.8; http://mj12bot.com/)"
217.182.195.126 - - [05/May/2026:09:48:34 +0200] "GET /js/tinymce/themes/modern/?C=S;O=A HTTP/1.1" 200 1047 "-" "Mozilla/5.0 (compatible; MJ12bot/v1.4.8; http://mj12bot.com/)"
20.40.129.96 - - [05/May/2026:09:48:35 +0200] "GET / HTTP/1.1" 200 23697 "-" "Mozilla/5.0 (compatible; MSIE 9.0; Windows NT 6.1; Trident/5.0; AppInsights)"
216.73.216.211 - - [05/May/2026:09:48:35 +0200] "GET /learning/old/main/lang/macedonian/courses.inc.php.sorry HTTP/1.1" 200 23697 "-" "Mozilla/5.0 AppleWebKit/537.36 (KHTML, like Gecko; compatible; ClaudeBot/1.0; +claudebot@anthropic.com)"
217.182.195.126 - - [05/May/2026:09:48:36 +0200] "GET /js/tinymce/themes/modern/theme.js.sorry HTTP/1.1" 200 23697 "-" "Mozilla/5.0 (compatible; MJ12bot/v1.4.8; http://mj12bot.com/)"
217.182.195.126 - - [05/May/2026:09:48:37 +0200] "GET /js/tinymce/themes/modern/theme.min.js.sorry HTTP/1.1" 200 23697 "-" "Mozilla/5.0 (compatible; MJ12bot/v1.4.8; http://mj12bot.com/)"
217.182.195.126 - - [05/May/2026:09:48:39 +0200] "GET /learning/admin/?C=D;O=D HTTP/1.1" 200 1625 "-" "Mozilla/5.0 (compatible; MJ12bot/v1.4.8; http://mj12bot.com/)"
217.182.195.126 - - [05/May/2026:09:48:40 +0200] "GET /learning/admin/?C=M;O=D HTTP/1.1" 200 1625 "-" "Mozilla/5.0 (compatible; MJ12bot/v1.4.8; http://mj12bot.com/)"
57.141.20.27 - - [05/May/2026:09:48:41 +0200] "GET /shopdetail/29880413 HTTP/1.1" 200 23697 "-" "meta-externalagent/1.1 (+https://developers.facebook.com/docs/sharing/webmasters/crawler)"
57.141.20.2 - - [05/May/2026:09:48:41 +0200] "GET /shopdetail/10681491 HTTP/1.1" 200 23697 "-" "meta-externalagent/1.1 (+https://developers.facebook.com/docs/sharing/webmasters/crawler)"
217.182.195.126 - - [05/May/2026:09:48:42 +0200] "GET /learning/admin/?C=S;O=D HTTP/1.1" 200 1625 "-" "Mozilla/5.0 (compatible; MJ12bot/v1.4.8; http://mj12bot.com/)"
217.182.195.126 - - [05/May/2026:09:48:44 +0200] "GET /learning/admin/css/?C=D;O=A HTTP/1.1" 200 4413 "-" "Mozilla/5.0 (compatible; MJ12bot/v1.4.8; http://mj12bot.com/)"
57.141.20.17 - - [05/May/2026:09:48:45 +0200] "GET /shopdetail/24462246 HTTP/1.1" 200 23697 "-" "meta-externalagent/1.1 (+https://developers.facebook.com/docs/sharing/webmasters/crawler)"
217.182.195.126 - - [05/May/2026:09:48:45 +0200] "GET /learning/admin/css/?C=M;O=A HTTP/1.1" 200 4413 "-" "Mozilla/5.0 (compatible; MJ12bot/v1.4.8; http://mj12bot.com/)"
216.73.216.211 - - [05/May/2026:09:48:45 +0200] "GET /learning/old/main/lang/german/glossary.inc.php.sorry HTTP/1.1" 200 23697 "-" "Mozilla/5.0 AppleWebKit/537.36 (KHTML, like Gecko; compatible; ClaudeBot/1.0; +claudebot@anthropic.com)"
72.60.40.175 - - [05/May/2026:09:48:47 +0200] "GET /news/ HTTP/1.1" 301 - "-" "Mozilla/5.0 (Windows NT 10.0; Win64; x64) AppleWebKit/537.36"
217.182.195.126 - - [05/May/2026:09:48:47 +0200] "GET /learning/admin/css/?C=N;O=D HTTP/1.1" 200 4413 "-" "Mozilla/5.0 (compatible; MJ12bot/v1.4.8; http://mj12bot.com/)"
217.182.195.126 - - [05/May/2026:09:48:49 +0200] "GET /learning/admin/css/?C=S;O=A HTTP/1.1" 200 4413 "-" "Mozilla/5.0 (compatible; MJ12bot/v1.4.8; http://mj12bot.com/)"
216.73.216.211 - - [05/May/2026:09:48:50 +0200] "GET /learning/old/main/img/next.gif.sorry HTTP/1.1" 200 23697 "-" "Mozilla/5.0 AppleWebKit/537.36 (KHTML, like Gecko; compatible; ClaudeBot/1.0; +claudebot@anthropic.com)"
217.182.195.126 - - [05/May/2026:09:48:50 +0200] "GET /learning/admin/css/agenda.css.sorry HTTP/1.1" 200 23697 "-" "Mozilla/5.0 (compatible; MJ12bot/v1.4.8; http://mj12bot.com/)"
217.182.195.126 - - [05/May/2026:09:48:52 +0200] "GET /learning/admin/css/cas.css.sorry HTTP/1.1" 200 23697 "-" "Mozilla/5.0 (compatible; MJ12bot/v1.4.8; http://mj12bot.com/)"
217.182.195.126 - - [05/May/2026:09:48:54 +0200] "GET /learning/admin/css/commentaire.css.sorry HTTP/1.1" 200 23697 "-" "Mozilla/5.0 (compatible; MJ12bot/v1.4.8; http://mj12bot.com/)"
57.141.20.55 - - [05/May/2026:09:48:55 +0200] "GET /shopdetail/24219557 HTTP/1.1" 200 23697 "-" "meta-externalagent/1.1 (+https://developers.facebook.com/docs/sharing/webmasters/crawler)"
57.141.20.39 - - [05/May/2026:09:48:55 +0200] "GET /shopdetail/1300580 HTTP/1.1" 200 23697 "-" "meta-externalagent/1.1 (+https://developers.facebook.com/docs/sharing/webmasters/crawler)"
216.73.216.211 - - [05/May/2026:09:48:55 +0200] "GET /learning/old/main/lang/greek/install.inc.php.sorry HTTP/1.1" 200 23697 "-" "Mozilla/5.0 AppleWebKit/537.36 (KHTML, like Gecko; compatible; ClaudeBot/1.0; +claudebot@anthropic.com)"
57.141.20.39 - - [05/May/2026:09:48:56 +0200] "GET /shopdetail/18115835 HTTP/1.1" 200 23697 "-" "meta-externalagent/1.1 (+https://developers.facebook.com/docs/sharing/webmasters/crawler)"
217.182.195.126 - - [05/May/2026:09:48:56 +0200] "GET /learning/admin/css/flash.css.sorry HTTP/1.1" 200 23697 "-" "Mozilla/5.0 (compatible; MJ12bot/v1.4.8; http://mj12bot.com/)"
57.141.20.44 - - [05/May/2026:09:48:57 +0200] "GET /shopdetail/23189180 HTTP/1.1" 200 23697 "-" "meta-externalagent/1.1 (+https://developers.facebook.com/docs/sharing/webmasters/crawler)"
217.182.195.126 - - [05/May/2026:09:48:58 +0200] "GET /learning/admin/css/forum.css.sorry HTTP/1.1" 200 23697 "-" "Mozilla/5.0 (compatible; MJ12bot/v1.4.8; http://mj12bot.com/)"
217.182.195.126 - - [05/May/2026:09:49:00 +0200] "GET /learning/admin/css/index.css.sorry HTTP/1.1" 200 23697 "-" "Mozilla/5.0 (compatible; MJ12bot/v1.4.8; http://mj12bot.com/)"
216.73.216.211 - - [05/May/2026:09:49:00 +0200] "GET /learning/old/main/inc/entity/track_e_online.class.php.sorry HTTP/1.1" 200 23697 "-" "Mozilla/5.0 AppleWebKit/537.36 (KHTML, like Gecko; compatible; ClaudeBot/1.0; +claudebot@anthropic.com)"
217.182.195.126 - - [05/May/2026:09:49:02 +0200] "GET /learning/admin/css/init.css.sorry HTTP/1.1" 200 23697 "-" "Mozilla/5.0 (compatible; MJ12bot/v1.4.8; http://mj12bot.com/)"
217.182.195.126 - - [05/May/2026:09:49:03 +0200] "GET /learning/admin/css/mandarine.css.sorry HTTP/1.1" 200 23697 "-" "Mozilla/5.0 (compatible; MJ12bot/v1.4.8; http://mj12bot.com/)"
74.7.227.25 - - [05/May/2026:09:49:04 +0200] "GET /learning/ALFA_DATA/alfasymlink/root/sys/devices/pci0000:00/firmware_node/device:ad/wakeup/wakeup14/subsystem/wakeup38/max_time_ms HTTP/1.1" 200 4096 "https://missmandarine.com/learning/ALFA_DATA/alfasymlink/root/sys/devices/pci0000:00/firmware_node/device:ad/wakeup/wakeup14/subsystem/wakeup38/" "Mozilla/5.0 AppleWebKit/537.36 (KHTML, like Gecko; compatible; GPTBot/1.3; +https://openai.com/gptbot)"
217.182.195.126 - - [05/May/2026:09:49:05 +0200] "GET /learning/admin/css/question.css.sorry HTTP/1.1" 200 23697 "-" "Mozilla/5.0 (compatible; MJ12bot/v1.4.8; http://mj12bot.com/)"
216.73.216.211 - - [05/May/2026:09:49:05 +0200] "GET /learning/old/main/img/check.gif.sorry HTTP/1.1" 200 23697 "-" "Mozilla/5.0 AppleWebKit/537.36 (KHTML, like Gecko; compatible; ClaudeBot/1.0; +claudebot@anthropic.com)"
57.141.20.34 - - [05/May/2026:09:49:06 +0200] "GET /shopdetail/24532068 HTTP/1.1" 200 23697 "-" "meta-externalagent/1.1 (+https://developers.facebook.com/docs/sharing/webmasters/crawler)"
217.182.195.126 - - [05/May/2026:09:49:06 +0200] "GET /learning/admin/css/reponse.css.sorry HTTP/1.1" 200 23697 "-" "Mozilla/5.0 (compatible; MJ12bot/v1.4.8; http://mj12bot.com/)"
217.182.195.126 - - [05/May/2026:09:49:08 +0200] "GET /learning/admin/css/reset.css.sorry HTTP/1.1" 200 23697 "-" "Mozilla/5.0 (compatible; MJ12bot/v1.4.8; http://mj12bot.com/)"
217.182.195.126 - - [05/May/2026:09:49:10 +0200] "GET /learning/admin/css/sujet.css.sorry HTTP/1.1" 200 23697 "-" "Mozilla/5.0 (compatible; MJ12bot/v1.4.8; http://mj12bot.com/)"
216.73.216.211 - - [05/May/2026:09:49:10 +0200] "GET /learning/old/plugin/dashboard/?C=M&O=A HTTP/1.1" 200 234 "-" "Mozilla/5.0 AppleWebKit/537.36 (KHTML, like Gecko; compatible; ClaudeBot/1.0; +claudebot@anthropic.com)"
217.182.195.126 - - [05/May/2026:09:49:12 +0200] "GET /learning/admin/css/template.css.sorry HTTP/1.1" 200 23697 "-" "Mozilla/5.0 (compatible; MJ12bot/v1.4.8; http://mj12bot.com/)"
217.182.195.126 - - [05/May/2026:09:49:14 +0200] "GET /learning/admin/css/theme.css.sorry HTTP/1.1" 200 23697 "-" "Mozilla/5.0 (compatible; MJ12bot/v1.4.8; http://mj12bot.com/)"
57.141.20.1 - - [05/May/2026:09:49:15 +0200] "GET /shopdetail/24483957 HTTP/1.1" 200 23697 "-" "meta-externalagent/1.1 (+https://developers.facebook.com/docs/sharing/webmasters/crawler)"
216.73.216.211 - - [05/May/2026:09:49:15 +0200] "GET /learning/old/main/inc/ajax/myspace.ajax.php.sorry HTTP/1.1" 200 23697 "-" "Mozilla/5.0 AppleWebKit/537.36 (KHTML, like Gecko; compatible; ClaudeBot/1.0; +claudebot@anthropic.com)"
217.182.195.126 - - [05/May/2026:09:49:15 +0200] "GET /learning/admin/css/turbo.css.sorry HTTP/1.1" 200 23697 "-" "Mozilla/5.0 (compatible; MJ12bot/v1.4.8; http://mj12bot.com/)"
57.141.20.49 - - [05/May/2026:09:49:15 +0200] "GET /shopdetail/24322724 HTTP/1.1" 200 23697 "-" "meta-externalagent/1.1 (+https://developers.facebook.com/docs/sharing/webmasters/crawler)"
57.141.20.9 - - [05/May/2026:09:49:16 +0200] "GET /shopdetail/20355891 HTTP/1.1" 200 23697 "-" "meta-externalagent/1.1 (+https://developers.facebook.com/docs/sharing/webmasters/crawler)"
57.141.20.52 - - [05/May/2026:09:49:16 +0200] "GET /shopdetail/5247957 HTTP/1.1" 200 23697 "-" "meta-externalagent/1.1 (+https://developers.facebook.com/docs/sharing/webmasters/crawler)"
57.141.20.35 - - [05/May/2026:09:49:16 +0200] "GET /shopdetail/20091657 HTTP/1.1" 200 23697 "-" "meta-externalagent/1.1 (+https://developers.facebook.com/docs/sharing/webmasters/crawler)"
217.182.195.126 - - [05/May/2026:09:49:17 +0200] "GET /learning/admin/css/utilisateur.css.sorry HTTP/1.1" 200 23697 "-" "Mozilla/5.0 (compatible; MJ12bot/v1.4.8; http://mj12bot.com/)"
217.182.195.126 - - [05/May/2026:09:49:19 +0200] "GET /learning/admin/css/video.css.sorry HTTP/1.1" 200 23697 "-" "Mozilla/5.0 (compatible; MJ12bot/v1.4.8; http://mj12bot.com/)"
217.182.195.126 - - [05/May/2026:09:49:20 +0200] "GET /learning/admin/forum/?C=D;O=A HTTP/1.1" 200 4363 "-" "Mozilla/5.0 (compatible; MJ12bot/v1.4.8; http://mj12bot.com/)"
216.73.216.211 - - [05/May/2026:09:49:20 +0200] "GET /learning/old/main/lang/vietnamese/install.inc.php.sorry HTTP/1.1" 200 23697 "-" "Mozilla/5.0 AppleWebKit/537.36 (KHTML, like Gecko; compatible; ClaudeBot/1.0; +claudebot@anthropic.com)"
57.141.20.7 - - [05/May/2026:09:49:20 +0200] "GET /shopdetail/11256391 HTTP/1.1" 200 23697 "-" "meta-externalagent/1.1 (+https://developers.facebook.com/docs/sharing/webmasters/crawler)"
217.182.195.126 - - [05/May/2026:09:49:22 +0200] "GET /learning/admin/forum/?C=M;O=A HTTP/1.1" 200 4363 "-" "Mozilla/5.0 (compatible; MJ12bot/v1.4.8; http://mj12bot.com/)"
216.73.216.211 - - [05/May/2026:09:49:25 +0200] "GET /learning/old/main/lang/romanian/scorm.inc.php.sorry HTTP/1.1" 200 23697 "-" "Mozilla/5.0 AppleWebKit/537.36 (KHTML, like Gecko; compatible; ClaudeBot/1.0; +claudebot@anthropic.com)"
216.73.216.211 - - [05/May/2026:09:49:30 +0200] "GET /learning/old/main/inc/entity/blog_attachment.class.php.sorry HTTP/1.1" 200 23697 "-" "Mozilla/5.0 AppleWebKit/537.36 (KHTML, like Gecko; compatible; ClaudeBot/1.0; +claudebot@anthropic.com)"
57.141.20.65 - - [05/May/2026:09:49:31 +0200] "GET /shopdetail/8431691 HTTP/1.1" 200 23697 "-" "meta-externalagent/1.1 (+https://developers.facebook.com/docs/sharing/webmasters/crawler)"
57.141.20.55 - - [05/May/2026:09:49:31 +0200] "GET /shopdetail/8998702 HTTP/1.1" 200 23697 "-" "meta-externalagent/1.1 (+https://developers.facebook.com/docs/sharing/webmasters/crawler)"
57.141.20.54 - - [05/May/2026:09:49:31 +0200] "GET /shopdetail/24808746 HTTP/1.1" 200 23697 "-" "meta-externalagent/1.1 (+https://developers.facebook.com/docs/sharing/webmasters/crawler)"
57.141.20.38 - - [05/May/2026:09:49:31 +0200] "GET /shopdetail/9622280 HTTP/1.1" 200 23697 "-" "meta-externalagent/1.1 (+https://developers.facebook.com/docs/sharing/webmasters/crawler)"
57.141.20.2 - - [05/May/2026:09:49:32 +0200] "GET /shopdetail/16190246 HTTP/1.1" 200 23697 "-" "meta-externalagent/1.1 (+https://developers.facebook.com/docs/sharing/webmasters/crawler)"
57.141.20.18 - - [05/May/2026:09:49:32 +0200] "GET /shopdetail/21507835 HTTP/1.1" 200 23697 "-" "meta-externalagent/1.1 (+https://developers.facebook.com/docs/sharing/webmasters/crawler)"
57.141.20.64 - - [05/May/2026:09:49:32 +0200] "GET /shopdetail/16728468 HTTP/1.1" 200 23697 "-" "meta-externalagent/1.1 (+https://developers.facebook.com/docs/sharing/webmasters/crawler)"
57.141.20.9 - - [05/May/2026:09:49:33 +0200] "GET /shopdetail/24748702 HTTP/1.1" 200 23697 "-" "meta-externalagent/1.1 (+https://developers.facebook.com/docs/sharing/webmasters/crawler)"
57.141.20.6 - - [05/May/2026:09:49:33 +0200] "GET /shopdetail/19894379 HTTP/1.1" 200 23697 "-" "meta-externalagent/1.1 (+https://developers.facebook.com/docs/sharing/webmasters/crawler)"
216.73.216.211 - - [05/May/2026:09:49:36 +0200] "GET /missmandarine.ch/learning/old/main/tracking/userlogCSV.php.sorry HTTP/1.1" 200 23697 "-" "Mozilla/5.0 AppleWebKit/537.36 (KHTML, like Gecko; compatible; ClaudeBot/1.0; +claudebot@anthropic.com)"
217.182.195.126 - - [05/May/2026:09:49:36 +0200] "GET /learning/admin/forum/?C=N;O=D HTTP/1.1" 200 4363 "-" "Mozilla/5.0 (compatible; MJ12bot/v1.4.8; http://mj12bot.com/)"
217.182.195.126 - - [05/May/2026:09:49:38 +0200] "GET /learning/admin/forum/?C=S;O=A HTTP/1.1" 200 4363 "-" "Mozilla/5.0 (compatible; MJ12bot/v1.4.8; http://mj12bot.com/)"
217.182.195.126 - - [05/May/2026:09:49:40 +0200] "GET /learning/admin/forum/addForum.php.sorry HTTP/1.1" 200 23697 "-" "Mozilla/5.0 (compatible; MJ12bot/v1.4.8; http://mj12bot.com/)"
216.73.216.211 - - [05/May/2026:09:49:40 +0200] "GET /missmandarine.ch/learning/old/plugin/add_cas_logout_button/plugin.php.sorry HTTP/1.1" 200 23697 "-" "Mozilla/5.0 AppleWebKit/537.36 (KHTML, like Gecko; compatible; ClaudeBot/1.0; +claudebot@anthropic.com)"
57.141.20.45 - - [05/May/2026:09:49:41 +0200] "GET /shopdetail/9906568 HTTP/1.1" 200 23697 "-" "meta-externalagent/1.1 (+https://developers.facebook.com/docs/sharing/webmasters/crawler)"
217.182.195.126 - - [05/May/2026:09:49:42 +0200] "GET /learning/admin/forum/addMandarine.php.sorry HTTP/1.1" 200 23697 "-" "Mozilla/5.0 (compatible; MJ12bot/v1.4.8; http://mj12bot.com/)"
217.182.195.126 - - [05/May/2026:09:49:43 +0200] "GET /learning/admin/forum/addSujet.php.sorry HTTP/1.1" 200 23697 "-" "Mozilla/5.0 (compatible; MJ12bot/v1.4.8; http://mj12bot.com/)"
216.73.216.211 - - [05/May/2026:09:49:45 +0200] "GET /js/tinymce/plugins/directionality/?C=D&O=D HTTP/1.1" 200 891 "-" "Mozilla/5.0 AppleWebKit/537.36 (KHTML, like Gecko; compatible; ClaudeBot/1.0; +claudebot@anthropic.com)"
217.182.195.126 - - [05/May/2026:09:49:45 +0200] "GET /learning/admin/forum/addTheme.php.sorry HTTP/1.1" 200 23697 "-" "Mozilla/5.0 (compatible; MJ12bot/v1.4.8; http://mj12bot.com/)"
217.182.195.126 - - [05/May/2026:09:49:47 +0200] "GET /learning/admin/forum/deleteMandarine.php.sorry HTTP/1.1" 200 23697 "-" "Mozilla/5.0 (compatible; MJ12bot/v1.4.8; http://mj12bot.com/)"
217.182.195.126 - - [05/May/2026:09:49:50 +0200] "GET /learning/admin/forum/deleteReponse.php.sorry HTTP/1.1" 200 23697 "-" "Mozilla/5.0 (compatible; MJ12bot/v1.4.8; http://mj12bot.com/)"
57.141.20.56 - - [05/May/2026:09:49:51 +0200] "GET /shopdetail/18358213 HTTP/1.1" 200 23697 "-" "meta-externalagent/1.1 (+https://developers.facebook.com/docs/sharing/webmasters/crawler)"
57.141.20.69 - - [05/May/2026:09:49:51 +0200] "GET /shopdetail/20677046 HTTP/1.1" 200 23697 "-" "meta-externalagent/1.1 (+https://developers.facebook.com/docs/sharing/webmasters/crawler)"
57.141.20.68 - - [05/May/2026:09:49:51 +0200] "GET /shopdetail/5763313 HTTP/1.1" 200 23697 "-" "meta-externalagent/1.1 (+https://developers.facebook.com/docs/sharing/webmasters/crawler)"
217.182.195.126 - - [05/May/2026:09:49:52 +0200] "GET /learning/admin/forum/editForum.php.sorry HTTP/1.1" 200 23697 "-" "Mozilla/5.0 (compatible; MJ12bot/v1.4.8; http://mj12bot.com/)"
57.141.20.54 - - [05/May/2026:09:49:53 +0200] "GET /shopdetail/14853824 HTTP/1.1" 200 23697 "-" "meta-externalagent/1.1 (+https://developers.facebook.com/docs/sharing/webmasters/crawler)"
216.73.216.211 - - [05/May/2026:09:49:55 +0200] "GET /missmandarine.ch/learning/old/documentation/installation_guide_es_ES.html.sorry HTTP/1.1" 200 23697 "-" "Mozilla/5.0 AppleWebKit/537.36 (KHTML, like Gecko; compatible; ClaudeBot/1.0; +claudebot@anthropic.com)"
217.182.195.126 - - [05/May/2026:09:49:56 +0200] "GET /learning/admin/forum/editReponse.php.sorry HTTP/1.1" 200 23697 "-" "Mozilla/5.0 (compatible; MJ12bot/v1.4.8; http://mj12bot.com/)"
217.182.195.126 - - [05/May/2026:09:49:58 +0200] "GET /learning/admin/forum/editSujet.php.sorry HTTP/1.1" 200 23697 "-" "Mozilla/5.0 (compatible; MJ12bot/v1.4.8; http://mj12bot.com/)"
216.73.216.211 - - [05/May/2026:09:50:00 +0200] "GET /learning/old/main/cooperation/?C=S&O=A HTTP/1.1" 500 - "-" "Mozilla/5.0 AppleWebKit/537.36 (KHTML, like Gecko; compatible; ClaudeBot/1.0; +claudebot@anthropic.com)"
217.182.195.126 - - [05/May/2026:09:50:00 +0200] "GET /learning/admin/forum/editTheme.php.sorry HTTP/1.1" 200 23697 "-" "Mozilla/5.0 (compatible; MJ12bot/v1.4.8; http://mj12bot.com/)"
57.141.20.60 - - [05/May/2026:09:50:01 +0200] "GET /shopdetail/17431580 HTTP/1.1" 200 23697 "-" "meta-externalagent/1.1 (+https://developers.facebook.com/docs/sharing/webmasters/crawler)"
217.182.195.126 - - [05/May/2026:09:50:03 +0200] "GET /learning/admin/forum/managerForum.php.sorry HTTP/1.1" 200 23697 "-" "Mozilla/5.0 (compatible; MJ12bot/v1.4.8; http://mj12bot.com/)"
217.182.195.126 - - [05/May/2026:09:50:05 +0200] "GET /learning/admin/forum/managerMandarine.php.sorry HTTP/1.1" 200 23697 "-" "Mozilla/5.0 (compatible; MJ12bot/v1.4.8; http://mj12bot.com/)"
216.73.216.211 - - [05/May/2026:09:50:05 +0200] "GET /learning/old/main/inc/entity/calendar_event_repeat_not.class.php.sorry HTTP/1.1" 200 23697 "-" "Mozilla/5.0 AppleWebKit/537.36 (KHTML, like Gecko; compatible; ClaudeBot/1.0; +claudebot@anthropic.com)"
74.7.227.25 - - [05/May/2026:09:50:06 +0200] "GET /learning/ALFA_DATA/alfasymlink/root/sys/devices/pci0000:00/firmware_node/device:ad/wakeup/wakeup14/subsystem/wakeup39/last_change_ms HTTP/1.1" 200 4096 "https://missmandarine.com/learning/ALFA_DATA/alfasymlink/root/sys/devices/pci0000:00/firmware_node/device:ad/wakeup/wakeup14/subsystem/wakeup39/" "Mozilla/5.0 AppleWebKit/537.36 (KHTML, like Gecko; compatible; GPTBot/1.3; +https://openai.com/gptbot)"
217.182.195.126 - - [05/May/2026:09:50:06 +0200] "GET /learning/admin/forum/managerMandarineMessage.php.sorry HTTP/1.1" 200 23697 "-" "Mozilla/5.0 (compatible; MJ12bot/v1.4.8; http://mj12bot.com/)"
217.182.195.126 - - [05/May/2026:09:50:08 +0200] "GET /learning/admin/forum/managerReponse.php.sorry HTTP/1.1" 200 23697 "-" "Mozilla/5.0 (compatible; MJ12bot/v1.4.8; http://mj12bot.com/)"
216.73.216.211 - - [05/May/2026:09:50:10 +0200] "GET /missmandarine.ch/learning/old/courses/TEM/document/ HTTP/1.1" 200 139 "-" "Mozilla/5.0 AppleWebKit/537.36 (KHTML, like Gecko; compatible; ClaudeBot/1.0; +claudebot@anthropic.com)"
217.182.195.126 - - [05/May/2026:09:50:10 +0200] "GET /learning/admin/forum/managerSujet.php.sorry HTTP/1.1" 200 23697 "-" "Mozilla/5.0 (compatible; MJ12bot/v1.4.8; http://mj12bot.com/)"
57.141.20.59 - - [05/May/2026:09:50:12 +0200] "GET /shopdetail/9117580 HTTP/1.1" 200 23697 "-" "meta-externalagent/1.1 (+https://developers.facebook.com/docs/sharing/webmasters/crawler)"
57.141.20.9 - - [05/May/2026:09:50:12 +0200] "GET /shopdetail/29595613 HTTP/1.1" 200 23697 "-" "meta-externalagent/1.1 (+https://developers.facebook.com/docs/sharing/webmasters/crawler)"
57.141.20.51 - - [05/May/2026:09:50:12 +0200] "GET /shopdetail/1672680 HTTP/1.1" 200 23697 "-" "meta-externalagent/1.1 (+https://developers.facebook.com/docs/sharing/webmasters/crawler)"
217.182.195.126 - - [05/May/2026:09:50:12 +0200] "GET /learning/admin/forum/managerTheme.php.sorry HTTP/1.1" 200 23697 "-" "Mozilla/5.0 (compatible; MJ12bot/v1.4.8; http://mj12bot.com/)"
57.141.20.39 - - [05/May/2026:09:50:13 +0200] "GET /shopdetail/2922213 HTTP/1.1" 200 23697 "-" "meta-externalagent/1.1 (+https://developers.facebook.com/docs/sharing/webmasters/crawler)"
217.182.195.126 - - [05/May/2026:09:50:14 +0200] "GET /learning/admin/forum/publierForum.php.sorry HTTP/1.1" 200 23697 "-" "Mozilla/5.0 (compatible; MJ12bot/v1.4.8; http://mj12bot.com/)"
57.141.20.2 - - [05/May/2026:09:50:14 +0200] "GET /shopdetail/24652480 HTTP/1.1" 200 23697 "-" "meta-externalagent/1.1 (+https://developers.facebook.com/docs/sharing/webmasters/crawler)"
216.73.216.211 - - [05/May/2026:09:50:15 +0200] "GET /missmandarine.ch/learning/old/main/exercice/hotspot_actionscript_admin.as.php.sorry HTTP/1.1" 200 23697 "-" "Mozilla/5.0 AppleWebKit/537.36 (KHTML, like Gecko; compatible; ClaudeBot/1.0; +claudebot@anthropic.com)"
57.141.20.20 - - [05/May/2026:09:50:15 +0200] "GET /shopdetail/29011135 HTTP/1.1" 200 23697 "-" "meta-externalagent/1.1 (+https://developers.facebook.com/docs/sharing/webmasters/crawler)"
217.182.195.126 - - [05/May/2026:09:50:16 +0200] "GET /learning/admin/forum/publierSujet.php.sorry HTTP/1.1" 200 23697 "-" "Mozilla/5.0 (compatible; MJ12bot/v1.4.8; http://mj12bot.com/)"
217.182.195.126 - - [05/May/2026:09:50:18 +0200] "GET /learning/admin/forum/publierTheme.php.sorry HTTP/1.1" 200 23697 "-" "Mozilla/5.0 (compatible; MJ12bot/v1.4.8; http://mj12bot.com/)"
217.182.195.126 - - [05/May/2026:09:50:20 +0200] "GET /learning/css/?C=D;O=D HTTP/1.1" 200 6069 "-" "Mozilla/5.0 (compatible; MJ12bot/v1.4.8; http://mj12bot.com/)"
216.73.216.211 - - [05/May/2026:09:50:21 +0200] "GET /learning/old/main/img/edit_na.gif.sorry HTTP/1.1" 200 23697 "-" "Mozilla/5.0 AppleWebKit/537.36 (KHTML, like Gecko; compatible; ClaudeBot/1.0; +claudebot@anthropic.com)"
52.140.232.160 - - [05/May/2026:09:50:21 +0200] "GET / HTTP/1.1" 200 23697 "-" "Mozilla/5.0 (compatible; MSIE 9.0; Windows NT 6.1; Trident/5.0; AppInsights)"
217.182.195.126 - - [05/May/2026:09:50:21 +0200] "GET /learning/css/?C=M;O=D HTTP/1.1" 200 6069 "-" "Mozilla/5.0 (compatible; MJ12bot/v1.4.8; http://mj12bot.com/)"
217.182.195.126 - - [05/May/2026:09:50:23 +0200] "GET /learning/css/?C=S;O=D HTTP/1.1" 200 6069 "-" "Mozilla/5.0 (compatible; MJ12bot/v1.4.8; http://mj12bot.com/)"
217.182.195.126 - - [05/May/2026:09:50:25 +0200] "GET /learning/file/audio/1551359810-Pierre-Jankowiez.mp3.sorry HTTP/1.1" 200 23697 "-" "Mozilla/5.0 (compatible; MJ12bot/v1.4.8; http://mj12bot.com/)"
216.73.216.211 - - [05/May/2026:09:50:25 +0200] "GET /learning/old/main/reservation/m_item_origineel.php.sorry HTTP/1.1" 200 23697 "-" "Mozilla/5.0 AppleWebKit/537.36 (KHTML, like Gecko; compatible; ClaudeBot/1.0; +claudebot@anthropic.com)"
57.141.20.71 - - [05/May/2026:09:50:25 +0200] "GET /shopdetail/12627213 HTTP/1.1" 200 23697 "-" "meta-externalagent/1.1 (+https://developers.facebook.com/docs/sharing/webmasters/crawler)"
217.182.195.126 - - [05/May/2026:09:50:27 +0200] "GET /learning/file/audio/1551360731-Pierre-Jankowiez.mp3.sorry HTTP/1.1" 200 23697 "-" "Mozilla/5.0 (compatible; MJ12bot/v1.4.8; http://mj12bot.com/)"
217.182.195.126 - - [05/May/2026:09:50:29 +0200] "GET /learning/file/audio/1551361638-Pierre-Jankowiez.mp3.sorry HTTP/1.1" 200 23697 "-" "Mozilla/5.0 (compatible; MJ12bot/v1.4.8; http://mj12bot.com/)"
217.182.195.126 - - [05/May/2026:09:50:30 +0200] "GET /learning/file/audio/1551361860-Pierre-Jankowiez.mp3.sorry HTTP/1.1" 200 23697 "-" "Mozilla/5.0 (compatible; MJ12bot/v1.4.8; http://mj12bot.com/)"
217.182.195.126 - - [05/May/2026:09:50:33 +0200] "GET /learning/file/audio/1551362163-Pierre-Jankowiez.mp3.sorry HTTP/1.1" 200 23697 "-" "Mozilla/5.0 (compatible; MJ12bot/v1.4.8; http://mj12bot.com/)"
216.73.216.211 - - [05/May/2026:09:50:33 +0200] "GET /missmandarine.ch/learning/admin/forum/publierSujet.php.sorry HTTP/1.1" 200 23697 "-" "Mozilla/5.0 AppleWebKit/537.36 (KHTML, like Gecko; compatible; ClaudeBot/1.0; +claudebot@anthropic.com)"
57.141.20.20 - - [05/May/2026:09:50:34 +0200] "GET /shopdetail/29371002 HTTP/1.1" 200 23697 "-" "meta-externalagent/1.1 (+https://developers.facebook.com/docs/sharing/webmasters/crawler)"
217.182.195.126 - - [05/May/2026:09:50:35 +0200] "GET /learning/file/audio/1551368292-Loic-Berthelot.mp3.sorry HTTP/1.1" 200 23697 "-" "Mozilla/5.0 (compatible; MJ12bot/v1.4.8; http://mj12bot.com/)"
57.141.20.7 - - [05/May/2026:09:50:35 +0200] "GET /shopdetail/10682835 HTTP/1.1" 200 23697 "-" "meta-externalagent/1.1 (+https://developers.facebook.com/docs/sharing/webmasters/crawler)"
57.141.20.27 - - [05/May/2026:09:50:35 +0200] "GET /shopdetail/8707368 HTTP/1.1" 200 23697 "-" "meta-externalagent/1.1 (+https://developers.facebook.com/docs/sharing/webmasters/crawler)"
57.141.20.37 - - [05/May/2026:09:50:35 +0200] "GET /shopdetail/18857435 HTTP/1.1" 200 23697 "-" "meta-externalagent/1.1 (+https://developers.facebook.com/docs/sharing/webmasters/crawler)"
57.141.20.0 - - [05/May/2026:09:50:36 +0200] "GET /shopdetail/23777157 HTTP/1.1" 200 23697 "-" "meta-externalagent/1.1 (+https://developers.facebook.com/docs/sharing/webmasters/crawler)"
217.182.195.126 - - [05/May/2026:09:50:36 +0200] "GET /learning/file/audio/1551368371-Loic-Berthelot.mp3.sorry HTTP/1.1" 200 23697 "-" "Mozilla/5.0 (compatible; MJ12bot/v1.4.8; http://mj12bot.com/)"
217.182.195.126 - - [05/May/2026:09:50:38 +0200] "GET /learning/file/audio/1551710970-Loic-Berthelot.mp3.sorry HTTP/1.1" 200 23697 "-" "Mozilla/5.0 (compatible; MJ12bot/v1.4.8; http://mj12bot.com/)"
217.182.195.126 - - [05/May/2026:09:50:40 +0200] "GET /learning/file/audio/1551711217-Loic-Berthelot.mp3.sorry HTTP/1.1" 200 23697 "-" "Mozilla/5.0 (compatible; MJ12bot/v1.4.8; http://mj12bot.com/)"
217.182.195.126 - - [05/May/2026:09:50:42 +0200] "GET /learning/file/audio/1552061518-Loic-Berthelot.mp3.sorry HTTP/1.1" 200 23697 "-" "Mozilla/5.0 (compatible; MJ12bot/v1.4.8; http://mj12bot.com/)"
216.73.216.211 - - [05/May/2026:09:50:43 +0200] "GET /missmandarine.ch/learning/old/main/admin/session_import.php.sorry HTTP/1.1" 200 23697 "-" "Mozilla/5.0 AppleWebKit/537.36 (KHTML, like Gecko; compatible; ClaudeBot/1.0; +claudebot@anthropic.com)"
217.182.195.126 - - [05/May/2026:09:50:44 +0200] "GET /learning/file/audio/1552411941-Loic-Berthelot.mp3.sorry HTTP/1.1" 200 23697 "-" "Mozilla/5.0 (compatible; MJ12bot/v1.4.8; http://mj12bot.com/)"
57.141.20.3 - - [05/May/2026:09:50:44 +0200] "GET /shopdetail/18936935 HTTP/1.1" 200 23697 "-" "meta-externalagent/1.1 (+https://developers.facebook.com/docs/sharing/webmasters/crawler)"
57.141.20.14 - - [05/May/2026:09:50:44 +0200] "GET /shopdetail/16152502 HTTP/1.1" 200 23697 "-" "meta-externalagent/1.1 (+https://developers.facebook.com/docs/sharing/webmasters/crawler)"
217.182.195.126 - - [05/May/2026:09:50:45 +0200] "GET /learning/file/audio/1552412725-Loic-Berthelot.mp3.sorry HTTP/1.1" 200 23697 "-" "Mozilla/5.0 (compatible; MJ12bot/v1.4.8; http://mj12bot.com/)"
217.182.195.126 - - [05/May/2026:09:50:47 +0200] "GET /learning/file/audio/1552412871-Loic-Berthelot.mp3.sorry HTTP/1.1" 200 23697 "-" "Mozilla/5.0 (compatible; MJ12bot/v1.4.8; http://mj12bot.com/)"
3.212.219.113 - - [05/May/2026:09:50:48 +0200] "GET /pics/images/ HTTP/1.1" 200 2012 "-" "Mozilla/5.0 AppleWebKit/537.36 (KHTML, like Gecko; compatible; Amazonbot/0.1; +https://developer.amazon.com/support/amazonbot) Chrome/119.0.6045.214 Safari/537.36"
217.182.195.126 - - [05/May/2026:09:50:49 +0200] "GET /learning/file/audio/1552412921-Loic-Berthelot.mp3.sorry HTTP/1.1" 200 23697 "-" "Mozilla/5.0 (compatible; MJ12bot/v1.4.8; http://mj12bot.com/)"
217.182.195.126 - - [05/May/2026:09:50:50 +0200] "GET /learning/file/audio/1552412948-Loic-Berthelot.mp3.sorry HTTP/1.1" 200 23697 "-" "Mozilla/5.0 (compatible; MJ12bot/v1.4.8; http://mj12bot.com/)"
34.195.248.30 - - [05/May/2026:09:50:52 +0200] "GET /img-old/layout/ HTTP/1.1" 200 2663 "-" "Mozilla/5.0 AppleWebKit/537.36 (KHTML, like Gecko; compatible; Amazonbot/0.1; +https://developer.amazon.com/support/amazonbot) Chrome/119.0.6045.214 Safari/537.36"
217.182.195.126 - - [05/May/2026:09:50:52 +0200] "GET /learning/file/audio/1552924668-Boris-Descombes.mp3.sorry HTTP/1.1" 200 23697 "-" "Mozilla/5.0 (compatible; MJ12bot/v1.4.8; http://mj12bot.com/)"
216.73.216.211 - - [05/May/2026:09:50:53 +0200] "GET /learning/old/main/css/miss_mandarine/images/ HTTP/1.1" 200 11121 "-" "Mozilla/5.0 AppleWebKit/537.36 (KHTML, like Gecko; compatible; ClaudeBot/1.0; +claudebot@anthropic.com)"
57.141.20.18 - - [05/May/2026:09:50:54 +0200] "GET /shopdetail/20722557 HTTP/1.1" 200 23697 "-" "meta-externalagent/1.1 (+https://developers.facebook.com/docs/sharing/webmasters/crawler)"
217.182.195.126 - - [05/May/2026:09:50:54 +0200] "GET /learning/file/audio/1552925124-Boris-Descombes.mp3.sorry HTTP/1.1" 200 23697 "-" "Mozilla/5.0 (compatible; MJ12bot/v1.4.8; http://mj12bot.com/)"
57.141.20.42 - - [05/May/2026:09:50:54 +0200] "GET /shopdetail/22420591 HTTP/1.1" 200 23697 "-" "meta-externalagent/1.1 (+https://developers.facebook.com/docs/sharing/webmasters/crawler)"
57.141.20.67 - - [05/May/2026:09:50:54 +0200] "GET /shopdetail/4593302 HTTP/1.1" 200 23697 "-" "meta-externalagent/1.1 (+https://developers.facebook.com/docs/sharing/webmasters/crawler)"
57.141.20.44 - - [05/May/2026:09:50:55 +0200] "GET /shopdetail/18158002 HTTP/1.1" 200 23697 "-" "meta-externalagent/1.1 (+https://developers.facebook.com/docs/sharing/webmasters/crawler)"
217.182.195.126 - - [05/May/2026:09:50:58 +0200] "GET /learning/file/audio/1552925975-Boris-Descombes.mp3.sorry HTTP/1.1" 200 23697 "-" "Mozilla/5.0 (compatible; MJ12bot/v1.4.8; http://mj12bot.com/)"
217.182.195.126 - - [05/May/2026:09:51:00 +0200] "GET /learning/file/audio/1552926060-Boris-Descombes.mp3.sorry HTTP/1.1" 200 23697 "-" "Mozilla/5.0 (compatible; MJ12bot/v1.4.8; http://mj12bot.com/)"
20.40.124.176 - - [05/May/2026:09:51:01 +0200] "GET / HTTP/1.1" 200 23697 "-" "Mozilla/5.0 (compatible; MSIE 9.0; Windows NT 6.1; Trident/5.0; AppInsights)"
217.182.195.126 - - [05/May/2026:09:51:01 +0200] "GET /learning/file/audio/1552926429-Boris-Descombes.mp3.sorry HTTP/1.1" 200 23697 "-" "Mozilla/5.0 (compatible; MJ12bot/v1.4.8; http://mj12bot.com/)"
216.73.216.211 - - [05/May/2026:09:51:02 +0200] "GET /learning/old/main/img/group_add.png.sorry HTTP/1.1" 200 23697 "-" "Mozilla/5.0 AppleWebKit/537.36 (KHTML, like Gecko; compatible; ClaudeBot/1.0; +claudebot@anthropic.com)"
57.141.20.62 - - [05/May/2026:09:51:03 +0200] "GET /shopdetail/20183013 HTTP/1.1" 200 23697 "-" "meta-externalagent/1.1 (+https://developers.facebook.com/docs/sharing/webmasters/crawler)"
217.182.195.126 - - [05/May/2026:09:51:03 +0200] "GET /learning/file/audio/1552926660-Boris-Descombes.mp3.sorry HTTP/1.1" 200 23697 "-" "Mozilla/5.0 (compatible; MJ12bot/v1.4.8; http://mj12bot.com/)"
217.182.195.126 - - [05/May/2026:09:51:05 +0200] "GET /learning/file/audio/1552926740-Boris-Descombes.mp3.sorry HTTP/1.1" 200 23697 "-" "Mozilla/5.0 (compatible; MJ12bot/v1.4.8; http://mj12bot.com/)"
217.182.195.126 - - [05/May/2026:09:51:07 +0200] "GET /learning/file/audio/1552926814-Boris-Descombes.mp3.sorry HTTP/1.1" 200 23697 "-" "Mozilla/5.0 (compatible; MJ12bot/v1.4.8; http://mj12bot.com/)"
216.73.216.211 - - [05/May/2026:09:51:07 +0200] "GET /learning/old/certificates/?C=N&O=A HTTP/1.1" 500 - "-" "Mozilla/5.0 AppleWebKit/537.36 (KHTML, like Gecko; compatible; ClaudeBot/1.0; +claudebot@anthropic.com)"
217.182.195.126 - - [05/May/2026:09:51:09 +0200] "GET /learning/file/audio/1552926961-Boris-Descombes.mp3.sorry HTTP/1.1" 200 23697 "-" "Mozilla/5.0 (compatible; MJ12bot/v1.4.8; http://mj12bot.com/)"
217.182.195.126 - - [05/May/2026:09:51:11 +0200] "GET /learning/file/audio/1552927016-Boris-Descombes.mp3.sorry HTTP/1.1" 200 23697 "-" "Mozilla/5.0 (compatible; MJ12bot/v1.4.8; http://mj12bot.com/)"
74.7.227.25 - - [05/May/2026:09:51:11 +0200] "GET /learning/ALFA_DATA/alfasymlink/root/sys/devices/pci0000:00/firmware_node/device:ad/wakeup/wakeup14/subsystem/wakeup22/last_change_ms HTTP/1.1" 200 4096 "https://missmandarine.com/learning/ALFA_DATA/alfasymlink/root/sys/devices/pci0000:00/firmware_node/device:ad/wakeup/wakeup14/subsystem/wakeup22/" "Mozilla/5.0 AppleWebKit/537.36 (KHTML, like Gecko; compatible; GPTBot/1.3; +https://openai.com/gptbot)"
216.73.216.211 - - [05/May/2026:09:51:12 +0200] "GET /learning/old/plugin/dashboard/block_session/?C=S&O=A HTTP/1.1" 200 234 "-" "Mozilla/5.0 AppleWebKit/537.36 (KHTML, like Gecko; compatible; ClaudeBot/1.0; +claudebot@anthropic.com)"
217.182.195.126 - - [05/May/2026:09:51:12 +0200] "GET /learning/file/audio/1552927074-Boris-Descombes.mp3.sorry HTTP/1.1" 200 23697 "-" "Mozilla/5.0 (compatible; MJ12bot/v1.4.8; http://mj12bot.com/)"
217.182.195.126 - - [05/May/2026:09:51:14 +0200] "GET /learning/file/audio/1553023204-Test-Test.mp3.sorry HTTP/1.1" 200 23697 "-" "Mozilla/5.0 (compatible; MJ12bot/v1.4.8; http://mj12bot.com/)"
57.141.20.30 - - [05/May/2026:09:51:14 +0200] "GET /shopdetail/29019291 HTTP/1.1" 200 23697 "-" "meta-externalagent/1.1 (+https://developers.facebook.com/docs/sharing/webmasters/crawler)"
217.182.195.126 - - [05/May/2026:09:51:16 +0200] "GET /learning/file/audio/1553023305-Test-Test.mp3.sorry HTTP/1.1" 200 23697 "-" "Mozilla/5.0 (compatible; MJ12bot/v1.4.8; http://mj12bot.com/)"
216.73.216.211 - - [05/May/2026:09:51:17 +0200] "GET /learning/old/main/img/sort_asc.png.sorry HTTP/1.1" 200 23697 "-" "Mozilla/5.0 AppleWebKit/537.36 (KHTML, like Gecko; compatible; ClaudeBot/1.0; +claudebot@anthropic.com)"
217.182.195.126 - - [05/May/2026:09:51:18 +0200] "GET /learning/file/audio/1553023390-Test-Test.mp3.sorry HTTP/1.1" 200 23697 "-" "Mozilla/5.0 (compatible; MJ12bot/v1.4.8; http://mj12bot.com/)"
217.182.195.126 - - [05/May/2026:09:51:20 +0200] "GET /learning/file/audio/1553023546-Test-Test.mp3.sorry HTTP/1.1" 200 23697 "-" "Mozilla/5.0 (compatible; MJ12bot/v1.4.8; http://mj12bot.com/)"
57.141.20.53 - - [05/May/2026:09:51:20 +0200] "GET /shopdetail/1223757 HTTP/1.1" 200 23697 "-" "meta-externalagent/1.1 (+https://developers.facebook.com/docs/sharing/webmasters/crawler)"
217.182.195.126 - - [05/May/2026:09:51:21 +0200] "GET /learning/file/audio/1553023644-Test-Test.mp3.sorry HTTP/1.1" 200 23697 "-" "Mozilla/5.0 (compatible; MJ12bot/v1.4.8; http://mj12bot.com/)"
216.73.216.211 - - [05/May/2026:09:51:22 +0200] "GET /missmandarine.ch/learning/admin/lib/tinymce/plugins/bbcode/?C=S&O=D HTTP/1.1" 200 974 "-" "Mozilla/5.0 AppleWebKit/537.36 (KHTML, like Gecko; compatible; ClaudeBot/1.0; +claudebot@anthropic.com)"
217.182.195.126 - - [05/May/2026:09:51:23 +0200] "GET /learning/file/audio/1553077684-Test-Test.mp3.sorry HTTP/1.1" 200 23697 "-" "Mozilla/5.0 (compatible; MJ12bot/v1.4.8; http://mj12bot.com/)"
217.182.195.126 - - [05/May/2026:09:51:25 +0200] "GET /learning/file/audio/1553780918-Boris-Descombes.mp3.sorry HTTP/1.1" 200 23697 "-" "Mozilla/5.0 (compatible; MJ12bot/v1.4.8; http://mj12bot.com/)"
217.182.195.126 - - [05/May/2026:09:51:26 +0200] "GET /learning/file/audio/1554197609-Loic-Berthelot.mp3.sorry HTTP/1.1" 200 23697 "-" "Mozilla/5.0 (compatible; MJ12bot/v1.4.8; http://mj12bot.com/)"
216.73.216.211 - - [05/May/2026:09:51:27 +0200] "GET /learning/old/main/course_home/?C=N&O=D HTTP/1.1" 200 105 "-" "Mozilla/5.0 AppleWebKit/537.36 (KHTML, like Gecko; compatible; ClaudeBot/1.0; +claudebot@anthropic.com)"
51.105.9.128 - - [05/May/2026:09:51:27 +0200] "GET / HTTP/1.1" 200 23697 "-" "Mozilla/5.0 (compatible; MSIE 9.0; Windows NT 6.1; Trident/5.0; AppInsights)"
217.182.195.126 - - [05/May/2026:09:51:28 +0200] "GET /learning/file/audio/1554457963-Boris-Descombes.mp3.sorry HTTP/1.1" 200 23697 "-" "Mozilla/5.0 (compatible; MJ12bot/v1.4.8; http://mj12bot.com/)"
217.182.195.126 - - [05/May/2026:09:51:30 +0200] "GET /learning/file/audio/1555405513-Boris-Descombes.mp3.sorry HTTP/1.1" 200 23697 "-" "Mozilla/5.0 (compatible; MJ12bot/v1.4.8; http://mj12bot.com/)"
57.141.20.4 - - [05/May/2026:09:51:30 +0200] "GET /shopdetail/26976302 HTTP/1.1" 200 23697 "-" "meta-externalagent/1.1 (+https://developers.facebook.com/docs/sharing/webmasters/crawler)"
57.141.20.14 - - [05/May/2026:09:51:30 +0200] "GET /shopdetail/10759157 HTTP/1.1" 200 23697 "-" "meta-externalagent/1.1 (+https://developers.facebook.com/docs/sharing/webmasters/crawler)"
217.182.195.126 - - [05/May/2026:09:51:31 +0200] "GET /learning/file/audio/1555405669-Boris-Descombes.mp3.sorry HTTP/1.1" 200 23697 "-" "Mozilla/5.0 (compatible; MJ12bot/v1.4.8; http://mj12bot.com/)"
217.182.195.126 - - [05/May/2026:09:51:33 +0200] "GET /learning/file/audio/1555405755-Boris-Descombes.mp3.sorry HTTP/1.1" 200 23697 "-" "Mozilla/5.0 (compatible; MJ12bot/v1.4.8; http://mj12bot.com/)"
217.182.195.126 - - [05/May/2026:09:51:35 +0200] "GET /learning/file/audio/1555406141-Boris-Descombes.mp3.sorry HTTP/1.1" 200 23697 "-" "Mozilla/5.0 (compatible; MJ12bot/v1.4.8; http://mj12bot.com/)"
217.182.195.126 - - [05/May/2026:09:51:37 +0200] "GET /learning/file/audio/1555406550-Boris-Descombes.mp3.sorry HTTP/1.1" 200 23697 "-" "Mozilla/5.0 (compatible; MJ12bot/v1.4.8; http://mj12bot.com/)"
216.73.216.211 - - [05/May/2026:09:51:37 +0200] "GET /missmandarine.ch/js/filemanager/lang/he_IL.php.sorry HTTP/1.1" 200 23697 "-" "Mozilla/5.0 AppleWebKit/537.36 (KHTML, like Gecko; compatible; ClaudeBot/1.0; +claudebot@anthropic.com)"
217.182.195.126 - - [05/May/2026:09:51:38 +0200] "GET /learning/file/audio/1555407143-Boris-Descombes.mp3.sorry HTTP/1.1" 200 23697 "-" "Mozilla/5.0 (compatible; MJ12bot/v1.4.8; http://mj12bot.com/)"
57.141.20.54 - - [05/May/2026:09:51:39 +0200] "GET /shopdetail/12801780 HTTP/1.1" 200 23697 "-" "meta-externalagent/1.1 (+https://developers.facebook.com/docs/sharing/webmasters/crawler)"
217.182.195.126 - - [05/May/2026:09:51:40 +0200] "GET /learning/file/audio/1555407994-Boris-Descombes.mp3.sorry HTTP/1.1" 200 23697 "-" "Mozilla/5.0 (compatible; MJ12bot/v1.4.8; http://mj12bot.com/)"
217.182.195.126 - - [05/May/2026:09:51:42 +0200] "GET /learning/file/audio/1555408207-Boris-Descombes.mp3.sorry HTTP/1.1" 200 23697 "-" "Mozilla/5.0 (compatible; MJ12bot/v1.4.8; http://mj12bot.com/)"
216.73.216.211 - - [05/May/2026:09:51:42 +0200] "GET /learning/old/main/img/righthover.gif.sorry HTTP/1.1" 200 23697 "-" "Mozilla/5.0 AppleWebKit/537.36 (KHTML, like Gecko; compatible; ClaudeBot/1.0; +claudebot@anthropic.com)"
217.182.195.126 - - [05/May/2026:09:51:43 +0200] "GET /learning/file/audio/1555408603-Boris-Descombes.mp3.sorry HTTP/1.1" 200 23697 "-" "Mozilla/5.0 (compatible; MJ12bot/v1.4.8; http://mj12bot.com/)"
217.182.195.126 - - [05/May/2026:09:51:45 +0200] "GET /learning/file/audio/1555409080-Boris-Descombes.mp3.sorry HTTP/1.1" 200 23697 "-" "Mozilla/5.0 (compatible; MJ12bot/v1.4.8; http://mj12bot.com/)"
217.182.195.126 - - [05/May/2026:09:51:46 +0200] "GET /learning/file/audio/1555409150-Boris-Descombes.mp3.sorry HTTP/1.1" 200 23697 "-" "Mozilla/5.0 (compatible; MJ12bot/v1.4.8; http://mj12bot.com/)"
216.73.216.211 - - [05/May/2026:09:51:47 +0200] "GET /learning/old/main/img/notattempted.gif.sorry HTTP/1.1" 200 23697 "-" "Mozilla/5.0 AppleWebKit/537.36 (KHTML, like Gecko; compatible; ClaudeBot/1.0; +claudebot@anthropic.com)"
217.182.195.126 - - [05/May/2026:09:51:48 +0200] "GET /learning/file/audio/1555409370-Boris-Descombes.mp3.sorry HTTP/1.1" 200 23697 "-" "Mozilla/5.0 (compatible; MJ12bot/v1.4.8; http://mj12bot.com/)"
57.141.20.43 - - [05/May/2026:09:51:49 +0200] "GET /shopdetail/29510402 HTTP/1.1" 200 23697 "-" "meta-externalagent/1.1 (+https://developers.facebook.com/docs/sharing/webmasters/crawler)"
57.141.20.7 - - [05/May/2026:09:51:49 +0200] "GET /shopdetail/15978857 HTTP/1.1" 200 23697 "-" "meta-externalagent/1.1 (+https://developers.facebook.com/docs/sharing/webmasters/crawler)"
217.182.195.126 - - [05/May/2026:09:51:49 +0200] "GET /learning/file/audio/?C=M;O=A HTTP/1.1" 200 15082 "-" "Mozilla/5.0 (compatible; MJ12bot/v1.4.8; http://mj12bot.com/)"
217.182.195.126 - - [05/May/2026:09:51:51 +0200] "GET /learning/file/audio/?C=N;O=D HTTP/1.1" 200 15082 "-" "Mozilla/5.0 (compatible; MJ12bot/v1.4.8; http://mj12bot.com/)"
216.73.216.211 - - [05/May/2026:09:51:52 +0200] "GET /learning/old/main/img/lp_dokeos_module.gif.sorry HTTP/1.1" 200 23697 "-" "Mozilla/5.0 AppleWebKit/537.36 (KHTML, like Gecko; compatible; ClaudeBot/1.0; +claudebot@anthropic.com)"
217.182.195.126 - - [05/May/2026:09:51:52 +0200] "GET /learning/file/audio/?C=S;O=A HTTP/1.1" 200 15082 "-" "Mozilla/5.0 (compatible; MJ12bot/v1.4.8; http://mj12bot.com/)"
217.182.195.126 - - [05/May/2026:09:51:54 +0200] "GET /learning/file/document/1423760908.pdf.sorry HTTP/1.1" 200 23697 "-" "Mozilla/5.0 (compatible; MJ12bot/v1.4.8; http://mj12bot.com/)"
57.141.20.61 - - [05/May/2026:09:51:54 +0200] "GET /shopdetail/13663524 HTTP/1.1" 200 23697 "-" "meta-externalagent/1.1 (+https://developers.facebook.com/docs/sharing/webmasters/crawler)"
217.182.195.126 - - [05/May/2026:09:51:55 +0200] "GET /learning/file/document/1432122509.jpg.sorry HTTP/1.1" 200 23697 "-" "Mozilla/5.0 (compatible; MJ12bot/v1.4.8; http://mj12bot.com/)"
216.73.216.211 - - [05/May/2026:09:51:57 +0200] "GET /learning/old/main/css/dokeos_classic/images/loading.gif.sorry HTTP/1.1" 200 23697 "-" "Mozilla/5.0 AppleWebKit/537.36 (KHTML, like Gecko; compatible; ClaudeBot/1.0; +claudebot@anthropic.com)"
217.182.195.126 - - [05/May/2026:09:51:57 +0200] "GET /learning/file/document/1432122557.pdf.sorry HTTP/1.1" 200 23697 "-" "Mozilla/5.0 (compatible; MJ12bot/v1.4.8; http://mj12bot.com/)"
217.182.195.126 - - [05/May/2026:09:51:59 +0200] "GET /learning/file/document/1497625559.pdf.sorry HTTP/1.1" 200 23697 "-" "Mozilla/5.0 (compatible; MJ12bot/v1.4.8; http://mj12bot.com/)"
217.182.195.126 - - [05/May/2026:09:52:00 +0200] "GET /learning/file/document/1497625610.pdf.sorry HTTP/1.1" 200 23697 "-" "Mozilla/5.0 (compatible; MJ12bot/v1.4.8; http://mj12bot.com/)"
216.73.216.211 - - [05/May/2026:09:52:02 +0200] "GET /missmandarine.ch/learning/admin/lib/tinymce/plugins/code/?C=M&O=D HTTP/1.1" 200 970 "-" "Mozilla/5.0 AppleWebKit/537.36 (KHTML, like Gecko; compatible; ClaudeBot/1.0; +claudebot@anthropic.com)"
217.182.195.126 - - [05/May/2026:09:52:02 +0200] "GET /learning/file/document/1498492582.pdf.sorry HTTP/1.1" 200 23697 "-" "Mozilla/5.0 (compatible; MJ12bot/v1.4.8; http://mj12bot.com/)"
217.182.195.126 - - [05/May/2026:09:52:04 +0200] "GET /learning/file/document/1498634053.pdf.sorry HTTP/1.1" 200 23697 "-" "Mozilla/5.0 (compatible; MJ12bot/v1.4.8; http://mj12bot.com/)"
57.141.20.61 - - [05/May/2026:09:52:05 +0200] "GET /shopdetail/29000602 HTTP/1.1" 200 23697 "-" "meta-externalagent/1.1 (+https://developers.facebook.com/docs/sharing/webmasters/crawler)"
57.141.20.59 - - [05/May/2026:09:52:05 +0200] "GET /shopdetail/20363791 HTTP/1.1" 200 23697 "-" "meta-externalagent/1.1 (+https://developers.facebook.com/docs/sharing/webmasters/crawler)"
217.182.195.126 - - [05/May/2026:09:52:05 +0200] "GET /learning/file/document/1498634176.pdf.sorry HTTP/1.1" 200 23697 "-" "Mozilla/5.0 (compatible; MJ12bot/v1.4.8; http://mj12bot.com/)"
57.141.20.65 - - [05/May/2026:09:52:05 +0200] "GET /shopdetail/20243280 HTTP/1.1" 200 23697 "-" "meta-externalagent/1.1 (+https://developers.facebook.com/docs/sharing/webmasters/crawler)"
57.141.20.30 - - [05/May/2026:09:52:06 +0200] "GET /shopdetail/10558646 HTTP/1.1" 200 23697 "-" "meta-externalagent/1.1 (+https://developers.facebook.com/docs/sharing/webmasters/crawler)"
57.141.20.28 - - [05/May/2026:09:52:06 +0200] "GET /shopdetail/2202380 HTTP/1.1" 200 23697 "-" "meta-externalagent/1.1 (+https://developers.facebook.com/docs/sharing/webmasters/crawler)"
57.141.20.64 - - [05/May/2026:09:52:06 +0200] "GET /shopdetail/2168457 HTTP/1.1" 200 23697 "-" "meta-externalagent/1.1 (+https://developers.facebook.com/docs/sharing/webmasters/crawler)"
57.141.20.31 - - [05/May/2026:09:52:07 +0200] "GET /shopdetail/30924446 HTTP/1.1" 200 23697 "-" "meta-externalagent/1.1 (+https://developers.facebook.com/docs/sharing/webmasters/crawler)"
217.182.195.126 - - [05/May/2026:09:52:07 +0200] "GET /learning/file/document/1499066969.pdf.sorry HTTP/1.1" 200 23697 "-" "Mozilla/5.0 (compatible; MJ12bot/v1.4.8; http://mj12bot.com/)"
216.73.216.211 - - [05/May/2026:09:52:07 +0200] "GET /missmandarine.ch/learning/admin/lib/tinymce/plugins/code/?C=D&O=D HTTP/1.1" 200 970 "-" "Mozilla/5.0 AppleWebKit/537.36 (KHTML, like Gecko; compatible; ClaudeBot/1.0; +claudebot@anthropic.com)"
57.141.20.25 - - [05/May/2026:09:52:07 +0200] "GET /shopdetail/3485002 HTTP/1.1" 200 23697 "-" "meta-externalagent/1.1 (+https://developers.facebook.com/docs/sharing/webmasters/crawler)"
57.141.20.59 - - [05/May/2026:09:52:07 +0200] "GET /shopdetail/23269024 HTTP/1.1" 200 23697 "-" "meta-externalagent/1.1 (+https://developers.facebook.com/docs/sharing/webmasters/crawler)"
57.141.20.20 - - [05/May/2026:09:52:08 +0200] "GET /shopdetail/17816180 HTTP/1.1" 200 23697 "-" "meta-externalagent/1.1 (+https://developers.facebook.com/docs/sharing/webmasters/crawler)"
57.141.20.64 - - [05/May/2026:09:52:08 +0200] "GET /shopdetail/15180346 HTTP/1.1" 200 23697 "-" "meta-externalagent/1.1 (+https://developers.facebook.com/docs/sharing/webmasters/crawler)"
217.182.195.126 - - [05/May/2026:09:52:08 +0200] "GET /learning/file/document/1499088042.pdf.sorry HTTP/1.1" 200 23697 "-" "Mozilla/5.0 (compatible; MJ12bot/v1.4.8; http://mj12bot.com/)"
217.182.195.126 - - [05/May/2026:09:52:10 +0200] "GET /learning/file/document/1500304864.pdf.sorry HTTP/1.1" 200 23697 "-" "Mozilla/5.0 (compatible; MJ12bot/v1.4.8; http://mj12bot.com/)"
217.182.195.126 - - [05/May/2026:09:52:11 +0200] "GET /learning/file/document/1500362628.pdf.sorry HTTP/1.1" 200 23697 "-" "Mozilla/5.0 (compatible; MJ12bot/v1.4.8; http://mj12bot.com/)"
216.73.216.211 - - [05/May/2026:09:52:12 +0200] "GET /missmandarine.ch/js/filemanager/lang/bg_BG.php.sorry HTTP/1.1" 200 23697 "-" "Mozilla/5.0 AppleWebKit/537.36 (KHTML, like Gecko; compatible; ClaudeBot/1.0; +claudebot@anthropic.com)"
74.7.227.25 - - [05/May/2026:09:52:13 +0200] "GET /learning/ALFA_DATA/alfasymlink/root/sys/devices/pci0000:00/firmware_node/device:ad/wakeup/wakeup14/subsystem/wakeup43/last_change_ms HTTP/1.1" 200 4096 "https://missmandarine.com/learning/ALFA_DATA/alfasymlink/root/sys/devices/pci0000:00/firmware_node/device:ad/wakeup/wakeup14/subsystem/wakeup43/" "Mozilla/5.0 AppleWebKit/537.36 (KHTML, like Gecko; compatible; GPTBot/1.3; +https://openai.com/gptbot)"
217.182.195.126 - - [05/May/2026:09:52:13 +0200] "GET /learning/file/document/1501494919.pdf.sorry HTTP/1.1" 200 23697 "-" "Mozilla/5.0 (compatible; MJ12bot/v1.4.8; http://mj12bot.com/)"
217.182.195.126 - - [05/May/2026:09:52:15 +0200] "GET /learning/file/document/1506088553.pdf.sorry HTTP/1.1" 200 23697 "-" "Mozilla/5.0 (compatible; MJ12bot/v1.4.8; http://mj12bot.com/)"
57.141.20.49 - - [05/May/2026:09:52:15 +0200] "GET /shopdetail/19519224 HTTP/1.1" 200 23697 "-" "meta-externalagent/1.1 (+https://developers.facebook.com/docs/sharing/webmasters/crawler)"
217.182.195.126 - - [05/May/2026:09:52:16 +0200] "GET /learning/file/document/1506088603.pdf.sorry HTTP/1.1" 200 23697 "-" "Mozilla/5.0 (compatible; MJ12bot/v1.4.8; http://mj12bot.com/)"
216.73.216.211 - - [05/May/2026:09:52:17 +0200] "GET /missmandarine.ch/learning/old/main/css/chamilo/scorm.css.sorry HTTP/1.1" 200 23697 "-" "Mozilla/5.0 AppleWebKit/537.36 (KHTML, like Gecko; compatible; ClaudeBot/1.0; +claudebot@anthropic.com)"
217.182.195.126 - - [05/May/2026:09:52:18 +0200] "GET /learning/file/document/1507019145.pdf.sorry HTTP/1.1" 200 23697 "-" "Mozilla/5.0 (compatible; MJ12bot/v1.4.8; http://mj12bot.com/)"
217.182.195.126 - - [05/May/2026:09:52:19 +0200] "GET /learning/file/document/1508769414.pdf.sorry HTTP/1.1" 200 23697 "-" "Mozilla/5.0 (compatible; MJ12bot/v1.4.8; http://mj12bot.com/)"
217.182.195.126 - - [05/May/2026:09:52:21 +0200] "GET /learning/file/document/1508917716.pdf.sorry HTTP/1.1" 200 23697 "-" "Mozilla/5.0 (compatible; MJ12bot/v1.4.8; http://mj12bot.com/)"
