216.73.216.211 - - [05/May/2026:09:52:22 +0200] "GET /learning/old/main/img/file_xls.gif.sorry HTTP/1.1" 200 23697 "-" "Mozilla/5.0 AppleWebKit/537.36 (KHTML, like Gecko; compatible; ClaudeBot/1.0; +claudebot@anthropic.com)"
217.182.195.126 - - [05/May/2026:09:52:23 +0200] "GET /learning/file/document/1510762320.xlsx.sorry HTTP/1.1" 200 23697 "-" "Mozilla/5.0 (compatible; MJ12bot/v1.4.8; http://mj12bot.com/)"
217.182.195.126 - - [05/May/2026:09:52:24 +0200] "GET /learning/file/document/1510762371.xlsx.sorry HTTP/1.1" 200 23697 "-" "Mozilla/5.0 (compatible; MJ12bot/v1.4.8; http://mj12bot.com/)"
57.141.20.59 - - [05/May/2026:09:52:25 +0200] "GET /shopdetail/15498946 HTTP/1.1" 200 23697 "-" "meta-externalagent/1.1 (+https://developers.facebook.com/docs/sharing/webmasters/crawler)"
57.141.20.39 - - [05/May/2026:09:52:26 +0200] "GET /shopdetail/5897902 HTTP/1.1" 200 23697 "-" "meta-externalagent/1.1 (+https://developers.facebook.com/docs/sharing/webmasters/crawler)"
217.182.195.126 - - [05/May/2026:09:52:26 +0200] "GET /learning/file/document/1511793953.pdf.sorry HTTP/1.1" 200 23697 "-" "Mozilla/5.0 (compatible; MJ12bot/v1.4.8; http://mj12bot.com/)"
216.73.216.211 - - [05/May/2026:09:52:27 +0200] "GET /learning/old/main/img/view_less_stats.gif.sorry HTTP/1.1" 200 23697 "-" "Mozilla/5.0 AppleWebKit/537.36 (KHTML, like Gecko; compatible; ClaudeBot/1.0; +claudebot@anthropic.com)"
217.182.195.126 - - [05/May/2026:09:52:28 +0200] "GET /learning/file/document/1511794030.pdf.sorry HTTP/1.1" 200 23697 "-" "Mozilla/5.0 (compatible; MJ12bot/v1.4.8; http://mj12bot.com/)"
217.182.195.126 - - [05/May/2026:09:52:29 +0200] "GET /learning/file/document/1531747767.pdf.sorry HTTP/1.1" 200 23697 "-" "Mozilla/5.0 (compatible; MJ12bot/v1.4.8; http://mj12bot.com/)"
217.182.195.126 - - [05/May/2026:09:52:31 +0200] "GET /learning/file/document/1531748056.pdf.sorry HTTP/1.1" 200 23697 "-" "Mozilla/5.0 (compatible; MJ12bot/v1.4.8; http://mj12bot.com/)"
216.73.216.211 - - [05/May/2026:09:52:32 +0200] "GET /learning/old/main/css/silver_line/?C=N&O=D HTTP/1.1" 200 2315 "-" "Mozilla/5.0 AppleWebKit/537.36 (KHTML, like Gecko; compatible; ClaudeBot/1.0; +claudebot@anthropic.com)"
217.182.195.126 - - [05/May/2026:09:52:33 +0200] "GET /learning/file/document/1533029046.pdf.sorry HTTP/1.1" 200 23697 "-" "Mozilla/5.0 (compatible; MJ12bot/v1.4.8; http://mj12bot.com/)"
217.182.195.126 - - [05/May/2026:09:52:34 +0200] "GET /learning/file/document/1533029444.pdf.sorry HTTP/1.1" 200 23697 "-" "Mozilla/5.0 (compatible; MJ12bot/v1.4.8; http://mj12bot.com/)"
217.182.195.126 - - [05/May/2026:09:52:36 +0200] "GET /learning/file/document/1535636108.pdf.sorry HTTP/1.1" 200 23697 "-" "Mozilla/5.0 (compatible; MJ12bot/v1.4.8; http://mj12bot.com/)"
216.73.216.211 - - [05/May/2026:09:52:37 +0200] "GET /missmandarine.ch/learning/old/main/auth/external_login/newUser.php.sorry HTTP/1.1" 200 23697 "-" "Mozilla/5.0 AppleWebKit/537.36 (KHTML, like Gecko; compatible; ClaudeBot/1.0; +claudebot@anthropic.com)"
217.182.195.126 - - [05/May/2026:09:52:37 +0200] "GET /learning/file/document/1536161148.pdf.sorry HTTP/1.1" 200 23697 "-" "Mozilla/5.0 (compatible; MJ12bot/v1.4.8; http://mj12bot.com/)"
217.182.195.126 - - [05/May/2026:09:52:39 +0200] "GET /learning/file/document/1537179095.pdf.sorry HTTP/1.1" 200 23697 "-" "Mozilla/5.0 (compatible; MJ12bot/v1.4.8; http://mj12bot.com/)"
57.141.20.58 - - [05/May/2026:09:52:39 +0200] "GET /shopdetail/13350546 HTTP/1.1" 200 23697 "-" "meta-externalagent/1.1 (+https://developers.facebook.com/docs/sharing/webmasters/crawler)"
57.141.20.10 - - [05/May/2026:09:52:40 +0200] "GET /shopdetail/20832346 HTTP/1.1" 200 23697 "-" "meta-externalagent/1.1 (+https://developers.facebook.com/docs/sharing/webmasters/crawler)"
217.182.195.126 - - [05/May/2026:09:52:40 +0200] "GET /learning/file/document/1538148110.pdf.sorry HTTP/1.1" 200 23697 "-" "Mozilla/5.0 (compatible; MJ12bot/v1.4.8; http://mj12bot.com/)"
217.182.195.126 - - [05/May/2026:09:52:42 +0200] "GET /learning/file/document/1538148224.pdf.sorry HTTP/1.1" 200 23697 "-" "Mozilla/5.0 (compatible; MJ12bot/v1.4.8; http://mj12bot.com/)"
216.73.216.211 - - [05/May/2026:09:52:42 +0200] "GET /missmandarine.ch/learning/old/home/ HTTP/1.1" 200 234 "-" "Mozilla/5.0 AppleWebKit/537.36 (KHTML, like Gecko; compatible; ClaudeBot/1.0; +claudebot@anthropic.com)"
217.182.195.126 - - [05/May/2026:09:52:43 +0200] "GET /learning/file/document/1541584276.pdf.sorry HTTP/1.1" 200 23697 "-" "Mozilla/5.0 (compatible; MJ12bot/v1.4.8; http://mj12bot.com/)"
217.182.195.126 - - [05/May/2026:09:52:45 +0200] "GET /learning/file/document/1542798654.pdf.sorry HTTP/1.1" 200 23697 "-" "Mozilla/5.0 (compatible; MJ12bot/v1.4.8; http://mj12bot.com/)"
217.182.195.126 - - [05/May/2026:09:52:47 +0200] "GET /learning/file/document/1577194423.pdf.sorry HTTP/1.1" 200 23697 "-" "Mozilla/5.0 (compatible; MJ12bot/v1.4.8; http://mj12bot.com/)"
216.73.216.211 - - [05/May/2026:09:52:47 +0200] "GET /missmandarine.ch/learning/old/main/upload/users/ HTTP/1.1" 200 44 "-" "Mozilla/5.0 AppleWebKit/537.36 (KHTML, like Gecko; compatible; ClaudeBot/1.0; +claudebot@anthropic.com)"
217.182.195.126 - - [05/May/2026:09:52:48 +0200] "GET /learning/file/document/1577196776.pdf.sorry HTTP/1.1" 200 23697 "-" "Mozilla/5.0 (compatible; MJ12bot/v1.4.8; http://mj12bot.com/)"
57.141.20.10 - - [05/May/2026:09:52:50 +0200] "GET /shopdetail/12260413 HTTP/1.1" 200 23697 "-" "meta-externalagent/1.1 (+https://developers.facebook.com/docs/sharing/webmasters/crawler)"
217.182.195.126 - - [05/May/2026:09:52:50 +0200] "GET /learning/file/document/1579607492.pdf.sorry HTTP/1.1" 200 23697 "-" "Mozilla/5.0 (compatible; MJ12bot/v1.4.8; http://mj12bot.com/)"
57.141.20.68 - - [05/May/2026:09:52:50 +0200] "GET /shopdetail/6086880 HTTP/1.1" 200 23697 "-" "meta-externalagent/1.1 (+https://developers.facebook.com/docs/sharing/webmasters/crawler)"
57.141.20.65 - - [05/May/2026:09:52:51 +0200] "GET /shopdetail/29019524 HTTP/1.1" 200 23697 "-" "meta-externalagent/1.1 (+https://developers.facebook.com/docs/sharing/webmasters/crawler)"
217.182.195.126 - - [05/May/2026:09:52:51 +0200] "GET /learning/file/document/1579607636.pdf.sorry HTTP/1.1" 200 23697 "-" "Mozilla/5.0 (compatible; MJ12bot/v1.4.8; http://mj12bot.com/)"
216.73.216.211 - - [05/May/2026:09:52:52 +0200] "GET /missmandarine.ch/learning/old/plugin/hello_world/install.php.sorry HTTP/1.1" 200 23697 "-" "Mozilla/5.0 AppleWebKit/537.36 (KHTML, like Gecko; compatible; ClaudeBot/1.0; +claudebot@anthropic.com)"
217.182.195.126 - - [05/May/2026:09:52:53 +0200] "GET /learning/file/document/1579608224.pdf.sorry HTTP/1.1" 200 23697 "-" "Mozilla/5.0 (compatible; MJ12bot/v1.4.8; http://mj12bot.com/)"
217.182.195.126 - - [05/May/2026:09:52:54 +0200] "GET /learning/file/document/1581084910.pdf.sorry HTTP/1.1" 200 23697 "-" "Mozilla/5.0 (compatible; MJ12bot/v1.4.8; http://mj12bot.com/)"
217.182.195.126 - - [05/May/2026:09:52:56 +0200] "GET /learning/file/document/1581496046.pdf.sorry HTTP/1.1" 200 23697 "-" "Mozilla/5.0 (compatible; MJ12bot/v1.4.8; http://mj12bot.com/)"
216.73.216.211 - - [05/May/2026:09:52:57 +0200] "GET /missmandarine.ch/learning/old/plugin/add_cas_login_button/plugin.php.sorry HTTP/1.1" 200 23697 "-" "Mozilla/5.0 AppleWebKit/537.36 (KHTML, like Gecko; compatible; ClaudeBot/1.0; +claudebot@anthropic.com)"
217.182.195.126 - - [05/May/2026:09:52:58 +0200] "GET /learning/file/document/1581496217.pdf.sorry HTTP/1.1" 200 23697 "-" "Mozilla/5.0 (compatible; MJ12bot/v1.4.8; http://mj12bot.com/)"
13.86.97.224 - - [05/May/2026:09:52:58 +0200] "GET / HTTP/1.1" 200 23697 "-" "Mozilla/5.0 (compatible; MSIE 9.0; Windows NT 6.1; Trident/5.0; AppInsights)"
57.141.20.42 - - [05/May/2026:09:53:00 +0200] "GET /shopdetail/5092535 HTTP/1.1" 200 23697 "-" "meta-externalagent/1.1 (+https://developers.facebook.com/docs/sharing/webmasters/crawler)"
217.182.195.126 - - [05/May/2026:09:53:00 +0200] "GET /learning/file/document/1584957347.pdf.sorry HTTP/1.1" 200 23697 "-" "Mozilla/5.0 (compatible; MJ12bot/v1.4.8; http://mj12bot.com/)"
57.141.20.56 - - [05/May/2026:09:53:00 +0200] "GET /shopdetail/2317102 HTTP/1.1" 200 23697 "-" "meta-externalagent/1.1 (+https://developers.facebook.com/docs/sharing/webmasters/crawler)"
57.141.20.3 - - [05/May/2026:09:53:00 +0200] "GET /shopdetail/12211124 HTTP/1.1" 200 23697 "-" "meta-externalagent/1.1 (+https://developers.facebook.com/docs/sharing/webmasters/crawler)"
57.141.20.35 - - [05/May/2026:09:53:01 +0200] "GET /shopdetail/9550068 HTTP/1.1" 200 23697 "-" "meta-externalagent/1.1 (+https://developers.facebook.com/docs/sharing/webmasters/crawler)"
217.182.195.126 - - [05/May/2026:09:53:01 +0200] "GET /learning/file/document/1586864320.pdf.sorry HTTP/1.1" 200 23697 "-" "Mozilla/5.0 (compatible; MJ12bot/v1.4.8; http://mj12bot.com/)"
216.73.216.211 - - [05/May/2026:09:53:02 +0200] "GET /missmandarine.ch/learning/old/main/admin/filler.php.sorry HTTP/1.1" 200 23697 "-" "Mozilla/5.0 AppleWebKit/537.36 (KHTML, like Gecko; compatible; ClaudeBot/1.0; +claudebot@anthropic.com)"
217.182.195.126 - - [05/May/2026:09:53:03 +0200] "GET /learning/file/document/?C=D;O=A HTTP/1.1" 200 8511 "-" "Mozilla/5.0 (compatible; MJ12bot/v1.4.8; http://mj12bot.com/)"
217.182.195.126 - - [05/May/2026:09:53:04 +0200] "GET /learning/file/document/?C=M;O=A HTTP/1.1" 200 8511 "-" "Mozilla/5.0 (compatible; MJ12bot/v1.4.8; http://mj12bot.com/)"
217.182.195.126 - - [05/May/2026:09:53:06 +0200] "GET /learning/file/document/?C=N;O=D HTTP/1.1" 200 8511 "-" "Mozilla/5.0 (compatible; MJ12bot/v1.4.8; http://mj12bot.com/)"
216.73.216.211 - - [05/May/2026:09:53:07 +0200] "GET /missmandarine.ch/js/tinymce/plugins/emoticons/ HTTP/1.1" 200 1104 "-" "Mozilla/5.0 AppleWebKit/537.36 (KHTML, like Gecko; compatible; ClaudeBot/1.0; +claudebot@anthropic.com)"
217.182.195.126 - - [05/May/2026:09:53:08 +0200] "GET /learning/file/document/?C=S;O=A HTTP/1.1" 200 8511 "-" "Mozilla/5.0 (compatible; MJ12bot/v1.4.8; http://mj12bot.com/)"
217.182.195.126 - - [05/May/2026:09:53:09 +0200] "GET /learning/img/?C=D;O=D HTTP/1.1" 200 3661 "-" "Mozilla/5.0 (compatible; MJ12bot/v1.4.8; http://mj12bot.com/)"
57.141.20.60 - - [05/May/2026:09:53:09 +0200] "GET /shopdetail/23606235 HTTP/1.1" 200 23697 "-" "meta-externalagent/1.1 (+https://developers.facebook.com/docs/sharing/webmasters/crawler)"
217.182.195.126 - - [05/May/2026:09:53:10 +0200] "GET /learning/img/?C=M;O=D HTTP/1.1" 200 3661 "-" "Mozilla/5.0 (compatible; MJ12bot/v1.4.8; http://mj12bot.com/)"
217.182.195.126 - - [05/May/2026:09:53:12 +0200] "GET /learning/img/?C=S;O=D HTTP/1.1" 200 3661 "-" "Mozilla/5.0 (compatible; MJ12bot/v1.4.8; http://mj12bot.com/)"
216.73.216.211 - - [05/May/2026:09:53:12 +0200] "GET /missmandarine.ch/learning/old/main/css/print.css.sorry HTTP/1.1" 200 23697 "-" "Mozilla/5.0 AppleWebKit/537.36 (KHTML, like Gecko; compatible; ClaudeBot/1.0; +claudebot@anthropic.com)"
217.182.195.126 - - [05/May/2026:09:53:13 +0200] "GET /learning/old/?C=D;O=D HTTP/1.1" 500 - "-" "Mozilla/5.0 (compatible; MJ12bot/v1.4.8; http://mj12bot.com/)"
217.182.195.126 - - [05/May/2026:09:53:15 +0200] "GET /learning/old/?C=M;O=D HTTP/1.1" 500 - "-" "Mozilla/5.0 (compatible; MJ12bot/v1.4.8; http://mj12bot.com/)"
57.141.20.60 - - [05/May/2026:09:53:15 +0200] "GET /shopdetail/26338324 HTTP/1.1" 200 23697 "-" "meta-externalagent/1.1 (+https://developers.facebook.com/docs/sharing/webmasters/crawler)"
74.7.227.25 - - [05/May/2026:09:53:15 +0200] "GET /learning/ALFA_DATA/alfasymlink/root/sys/devices/pci0000:00/firmware_node/device:ad/wakeup/wakeup14/subsystem/wakeup39/max_time_ms HTTP/1.1" 200 4096 "https://missmandarine.com/learning/ALFA_DATA/alfasymlink/root/sys/devices/pci0000:00/firmware_node/device:ad/wakeup/wakeup14/subsystem/wakeup39/" "Mozilla/5.0 AppleWebKit/537.36 (KHTML, like Gecko; compatible; GPTBot/1.3; +https://openai.com/gptbot)"
57.141.20.34 - - [05/May/2026:09:53:16 +0200] "GET /shopdetail/25487524 HTTP/1.1" 200 23697 "-" "meta-externalagent/1.1 (+https://developers.facebook.com/docs/sharing/webmasters/crawler)"
57.141.20.53 - - [05/May/2026:09:53:16 +0200] "GET /shopdetail/24653157 HTTP/1.1" 200 23697 "-" "meta-externalagent/1.1 (+https://developers.facebook.com/docs/sharing/webmasters/crawler)"
57.141.20.52 - - [05/May/2026:09:53:16 +0200] "GET /shopdetail/14073002 HTTP/1.1" 200 23697 "-" "meta-externalagent/1.1 (+https://developers.facebook.com/docs/sharing/webmasters/crawler)"
217.182.195.126 - - [05/May/2026:09:53:16 +0200] "GET /learning/old/?C=S;O=D HTTP/1.1" 500 - "-" "Mozilla/5.0 (compatible; MJ12bot/v1.4.8; http://mj12bot.com/)"
57.141.20.70 - - [05/May/2026:09:53:16 +0200] "GET /shopdetail/1212446 HTTP/1.1" 200 23697 "-" "meta-externalagent/1.1 (+https://developers.facebook.com/docs/sharing/webmasters/crawler)"
57.141.20.18 - - [05/May/2026:09:53:17 +0200] "GET /shopdetail/22731791 HTTP/1.1" 200 23697 "-" "meta-externalagent/1.1 (+https://developers.facebook.com/docs/sharing/webmasters/crawler)"
217.182.195.126 - - [05/May/2026:09:53:18 +0200] "GET /learning/old/courses/?C=D;O=A HTTP/1.1" 200 45 "-" "Mozilla/5.0 (compatible; MJ12bot/v1.4.8; http://mj12bot.com/)"
217.182.195.126 - - [05/May/2026:09:53:19 +0200] "GET /learning/old/courses/?C=M;O=A HTTP/1.1" 200 45 "-" "Mozilla/5.0 (compatible; MJ12bot/v1.4.8; http://mj12bot.com/)"
57.141.20.7 - - [05/May/2026:09:53:24 +0200] "GET /shopdetail/23361435 HTTP/1.1" 200 23697 "-" "meta-externalagent/1.1 (+https://developers.facebook.com/docs/sharing/webmasters/crawler)"
57.141.20.70 - - [05/May/2026:09:53:34 +0200] "GET /shopdetail/9413113 HTTP/1.1" 200 23697 "-" "meta-externalagent/1.1 (+https://developers.facebook.com/docs/sharing/webmasters/crawler)"
57.141.20.67 - - [05/May/2026:09:53:34 +0200] "GET /shopdetail/20651813 HTTP/1.1" 200 23697 "-" "meta-externalagent/1.1 (+https://developers.facebook.com/docs/sharing/webmasters/crawler)"
20.40.129.96 - - [05/May/2026:09:53:35 +0200] "GET / HTTP/1.1" 200 23697 "-" "Mozilla/5.0 (compatible; MSIE 9.0; Windows NT 6.1; Trident/5.0; AppInsights)"
57.141.20.54 - - [05/May/2026:09:53:35 +0200] "GET /shopdetail/29680002 HTTP/1.1" 200 23697 "-" "meta-externalagent/1.1 (+https://developers.facebook.com/docs/sharing/webmasters/crawler)"
57.141.20.2 - - [05/May/2026:09:53:35 +0200] "GET /shopdetail/19575013 HTTP/1.1" 200 23697 "-" "meta-externalagent/1.1 (+https://developers.facebook.com/docs/sharing/webmasters/crawler)"
57.141.20.70 - - [05/May/2026:09:53:35 +0200] "GET /shopdetail/23238402 HTTP/1.1" 200 23697 "-" "meta-externalagent/1.1 (+https://developers.facebook.com/docs/sharing/webmasters/crawler)"
57.141.20.13 - - [05/May/2026:09:53:36 +0200] "GET /shopdetail/18296524 HTTP/1.1" 200 23697 "-" "meta-externalagent/1.1 (+https://developers.facebook.com/docs/sharing/webmasters/crawler)"
216.73.216.211 - - [05/May/2026:09:53:37 +0200] "GET /missmandarine.ch/learning/admin/forum/addMandarine.php.sorry HTTP/1.1" 200 23697 "-" "Mozilla/5.0 AppleWebKit/537.36 (KHTML, like Gecko; compatible; ClaudeBot/1.0; +claudebot@anthropic.com)"
216.73.216.211 - - [05/May/2026:09:53:43 +0200] "GET /missmandarine.ch/learning/old/main/dropbox/dropbox_init.inc.php.sorry HTTP/1.1" 200 23697 "-" "Mozilla/5.0 AppleWebKit/537.36 (KHTML, like Gecko; compatible; ClaudeBot/1.0; +claudebot@anthropic.com)"
57.141.20.25 - - [05/May/2026:09:53:44 +0200] "GET /shopdetail/5760591 HTTP/1.1" 200 23697 "-" "meta-externalagent/1.1 (+https://developers.facebook.com/docs/sharing/webmasters/crawler)"
216.73.216.211 - - [05/May/2026:09:53:48 +0200] "GET /missmandarine.ch/admin/page/publicationTemoignage.php.sorry HTTP/1.1" 200 23697 "-" "Mozilla/5.0 AppleWebKit/537.36 (KHTML, like Gecko; compatible; ClaudeBot/1.0; +claudebot@anthropic.com)"
57.141.20.26 - - [05/May/2026:09:53:50 +0200] "GET /shopdetail/20344035 HTTP/1.1" 200 23697 "-" "meta-externalagent/1.1 (+https://developers.facebook.com/docs/sharing/webmasters/crawler)"
57.141.20.8 - - [05/May/2026:09:53:50 +0200] "GET /shopdetail/22024768 HTTP/1.1" 200 23697 "-" "meta-externalagent/1.1 (+https://developers.facebook.com/docs/sharing/webmasters/crawler)"
57.141.20.17 - - [05/May/2026:09:53:50 +0200] "GET /shopdetail/15246524 HTTP/1.1" 200 23697 "-" "meta-externalagent/1.1 (+https://developers.facebook.com/docs/sharing/webmasters/crawler)"
216.73.216.211 - - [05/May/2026:09:53:53 +0200] "GET /missmandarine.ch/learning/old/main/exercice/hotspot.class.php.sorry HTTP/1.1" 200 23697 "-" "Mozilla/5.0 AppleWebKit/537.36 (KHTML, like Gecko; compatible; ClaudeBot/1.0; +claudebot@anthropic.com)"
216.73.216.211 - - [05/May/2026:09:53:58 +0200] "GET /missmandarine.ch/learning/old/main/plugin/hotspot/com/ HTTP/1.1" 200 960 "-" "Mozilla/5.0 AppleWebKit/537.36 (KHTML, like Gecko; compatible; ClaudeBot/1.0; +claudebot@anthropic.com)"
57.141.20.27 - - [05/May/2026:09:54:00 +0200] "GET /shopdetail/23236191 HTTP/1.1" 200 23697 "-" "meta-externalagent/1.1 (+https://developers.facebook.com/docs/sharing/webmasters/crawler)"
216.73.216.211 - - [05/May/2026:09:54:03 +0200] "GET /missmandarine.ch/vendor/composer/autoload_psr4.php.sorry HTTP/1.1" 200 23697 "-" "Mozilla/5.0 AppleWebKit/537.36 (KHTML, like Gecko; compatible; ClaudeBot/1.0; +claudebot@anthropic.com)"
216.73.216.211 - - [05/May/2026:09:54:08 +0200] "GET /missmandarine.ch/learning/old/main/default_course_document/certificates/ HTTP/1.1" 200 2157 "-" "Mozilla/5.0 AppleWebKit/537.36 (KHTML, like Gecko; compatible; ClaudeBot/1.0; +claudebot@anthropic.com)"
57.141.20.44 - - [05/May/2026:09:54:09 +0200] "GET /shopdetail/29509880 HTTP/1.1" 200 23697 "-" "meta-externalagent/1.1 (+https://developers.facebook.com/docs/sharing/webmasters/crawler)"
57.141.20.2 - - [05/May/2026:09:54:09 +0200] "GET /shopdetail/23017157 HTTP/1.1" 200 23697 "-" "meta-externalagent/1.1 (+https://developers.facebook.com/docs/sharing/webmasters/crawler)"
57.141.20.71 - - [05/May/2026:09:54:10 +0200] "GET /shopdetail/3435402 HTTP/1.1" 200 23697 "-" "meta-externalagent/1.1 (+https://developers.facebook.com/docs/sharing/webmasters/crawler)"
57.141.20.56 - - [05/May/2026:09:54:10 +0200] "GET /shopdetail/20323146 HTTP/1.1" 200 23697 "-" "meta-externalagent/1.1 (+https://developers.facebook.com/docs/sharing/webmasters/crawler)"
216.73.216.211 - - [05/May/2026:09:54:13 +0200] "GET /missmandarine.ch/learning/old/main/gradebook/index.php.sorry HTTP/1.1" 200 23697 "-" "Mozilla/5.0 AppleWebKit/537.36 (KHTML, like Gecko; compatible; ClaudeBot/1.0; +claudebot@anthropic.com)"
74.7.227.25 - - [05/May/2026:09:54:17 +0200] "GET /learning/ALFA_DATA/alfasymlink/root/sys/devices/pci0000:00/firmware_node/device:ad/wakeup/wakeup14/subsystem/wakeup22/max_time_ms HTTP/1.1" 200 4096 "https://missmandarine.com/learning/ALFA_DATA/alfasymlink/root/sys/devices/pci0000:00/firmware_node/device:ad/wakeup/wakeup14/subsystem/wakeup22/" "Mozilla/5.0 AppleWebKit/537.36 (KHTML, like Gecko; compatible; GPTBot/1.3; +https://openai.com/gptbot)"
216.73.216.211 - - [05/May/2026:09:54:18 +0200] "GET /missmandarine.ch/learning/old/main/newscorm/embed.php.sorry HTTP/1.1" 200 23697 "-" "Mozilla/5.0 AppleWebKit/537.36 (KHTML, like Gecko; compatible; ClaudeBot/1.0; +claudebot@anthropic.com)"
57.141.20.70 - - [05/May/2026:09:54:19 +0200] "GET /shopdetail/11844191 HTTP/1.1" 200 23697 "-" "meta-externalagent/1.1 (+https://developers.facebook.com/docs/sharing/webmasters/crawler)"
20.2.17.10 - - [05/May/2026:09:54:22 +0200] "GET /xleet.php HTTP/1.1" 200 23697 "-" "Mozilla/5.0 (Windows NT 10.0; Win64; x64) AppleWebKit/537.36 (KHTML, like Gecko) Chrome/120.0.0.0 Safari/537.36"
216.73.216.211 - - [05/May/2026:09:54:23 +0200] "GET /missmandarine.ch/admin/script/?C=S&O=D HTTP/1.1" 200 879 "-" "Mozilla/5.0 AppleWebKit/537.36 (KHTML, like Gecko; compatible; ClaudeBot/1.0; +claudebot@anthropic.com)"
20.2.17.10 - - [05/May/2026:09:54:23 +0200] "GET /xmrlpc.php HTTP/1.1" 200 23697 "-" "Mozilla/5.0 (Windows NT 10.0; Win64; x64) AppleWebKit/537.36 (KHTML, like Gecko) Chrome/120.0.0.0 Safari/537.36"
20.2.17.10 - - [05/May/2026:09:54:23 +0200] "GET /1.php HTTP/1.1" 200 23697 "-" "Mozilla/5.0 (Windows NT 10.0; Win64; x64) AppleWebKit/537.36 (KHTML, like Gecko) Chrome/120.0.0.0 Safari/537.36"
20.2.17.10 - - [05/May/2026:09:54:23 +0200] "GET /2.php HTTP/1.1" 200 23697 "-" "Mozilla/5.0 (Windows NT 10.0; Win64; x64) AppleWebKit/537.36 (KHTML, like Gecko) Chrome/120.0.0.0 Safari/537.36"
20.2.17.10 - - [05/May/2026:09:54:23 +0200] "GET /a.php HTTP/1.1" 200 23697 "-" "Mozilla/5.0 (Windows NT 10.0; Win64; x64) AppleWebKit/537.36 (KHTML, like Gecko) Chrome/120.0.0.0 Safari/537.36"
20.2.17.10 - - [05/May/2026:09:54:24 +0200] "GET /aa.php HTTP/1.1" 200 23697 "-" "Mozilla/5.0 (Windows NT 10.0; Win64; x64) AppleWebKit/537.36 (KHTML, like Gecko) Chrome/120.0.0.0 Safari/537.36"
20.2.17.10 - - [05/May/2026:09:54:24 +0200] "GET /aaa.php HTTP/1.1" 200 23697 "-" "Mozilla/5.0 (Windows NT 10.0; Win64; x64) AppleWebKit/537.36 (KHTML, like Gecko) Chrome/120.0.0.0 Safari/537.36"
20.2.17.10 - - [05/May/2026:09:54:24 +0200] "GET /abcd.php HTTP/1.1" 200 23697 "-" "Mozilla/5.0 (Windows NT 10.0; Win64; x64) AppleWebKit/537.36 (KHTML, like Gecko) Chrome/120.0.0.0 Safari/537.36"
20.2.17.10 - - [05/May/2026:09:54:24 +0200] "GET /about.php HTTP/1.1" 200 23697 "-" "Mozilla/5.0 (Windows NT 10.0; Win64; x64) AppleWebKit/537.36 (KHTML, like Gecko) Chrome/120.0.0.0 Safari/537.36"
20.2.17.10 - - [05/May/2026:09:54:25 +0200] "GET /admin.php HTTP/1.1" 200 23697 "-" "Mozilla/5.0 (Windows NT 10.0; Win64; x64) AppleWebKit/537.36 (KHTML, like Gecko) Chrome/120.0.0.0 Safari/537.36"
20.2.17.10 - - [05/May/2026:09:54:25 +0200] "GET /admin/controller/extension/ HTTP/1.1" 200 23697 "-" "Mozilla/5.0 (Windows NT 10.0; Win64; x64) AppleWebKit/537.36 (KHTML, like Gecko) Chrome/120.0.0.0 Safari/537.36"
20.2.17.10 - - [05/May/2026:09:54:25 +0200] "GET /adminfuns.php HTTP/1.1" 200 23697 "-" "Mozilla/5.0 (Windows NT 10.0; Win64; x64) AppleWebKit/537.36 (KHTML, like Gecko) Chrome/120.0.0.0 Safari/537.36"
20.2.17.10 - - [05/May/2026:09:54:26 +0200] "GET /alfa.php HTTP/1.1" 200 23697 "-" "Mozilla/5.0 (Windows NT 10.0; Win64; x64) AppleWebKit/537.36 (KHTML, like Gecko) Chrome/120.0.0.0 Safari/537.36"
20.2.17.10 - - [05/May/2026:09:54:26 +0200] "GET /anonse/lock360.php HTTP/1.1" 200 23697 "-" "Mozilla/5.0 (Windows NT 10.0; Win64; x64) AppleWebKit/537.36 (KHTML, like Gecko) Chrome/120.0.0.0 Safari/537.36"
20.2.17.10 - - [05/May/2026:09:54:26 +0200] "GET /archive.php HTTP/1.1" 200 23697 "-" "Mozilla/5.0 (Windows NT 10.0; Win64; x64) AppleWebKit/537.36 (KHTML, like Gecko) Chrome/120.0.0.0 Safari/537.36"
20.2.17.10 - - [05/May/2026:09:54:26 +0200] "GET /atomlib.php HTTP/1.1" 200 23697 "-" "Mozilla/5.0 (Windows NT 10.0; Win64; x64) AppleWebKit/537.36 (KHTML, like Gecko) Chrome/120.0.0.0 Safari/537.36"
20.2.17.10 - - [05/May/2026:09:54:27 +0200] "GET /autoload_classmap.php HTTP/1.1" 200 23697 "-" "Mozilla/5.0 (Windows NT 10.0; Win64; x64) AppleWebKit/537.36 (KHTML, like Gecko) Chrome/120.0.0.0 Safari/537.36"
20.2.17.10 - - [05/May/2026:09:54:27 +0200] "GET /chosen.php HTTP/1.1" 200 23697 "-" "Mozilla/5.0 (Windows NT 10.0; Win64; x64) AppleWebKit/537.36 (KHTML, like Gecko) Chrome/120.0.0.0 Safari/537.36"
20.2.17.10 - - [05/May/2026:09:54:27 +0200] "GET /config.php HTTP/1.1" 200 23697 "-" "Mozilla/5.0 (Windows NT 10.0; Win64; x64) AppleWebKit/537.36 (KHTML, like Gecko) Chrome/120.0.0.0 Safari/537.36"
20.2.17.10 - - [05/May/2026:09:54:27 +0200] "GET /cookie.php HTTP/1.1" 200 23697 "-" "Mozilla/5.0 (Windows NT 10.0; Win64; x64) AppleWebKit/537.36 (KHTML, like Gecko) Chrome/120.0.0.0 Safari/537.36"
216.73.216.211 - - [05/May/2026:09:54:28 +0200] "GET /missmandarine.ch/learning/img/utilisateur/tmp/ HTTP/1.1" 200 2213 "-" "Mozilla/5.0 AppleWebKit/537.36 (KHTML, like Gecko; compatible; ClaudeBot/1.0; +claudebot@anthropic.com)"
20.2.17.10 - - [05/May/2026:09:54:28 +0200] "GET /core.php HTTP/1.1" 200 23697 "-" "Mozilla/5.0 (Windows NT 10.0; Win64; x64) AppleWebKit/537.36 (KHTML, like Gecko) Chrome/120.0.0.0 Safari/537.36"
20.2.17.10 - - [05/May/2026:09:54:28 +0200] "GET /css/index.php HTTP/1.1" 200 23697 "-" "Mozilla/5.0 (Windows NT 10.0; Win64; x64) AppleWebKit/537.36 (KHTML, like Gecko) Chrome/120.0.0.0 Safari/537.36"
20.2.17.10 - - [05/May/2026:09:54:28 +0200] "GET /default.php HTTP/1.1" 200 23697 "-" "Mozilla/5.0 (Windows NT 10.0; Win64; x64) AppleWebKit/537.36 (KHTML, like Gecko) Chrome/120.0.0.0 Safari/537.36"
57.141.20.63 - - [05/May/2026:09:54:28 +0200] "GET /shopdetail/21283191 HTTP/1.1" 200 23697 "-" "meta-externalagent/1.1 (+https://developers.facebook.com/docs/sharing/webmasters/crawler)"
20.2.17.10 - - [05/May/2026:09:54:28 +0200] "GET /defaults.php HTTP/1.1" 200 23697 "-" "Mozilla/5.0 (Windows NT 10.0; Win64; x64) AppleWebKit/537.36 (KHTML, like Gecko) Chrome/120.0.0.0 Safari/537.36"
57.141.20.39 - - [05/May/2026:09:54:28 +0200] "GET /shopdetail/29653668 HTTP/1.1" 200 23697 "-" "meta-externalagent/1.1 (+https://developers.facebook.com/docs/sharing/webmasters/crawler)"
20.2.17.10 - - [05/May/2026:09:54:29 +0200] "GET /dropdown.php HTTP/1.1" 200 23697 "-" "Mozilla/5.0 (Windows NT 10.0; Win64; x64) AppleWebKit/537.36 (KHTML, like Gecko) Chrome/120.0.0.0 Safari/537.36"
57.141.20.30 - - [05/May/2026:09:54:29 +0200] "GET /shopdetail/9955157 HTTP/1.1" 200 23697 "-" "meta-externalagent/1.1 (+https://developers.facebook.com/docs/sharing/webmasters/crawler)"
20.2.17.10 - - [05/May/2026:09:54:29 +0200] "GET /edit.php HTTP/1.1" 200 23697 "-" "Mozilla/5.0 (Windows NT 10.0; Win64; x64) AppleWebKit/537.36 (KHTML, like Gecko) Chrome/120.0.0.0 Safari/537.36"
20.2.17.10 - - [05/May/2026:09:54:29 +0200] "GET /file.php HTTP/1.1" 200 23697 "-" "Mozilla/5.0 (Windows NT 10.0; Win64; x64) AppleWebKit/537.36 (KHTML, like Gecko) Chrome/120.0.0.0 Safari/537.36"
57.141.20.56 - - [05/May/2026:09:54:30 +0200] "GET /shopdetail/27799168 HTTP/1.1" 200 23697 "-" "meta-externalagent/1.1 (+https://developers.facebook.com/docs/sharing/webmasters/crawler)"
57.141.20.0 - - [05/May/2026:09:54:30 +0200] "GET /shopdetail/19231335 HTTP/1.1" 200 23697 "-" "meta-externalagent/1.1 (+https://developers.facebook.com/docs/sharing/webmasters/crawler)"
57.141.20.10 - - [05/May/2026:09:54:30 +0200] "GET /shopdetail/21498946 HTTP/1.1" 200 23697 "-" "meta-externalagent/1.1 (+https://developers.facebook.com/docs/sharing/webmasters/crawler)"
216.73.216.211 - - [05/May/2026:09:54:33 +0200] "GET /missmandarine.ch/learning/old/main/course_description/resources/js/ HTTP/1.1" 200 996 "-" "Mozilla/5.0 AppleWebKit/537.36 (KHTML, like Gecko; compatible; ClaudeBot/1.0; +claudebot@anthropic.com)"
216.73.216.211 - - [05/May/2026:09:54:38 +0200] "GET /missmandarine.ch/learning/old/main/gradebook/user_info.php.sorry HTTP/1.1" 200 23697 "-" "Mozilla/5.0 AppleWebKit/537.36 (KHTML, like Gecko; compatible; ClaudeBot/1.0; +claudebot@anthropic.com)"
57.141.20.7 - - [05/May/2026:09:54:38 +0200] "GET /shopdetail/28036968 HTTP/1.1" 200 23697 "-" "meta-externalagent/1.1 (+https://developers.facebook.com/docs/sharing/webmasters/crawler)"
216.73.216.211 - - [05/May/2026:09:54:43 +0200] "GET /missmandarine.ch/learning/old/main/admin/resume_session.php.sorry HTTP/1.1" 200 23697 "-" "Mozilla/5.0 AppleWebKit/537.36 (KHTML, like Gecko; compatible; ClaudeBot/1.0; +claudebot@anthropic.com)"
216.73.216.211 - - [05/May/2026:09:54:48 +0200] "GET /js/filemanager/img/up.png.sorry HTTP/1.1" 200 23697 "-" "Mozilla/5.0 AppleWebKit/537.36 (KHTML, like Gecko; compatible; ClaudeBot/1.0; +claudebot@anthropic.com)"
57.141.20.58 - - [05/May/2026:09:54:48 +0200] "GET /shopdetail/9617313 HTTP/1.1" 200 23697 "-" "meta-externalagent/1.1 (+https://developers.facebook.com/docs/sharing/webmasters/crawler)"
57.141.20.4 - - [05/May/2026:09:54:48 +0200] "GET /shopdetail/13807924 HTTP/1.1" 200 23697 "-" "meta-externalagent/1.1 (+https://developers.facebook.com/docs/sharing/webmasters/crawler)"
57.141.20.34 - - [05/May/2026:09:54:49 +0200] "GET /shopdetail/30870957 HTTP/1.1" 200 23697 "-" "meta-externalagent/1.1 (+https://developers.facebook.com/docs/sharing/webmasters/crawler)"
57.141.20.35 - - [05/May/2026:09:54:49 +0200] "GET /shopdetail/22191935 HTTP/1.1" 200 23697 "-" "meta-externalagent/1.1 (+https://developers.facebook.com/docs/sharing/webmasters/crawler)"
57.141.20.49 - - [05/May/2026:09:54:49 +0200] "GET /shopdetail/29559735 HTTP/1.1" 200 23697 "-" "meta-externalagent/1.1 (+https://developers.facebook.com/docs/sharing/webmasters/crawler)"
216.73.216.211 - - [05/May/2026:09:54:53 +0200] "GET /missmandarine.ch/learning/old/courses/CAS6341/document/learning_path/ HTTP/1.1" 200 1388 "-" "Mozilla/5.0 AppleWebKit/537.36 (KHTML, like Gecko; compatible; ClaudeBot/1.0; +claudebot@anthropic.com)"
216.73.216.211 - - [05/May/2026:09:54:58 +0200] "GET /missmandarine.ch/learning/old/main/template/experimental/ HTTP/1.1" 200 956 "-" "Mozilla/5.0 AppleWebKit/537.36 (KHTML, like Gecko; compatible; ClaudeBot/1.0; +claudebot@anthropic.com)"
216.73.216.211 - - [05/May/2026:09:55:03 +0200] "GET /missmandarine.ch/learning/old/main/css/chamilo/print.css.sorry HTTP/1.1" 200 23697 "-" "Mozilla/5.0 AppleWebKit/537.36 (KHTML, like Gecko; compatible; ClaudeBot/1.0; +claudebot@anthropic.com)"
57.141.20.3 - - [05/May/2026:09:55:06 +0200] "GET /shopdetail/2267124 HTTP/1.1" 200 23697 "-" "meta-externalagent/1.1 (+https://developers.facebook.com/docs/sharing/webmasters/crawler)"
57.141.20.54 - - [05/May/2026:09:55:06 +0200] "GET /shopdetail/11869180 HTTP/1.1" 200 23697 "-" "meta-externalagent/1.1 (+https://developers.facebook.com/docs/sharing/webmasters/crawler)"
216.73.216.211 - - [05/May/2026:09:55:08 +0200] "GET /missmandarine.ch/learning/old/main/admin/session_category_list.php.sorry HTTP/1.1" 200 23697 "-" "Mozilla/5.0 AppleWebKit/537.36 (KHTML, like Gecko; compatible; ClaudeBot/1.0; +claudebot@anthropic.com)"
216.73.216.211 - - [05/May/2026:09:55:13 +0200] "GET /missmandarine.ch/learning/old/courses/MO2/document/ HTTP/1.1" 200 139 "-" "Mozilla/5.0 AppleWebKit/537.36 (KHTML, like Gecko; compatible; ClaudeBot/1.0; +claudebot@anthropic.com)"
57.141.20.47 - - [05/May/2026:09:55:14 +0200] "GET /shopdetail/1372135 HTTP/1.1" 200 23697 "-" "meta-externalagent/1.1 (+https://developers.facebook.com/docs/sharing/webmasters/crawler)"
216.73.216.211 - - [05/May/2026:09:55:18 +0200] "GET /img-old/comite/?C=M&O=A HTTP/1.1" 200 1014 "-" "Mozilla/5.0 AppleWebKit/537.36 (KHTML, like Gecko; compatible; ClaudeBot/1.0; +claudebot@anthropic.com)"
74.7.227.25 - - [05/May/2026:09:55:18 +0200] "GET /learning/ALFA_DATA/alfasymlink/root/sys/devices/pci0000:00/firmware_node/device:ad/wakeup/wakeup14/subsystem/wakeup23/total_time_ms HTTP/1.1" 200 4096 "https://missmandarine.com/learning/ALFA_DATA/alfasymlink/root/sys/devices/pci0000:00/firmware_node/device:ad/wakeup/wakeup14/subsystem/wakeup23/" "Mozilla/5.0 AppleWebKit/537.36 (KHTML, like Gecko; compatible; GPTBot/1.3; +https://openai.com/gptbot)"
57.141.20.53 - - [05/May/2026:09:55:20 +0200] "GET /shopdetail/2421435 HTTP/1.1" 200 23697 "-" "meta-externalagent/1.1 (+https://developers.facebook.com/docs/sharing/webmasters/crawler)"
57.141.20.10 - - [05/May/2026:09:55:20 +0200] "GET /shopdetail/6786146 HTTP/1.1" 200 23697 "-" "meta-externalagent/1.1 (+https://developers.facebook.com/docs/sharing/webmasters/crawler)"
57.141.20.2 - - [05/May/2026:09:55:21 +0200] "GET /shopdetail/20012079 HTTP/1.1" 200 23697 "-" "meta-externalagent/1.1 (+https://developers.facebook.com/docs/sharing/webmasters/crawler)"
52.140.232.160 - - [05/May/2026:09:55:21 +0200] "GET / HTTP/1.1" 200 23697 "-" "Mozilla/5.0 (compatible; MSIE 9.0; Windows NT 6.1; Trident/5.0; AppInsights)"
216.73.216.211 - - [05/May/2026:09:55:23 +0200] "GET /missmandarine.ch/learning/old/main/reservation/ HTTP/1.1" 200 109 "-" "Mozilla/5.0 AppleWebKit/537.36 (KHTML, like Gecko; compatible; ClaudeBot/1.0; +claudebot@anthropic.com)"
216.73.216.211 - - [05/May/2026:09:55:28 +0200] "GET /missmandarine.ch/learning/old/main/document/showinframes.php.sorry HTTP/1.1" 200 23697 "-" "Mozilla/5.0 AppleWebKit/537.36 (KHTML, like Gecko; compatible; ClaudeBot/1.0; +claudebot@anthropic.com)"
57.141.20.58 - - [05/May/2026:09:55:29 +0200] "GET /shopdetail/19523791 HTTP/1.1" 200 23697 "-" "meta-externalagent/1.1 (+https://developers.facebook.com/docs/sharing/webmasters/crawler)"
216.73.216.211 - - [05/May/2026:09:55:33 +0200] "GET /vendor/gregwar/captcha/demo/demo.php.sorry HTTP/1.1" 200 23697 "-" "Mozilla/5.0 AppleWebKit/537.36 (KHTML, like Gecko; compatible; ClaudeBot/1.0; +claudebot@anthropic.com)"
216.73.216.211 - - [05/May/2026:09:55:38 +0200] "GET /img/slider/tmp/?C=D&O=D HTTP/1.1" 200 3423 "-" "Mozilla/5.0 AppleWebKit/537.36 (KHTML, like Gecko; compatible; ClaudeBot/1.0; +claudebot@anthropic.com)"
216.73.216.211 - - [05/May/2026:09:55:43 +0200] "GET /missmandarine.ch/learning/old/main/exercice/question_admin.inc.php.sorry HTTP/1.1" 200 23697 "-" "Mozilla/5.0 AppleWebKit/537.36 (KHTML, like Gecko; compatible; ClaudeBot/1.0; +claudebot@anthropic.com)"
216.73.216.211 - - [05/May/2026:09:55:48 +0200] "GET /img/slider/tmp/?C=M&O=D HTTP/1.1" 200 3423 "-" "Mozilla/5.0 AppleWebKit/537.36 (KHTML, like Gecko; compatible; ClaudeBot/1.0; +claudebot@anthropic.com)"
57.141.20.28 - - [05/May/2026:09:55:49 +0200] "GET /shopdetail/23953602 HTTP/1.1" 200 23697 "-" "meta-externalagent/1.1 (+https://developers.facebook.com/docs/sharing/webmasters/crawler)"
216.73.216.211 - - [05/May/2026:09:55:53 +0200] "GET /learning/old/main/default_course_document/images/small/08.png.sorry HTTP/1.1" 200 23697 "-" "Mozilla/5.0 AppleWebKit/537.36 (KHTML, like Gecko; compatible; ClaudeBot/1.0; +claudebot@anthropic.com)"
216.73.216.211 - - [05/May/2026:09:55:58 +0200] "GET /learning/old/main/default_course_document/images/small/03.png.sorry HTTP/1.1" 200 23697 "-" "Mozilla/5.0 AppleWebKit/537.36 (KHTML, like Gecko; compatible; ClaudeBot/1.0; +claudebot@anthropic.com)"
57.141.20.16 - - [05/May/2026:09:55:58 +0200] "GET /shopdetail/7711335 HTTP/1.1" 200 23697 "-" "meta-externalagent/1.1 (+https://developers.facebook.com/docs/sharing/webmasters/crawler)"
57.141.20.14 - - [05/May/2026:09:55:59 +0200] "GET /shopdetail/7488824 HTTP/1.1" 200 23697 "-" "meta-externalagent/1.1 (+https://developers.facebook.com/docs/sharing/webmasters/crawler)"
57.141.20.52 - - [05/May/2026:09:55:59 +0200] "GET /shopdetail/21405291 HTTP/1.1" 200 23697 "-" "meta-externalagent/1.1 (+https://developers.facebook.com/docs/sharing/webmasters/crawler)"
57.141.20.49 - - [05/May/2026:09:56:00 +0200] "GET /shopdetail/29804535 HTTP/1.1" 200 23697 "-" "meta-externalagent/1.1 (+https://developers.facebook.com/docs/sharing/webmasters/crawler)"
57.141.20.64 - - [05/May/2026:09:56:00 +0200] "GET /shopdetail/18207346 HTTP/1.1" 200 23697 "-" "meta-externalagent/1.1 (+https://developers.facebook.com/docs/sharing/webmasters/crawler)"
57.141.20.44 - - [05/May/2026:09:56:00 +0200] "GET /shopdetail/10693679 HTTP/1.1" 200 23697 "-" "meta-externalagent/1.1 (+https://developers.facebook.com/docs/sharing/webmasters/crawler)"
57.141.20.3 - - [05/May/2026:09:56:00 +0200] "GET /shopdetail/8100791 HTTP/1.1" 200 23697 "-" "meta-externalagent/1.1 (+https://developers.facebook.com/docs/sharing/webmasters/crawler)"
57.141.20.61 - - [05/May/2026:09:56:01 +0200] "GET /shopdetail/7829402 HTTP/1.1" 200 23697 "-" "meta-externalagent/1.1 (+https://developers.facebook.com/docs/sharing/webmasters/crawler)"
20.40.124.176 - - [05/May/2026:09:56:01 +0200] "GET / HTTP/1.1" 200 23697 "-" "Mozilla/5.0 (compatible; MSIE 9.0; Windows NT 6.1; Trident/5.0; AppInsights)"
216.73.216.211 - - [05/May/2026:09:56:03 +0200] "GET /learning/old/main/img/social_group_admin.png.sorry HTTP/1.1" 200 23697 "-" "Mozilla/5.0 AppleWebKit/537.36 (KHTML, like Gecko; compatible; ClaudeBot/1.0; +claudebot@anthropic.com)"
216.73.216.211 - - [05/May/2026:09:56:08 +0200] "GET /missmandarine.ch/learning/old/main/lang/vietnamese/learnpath.inc.php.sorry HTTP/1.1" 200 23697 "-" "Mozilla/5.0 AppleWebKit/537.36 (KHTML, like Gecko; compatible; ClaudeBot/1.0; +claudebot@anthropic.com)"
57.141.20.61 - - [05/May/2026:09:56:08 +0200] "GET /shopdetail/3739057 HTTP/1.1" 200 23697 "-" "meta-externalagent/1.1 (+https://developers.facebook.com/docs/sharing/webmasters/crawler)"
216.73.216.211 - - [05/May/2026:09:56:13 +0200] "GET /learning/old/main/css/fruity_orange/?C=D&O=D HTTP/1.1" 200 2676 "-" "Mozilla/5.0 AppleWebKit/537.36 (KHTML, like Gecko; compatible; ClaudeBot/1.0; +claudebot@anthropic.com)"
57.141.20.69 - - [05/May/2026:09:56:17 +0200] "GET /shopdetail/14047113 HTTP/1.1" 200 23697 "-" "meta-externalagent/1.1 (+https://developers.facebook.com/docs/sharing/webmasters/crawler)"
57.141.20.44 - - [05/May/2026:09:56:18 +0200] "GET /shopdetail/30790913 HTTP/1.1" 200 23697 "-" "meta-externalagent/1.1 (+https://developers.facebook.com/docs/sharing/webmasters/crawler)"
216.73.216.211 - - [05/May/2026:09:56:18 +0200] "GET /missmandarine.ch/learning/old/main/lang/basque/videoconf.inc.php.sorry HTTP/1.1" 200 23697 "-" "Mozilla/5.0 AppleWebKit/537.36 (KHTML, like Gecko; compatible; ClaudeBot/1.0; +claudebot@anthropic.com)"
216.73.216.211 - - [05/May/2026:09:56:23 +0200] "GET /missmandarine.ch/learning/old/plugin/add_shibboleth_login_button/index.php.sorry HTTP/1.1" 200 23697 "-" "Mozilla/5.0 AppleWebKit/537.36 (KHTML, like Gecko; compatible; ClaudeBot/1.0; +claudebot@anthropic.com)"
57.141.20.16 - - [05/May/2026:09:56:23 +0200] "GET /shopdetail/15288002 HTTP/1.1" 200 23697 "-" "meta-externalagent/1.1 (+https://developers.facebook.com/docs/sharing/webmasters/crawler)"
57.141.20.68 - - [05/May/2026:09:56:24 +0200] "GET /shopdetail/18809091 HTTP/1.1" 200 23697 "-" "meta-externalagent/1.1 (+https://developers.facebook.com/docs/sharing/webmasters/crawler)"
57.141.20.8 - - [05/May/2026:09:56:24 +0200] "GET /shopdetail/9305480 HTTP/1.1" 200 23697 "-" "meta-externalagent/1.1 (+https://developers.facebook.com/docs/sharing/webmasters/crawler)"
74.7.227.25 - - [05/May/2026:09:56:24 +0200] "GET /learning/ALFA_DATA/alfasymlink/root/sys/devices/pci0000:00/firmware_node/device:ad/wakeup/wakeup14/subsystem/wakeup24/max_time_ms HTTP/1.1" 200 4096 "https://missmandarine.com/learning/ALFA_DATA/alfasymlink/root/sys/devices/pci0000:00/firmware_node/device:ad/wakeup/wakeup14/subsystem/wakeup24/" "Mozilla/5.0 AppleWebKit/537.36 (KHTML, like Gecko; compatible; GPTBot/1.3; +https://openai.com/gptbot)"
57.141.20.60 - - [05/May/2026:09:56:24 +0200] "GET /shopdetail/2085179 HTTP/1.1" 200 23697 "-" "meta-externalagent/1.1 (+https://developers.facebook.com/docs/sharing/webmasters/crawler)"
51.105.9.128 - - [05/May/2026:09:56:27 +0200] "GET / HTTP/1.1" 200 23697 "-" "Mozilla/5.0 (compatible; MSIE 9.0; Windows NT 6.1; Trident/5.0; AppInsights)"
216.73.216.211 - - [05/May/2026:09:56:29 +0200] "GET /missmandarine.ch/learning/old/main/lang/norwegian/ HTTP/1.1" 200 44 "-" "Mozilla/5.0 AppleWebKit/537.36 (KHTML, like Gecko; compatible; ClaudeBot/1.0; +claudebot@anthropic.com)"
216.73.216.211 - - [05/May/2026:09:56:33 +0200] "GET /learning/old/main/default_course_document/images/small/bookcase.jpg.sorry HTTP/1.1" 200 23697 "-" "Mozilla/5.0 AppleWebKit/537.36 (KHTML, like Gecko; compatible; ClaudeBot/1.0; +claudebot@anthropic.com)"
57.141.20.60 - - [05/May/2026:09:56:33 +0200] "GET /shopdetail/23172580 HTTP/1.1" 200 23697 "-" "meta-externalagent/1.1 (+https://developers.facebook.com/docs/sharing/webmasters/crawler)"
57.141.20.53 - - [05/May/2026:09:56:34 +0200] "GET /shopdetail/22064257 HTTP/1.1" 200 23697 "-" "meta-externalagent/1.1 (+https://developers.facebook.com/docs/sharing/webmasters/crawler)"
216.73.216.211 - - [05/May/2026:09:56:38 +0200] "GET /learning/old/main/auth/cas/lib/?C=S&O=A HTTP/1.1" 200 1059 "-" "Mozilla/5.0 AppleWebKit/537.36 (KHTML, like Gecko; compatible; ClaudeBot/1.0; +claudebot@anthropic.com)"
216.73.216.211 - - [05/May/2026:09:56:43 +0200] "GET /learning/old/main/lang/romanian/?C=M&O=A HTTP/1.1" 200 44 "-" "Mozilla/5.0 AppleWebKit/537.36 (KHTML, like Gecko; compatible; ClaudeBot/1.0; +claudebot@anthropic.com)"
57.141.20.44 - - [05/May/2026:09:56:44 +0200] "GET /shopdetail/19102857 HTTP/1.1" 200 23697 "-" "meta-externalagent/1.1 (+https://developers.facebook.com/docs/sharing/webmasters/crawler)"
216.73.216.211 - - [05/May/2026:09:56:48 +0200] "GET /learning/old/main/cron/user_import/?C=D&O=A HTTP/1.1" 200 1289 "-" "Mozilla/5.0 AppleWebKit/537.36 (KHTML, like Gecko; compatible; ClaudeBot/1.0; +claudebot@anthropic.com)"
216.73.216.211 - - [05/May/2026:09:56:53 +0200] "GET /missmandarine.ch/learning/old/main/lang/danish/scormbuilder.inc.php.sorry HTTP/1.1" 200 23697 "-" "Mozilla/5.0 AppleWebKit/537.36 (KHTML, like Gecko; compatible; ClaudeBot/1.0; +claudebot@anthropic.com)"
57.141.20.45 - - [05/May/2026:09:56:54 +0200] "GET /shopdetail/23057102 HTTP/1.1" 200 23697 "-" "meta-externalagent/1.1 (+https://developers.facebook.com/docs/sharing/webmasters/crawler)"
57.141.20.41 - - [05/May/2026:09:56:55 +0200] "GET /shopdetail/24061802 HTTP/1.1" 200 23697 "-" "meta-externalagent/1.1 (+https://developers.facebook.com/docs/sharing/webmasters/crawler)"
57.141.20.7 - - [05/May/2026:09:56:55 +0200] "GET /shopdetail/7819002 HTTP/1.1" 200 23697 "-" "meta-externalagent/1.1 (+https://developers.facebook.com/docs/sharing/webmasters/crawler)"
216.73.216.211 - - [05/May/2026:09:56:58 +0200] "GET /learning/old/main/css/blue_lagoon/?C=S&O=A HTTP/1.1" 200 2672 "-" "Mozilla/5.0 AppleWebKit/537.36 (KHTML, like Gecko; compatible; ClaudeBot/1.0; +claudebot@anthropic.com)"
57.141.20.54 - - [05/May/2026:09:57:00 +0200] "GET /shopdetail/14619013 HTTP/1.1" 200 23697 "-" "meta-externalagent/1.1 (+https://developers.facebook.com/docs/sharing/webmasters/crawler)"
216.73.216.211 - - [05/May/2026:09:57:03 +0200] "GET /learning/old/main/cron/user_import/?C=M&O=A HTTP/1.1" 200 1289 "-" "Mozilla/5.0 AppleWebKit/537.36 (KHTML, like Gecko; compatible; ClaudeBot/1.0; +claudebot@anthropic.com)"
216.73.216.211 - - [05/May/2026:09:57:08 +0200] "GET /learning/old/main/img/screenshot_search.jpg.sorry HTTP/1.1" 200 23697 "-" "Mozilla/5.0 AppleWebKit/537.36 (KHTML, like Gecko; compatible; ClaudeBot/1.0; +claudebot@anthropic.com)"
57.141.20.8 - - [05/May/2026:09:57:10 +0200] "GET /shopdetail/4577435 HTTP/1.1" 200 23697 "-" "meta-externalagent/1.1 (+https://developers.facebook.com/docs/sharing/webmasters/crawler)"
216.73.216.211 - - [05/May/2026:09:57:13 +0200] "GET /learning/old/plugin/show_regions/?C=S&O=D HTTP/1.1" 500 - "-" "Mozilla/5.0 AppleWebKit/537.36 (KHTML, like Gecko; compatible; ClaudeBot/1.0; +claudebot@anthropic.com)"
216.73.216.211 - - [05/May/2026:09:57:19 +0200] "GET /missmandarine.ch/learning/old/main/lang/czech/ HTTP/1.1" 200 44 "-" "Mozilla/5.0 AppleWebKit/537.36 (KHTML, like Gecko; compatible; ClaudeBot/1.0; +claudebot@anthropic.com)"
57.141.20.64 - - [05/May/2026:09:57:19 +0200] "GET /shopdetail/3251868 HTTP/1.1" 200 23697 "-" "meta-externalagent/1.1 (+https://developers.facebook.com/docs/sharing/webmasters/crawler)"
216.73.216.211 - - [05/May/2026:09:57:23 +0200] "GET /learning/old/main/img/hotspot_na.gif.sorry HTTP/1.1" 200 23697 "-" "Mozilla/5.0 AppleWebKit/537.36 (KHTML, like Gecko; compatible; ClaudeBot/1.0; +claudebot@anthropic.com)"
74.7.227.25 - - [05/May/2026:09:57:28 +0200] "GET /learning/ALFA_DATA/alfasymlink/root/sys/devices/pci0000:00/firmware_node/device:ad/wakeup/wakeup14/subsystem/wakeup38/last_change_ms HTTP/1.1" 200 4096 "https://missmandarine.com/learning/ALFA_DATA/alfasymlink/root/sys/devices/pci0000:00/firmware_node/device:ad/wakeup/wakeup14/subsystem/wakeup38/" "Mozilla/5.0 AppleWebKit/537.36 (KHTML, like Gecko; compatible; GPTBot/1.3; +https://openai.com/gptbot)"
216.73.216.211 - - [05/May/2026:09:57:28 +0200] "GET /learning/old/main/img/hotspot_delineation.gif.sorry HTTP/1.1" 200 23697 "-" "Mozilla/5.0 AppleWebKit/537.36 (KHTML, like Gecko; compatible; ClaudeBot/1.0; +claudebot@anthropic.com)"
57.141.20.20 - - [05/May/2026:09:57:30 +0200] "GET /shopdetail/10168568 HTTP/1.1" 200 23697 "-" "meta-externalagent/1.1 (+https://developers.facebook.com/docs/sharing/webmasters/crawler)"
216.73.216.211 - - [05/May/2026:09:57:33 +0200] "GET /missmandarine.ch/learning/old/main/lang/occitan/ HTTP/1.1" 200 44 "-" "Mozilla/5.0 AppleWebKit/537.36 (KHTML, like Gecko; compatible; ClaudeBot/1.0; +claudebot@anthropic.com)"
216.73.216.211 - - [05/May/2026:09:57:38 +0200] "GET /missmandarine.ch/learning/old/main/lang/vietnamese/work.inc.php.sorry HTTP/1.1" 200 23697 "-" "Mozilla/5.0 AppleWebKit/537.36 (KHTML, like Gecko; compatible; ClaudeBot/1.0; +claudebot@anthropic.com)"
57.141.20.13 - - [05/May/2026:09:57:39 +0200] "GET /shopdetail/2936357 HTTP/1.1" 200 23697 "-" "meta-externalagent/1.1 (+https://developers.facebook.com/docs/sharing/webmasters/crawler)"
57.141.20.58 - - [05/May/2026:09:57:39 +0200] "GET /shopdetail/1885646 HTTP/1.1" 200 23697 "-" "meta-externalagent/1.1 (+https://developers.facebook.com/docs/sharing/webmasters/crawler)"
57.141.20.62 - - [05/May/2026:09:57:39 +0200] "GET /shopdetail/16149924 HTTP/1.1" 200 23697 "-" "meta-externalagent/1.1 (+https://developers.facebook.com/docs/sharing/webmasters/crawler)"
216.73.216.211 - - [05/May/2026:09:57:43 +0200] "GET /missmandarine.ch/learning/old/main/auth/external_login/login.ldap.php.sorry HTTP/1.1" 200 23697 "-" "Mozilla/5.0 AppleWebKit/537.36 (KHTML, like Gecko; compatible; ClaudeBot/1.0; +claudebot@anthropic.com)"
57.141.20.18 - - [05/May/2026:09:57:44 +0200] "GET /shopdetail/8316235 HTTP/1.1" 200 23697 "-" "meta-externalagent/1.1 (+https://developers.facebook.com/docs/sharing/webmasters/crawler)"
57.141.20.32 - - [05/May/2026:09:57:45 +0200] "GET /shopdetail/10031279 HTTP/1.1" 200 23697 "-" "meta-externalagent/1.1 (+https://developers.facebook.com/docs/sharing/webmasters/crawler)"
57.141.20.39 - - [05/May/2026:09:57:45 +0200] "GET /shopdetail/29205391 HTTP/1.1" 200 23697 "-" "meta-externalagent/1.1 (+https://developers.facebook.com/docs/sharing/webmasters/crawler)"
57.141.20.13 - - [05/May/2026:09:57:45 +0200] "GET /shopdetail/20403091 HTTP/1.1" 200 23697 "-" "meta-externalagent/1.1 (+https://developers.facebook.com/docs/sharing/webmasters/crawler)"
216.73.216.211 - - [05/May/2026:09:57:48 +0200] "GET /learning/old/main/css/cosmic_campus/?C=D&O=A HTTP/1.1" 200 1966 "-" "Mozilla/5.0 AppleWebKit/537.36 (KHTML, like Gecko; compatible; ClaudeBot/1.0; +claudebot@anthropic.com)"
216.73.216.211 - - [05/May/2026:09:57:53 +0200] "GET /learning/old/main/template/experimental/layout/?C=N&O=D HTTP/1.1" 200 1309 "-" "Mozilla/5.0 AppleWebKit/537.36 (KHTML, like Gecko; compatible; ClaudeBot/1.0; +claudebot@anthropic.com)"
57.141.20.45 - - [05/May/2026:09:57:55 +0200] "GET /shopdetail/18921768 HTTP/1.1" 200 23697 "-" "meta-externalagent/1.1 (+https://developers.facebook.com/docs/sharing/webmasters/crawler)"
57.141.20.16 - - [05/May/2026:09:57:55 +0200] "GET /shopdetail/14078380 HTTP/1.1" 200 23697 "-" "meta-externalagent/1.1 (+https://developers.facebook.com/docs/sharing/webmasters/crawler)"
57.141.20.27 - - [05/May/2026:09:57:55 +0200] "GET /shopdetail/7303379 HTTP/1.1" 200 23697 "-" "meta-externalagent/1.1 (+https://developers.facebook.com/docs/sharing/webmasters/crawler)"
57.141.20.25 - - [05/May/2026:09:57:55 +0200] "GET /shopdetail/29158291 HTTP/1.1" 200 23697 "-" "meta-externalagent/1.1 (+https://developers.facebook.com/docs/sharing/webmasters/crawler)"
57.141.20.60 - - [05/May/2026:09:57:55 +0200] "GET /shopdetail/31020013 HTTP/1.1" 200 23697 "-" "meta-externalagent/1.1 (+https://developers.facebook.com/docs/sharing/webmasters/crawler)"
13.86.97.224 - - [05/May/2026:09:57:58 +0200] "GET / HTTP/1.1" 200 23697 "-" "Mozilla/5.0 (compatible; MSIE 9.0; Windows NT 6.1; Trident/5.0; AppInsights)"
216.73.216.211 - - [05/May/2026:09:57:59 +0200] "GET /learning/old/main/newscorm/aicc_hacp.php.sorry HTTP/1.1" 200 23697 "-" "Mozilla/5.0 AppleWebKit/537.36 (KHTML, like Gecko; compatible; ClaudeBot/1.0; +claudebot@anthropic.com)"
57.141.20.59 - - [05/May/2026:09:58:03 +0200] "GET /shopdetail/29830513 HTTP/1.1" 200 23697 "-" "meta-externalagent/1.1 (+https://developers.facebook.com/docs/sharing/webmasters/crawler)"
216.73.216.211 - - [05/May/2026:09:58:03 +0200] "GET /learning/old/main/lang/italian/md_scorm.inc.php.sorry HTTP/1.1" 200 23697 "-" "Mozilla/5.0 AppleWebKit/537.36 (KHTML, like Gecko; compatible; ClaudeBot/1.0; +claudebot@anthropic.com)"
216.73.216.211 - - [05/May/2026:09:58:08 +0200] "GET /learning/old/main/img/group_join.png.sorry HTTP/1.1" 200 23697 "-" "Mozilla/5.0 AppleWebKit/537.36 (KHTML, like Gecko; compatible; ClaudeBot/1.0; +claudebot@anthropic.com)"
216.73.216.211 - - [05/May/2026:09:58:13 +0200] "GET /learning/old/main/img/learnpath_view_na.gif.sorry HTTP/1.1" 200 23697 "-" "Mozilla/5.0 AppleWebKit/537.36 (KHTML, like Gecko; compatible; ClaudeBot/1.0; +claudebot@anthropic.com)"
57.141.20.32 - - [05/May/2026:09:58:16 +0200] "GET /shopdetail/10963379 HTTP/1.1" 200 23697 "-" "meta-externalagent/1.1 (+https://developers.facebook.com/docs/sharing/webmasters/crawler)"
216.73.216.211 - - [05/May/2026:09:58:19 +0200] "GET /missmandarine.ch/learning/old/main/reservation/m_reservation.php.sorry HTTP/1.1" 200 23697 "-" "Mozilla/5.0 AppleWebKit/537.36 (KHTML, like Gecko; compatible; ClaudeBot/1.0; +claudebot@anthropic.com)"
57.141.20.16 - - [05/May/2026:09:58:22 +0200] "GET /shopdetail/2720568 HTTP/1.1" 200 23697 "-" "meta-externalagent/1.1 (+https://developers.facebook.com/docs/sharing/webmasters/crawler)"
57.141.20.47 - - [05/May/2026:09:58:23 +0200] "GET /shopdetail/2488191 HTTP/1.1" 200 23697 "-" "meta-externalagent/1.1 (+https://developers.facebook.com/docs/sharing/webmasters/crawler)"
216.73.216.211 - - [05/May/2026:09:58:24 +0200] "GET /missmandarine.ch/learning/admin/lib/tinymce/plugins/example_dependency/?C=N&O=D HTTP/1.1" 200 998 "-" "Mozilla/5.0 AppleWebKit/537.36 (KHTML, like Gecko; compatible; ClaudeBot/1.0; +claudebot@anthropic.com)"
216.73.216.211 - - [05/May/2026:09:58:29 +0200] "GET /learning/old/courses/CAS6341/?C=N&O=D HTTP/1.1" 200 - "-" "Mozilla/5.0 AppleWebKit/537.36 (KHTML, like Gecko; compatible; ClaudeBot/1.0; +claudebot@anthropic.com)"
