216.73.216.211 - - [05/May/2026:11:19:38 +0200] "GET /learning/old/plugin/dashboard/block_evaluation_graph/?C=M&O=D HTTP/1.1" 200 1332 "-" "Mozilla/5.0 AppleWebKit/537.36 (KHTML, like Gecko; compatible; ClaudeBot/1.0; +claudebot@anthropic.com)"
57.141.20.60 - - [05/May/2026:11:19:40 +0200] "GET /shopdetail/24571846 HTTP/1.1" 200 23697 "-" "meta-externalagent/1.1 (+https://developers.facebook.com/docs/sharing/webmasters/crawler)"
57.141.20.12 - - [05/May/2026:11:19:41 +0200] "GET /shopdetail/20688346 HTTP/1.1" 200 23697 "-" "meta-externalagent/1.1 (+https://developers.facebook.com/docs/sharing/webmasters/crawler)"
57.141.20.67 - - [05/May/2026:11:19:41 +0200] "GET /shopdetail/23044857 HTTP/1.1" 200 23697 "-" "meta-externalagent/1.1 (+https://developers.facebook.com/docs/sharing/webmasters/crawler)"
216.73.216.211 - - [05/May/2026:11:19:43 +0200] "GET /missmandarine.ch/js/filemanager/lang/zh_CN.php.sorry HTTP/1.1" 200 23697 "-" "Mozilla/5.0 AppleWebKit/537.36 (KHTML, like Gecko; compatible; ClaudeBot/1.0; +claudebot@anthropic.com)"
216.73.216.211 - - [05/May/2026:11:19:48 +0200] "GET /learning/old/main/img/learnpath_organize_na.gif.sorry HTTP/1.1" 200 23697 "-" "Mozilla/5.0 AppleWebKit/537.36 (KHTML, like Gecko; compatible; ClaudeBot/1.0; +claudebot@anthropic.com)"
57.141.20.0 - - [05/May/2026:11:19:50 +0200] "GET /shopdetail/18803135 HTTP/1.1" 200 23697 "-" "meta-externalagent/1.1 (+https://developers.facebook.com/docs/sharing/webmasters/crawler)"
57.141.20.59 - - [05/May/2026:11:19:50 +0200] "GET /shopdetail/23805568 HTTP/1.1" 200 23697 "-" "meta-externalagent/1.1 (+https://developers.facebook.com/docs/sharing/webmasters/crawler)"
216.73.216.211 - - [05/May/2026:11:19:53 +0200] "GET /missmandarine.ch/learning/old/main/reservation/m_category.php.sorry HTTP/1.1" 200 23697 "-" "Mozilla/5.0 AppleWebKit/537.36 (KHTML, like Gecko; compatible; ClaudeBot/1.0; +claudebot@anthropic.com)"
57.141.20.39 - - [05/May/2026:11:19:57 +0200] "GET /shopdetail/9900446 HTTP/1.1" 200 23697 "-" "meta-externalagent/1.1 (+https://developers.facebook.com/docs/sharing/webmasters/crawler)"
216.73.216.211 - - [05/May/2026:11:19:58 +0200] "GET /learning/old/main/img/shoutcast.gif.sorry HTTP/1.1" 200 23697 "-" "Mozilla/5.0 AppleWebKit/537.36 (KHTML, like Gecko; compatible; ClaudeBot/1.0; +claudebot@anthropic.com)"
57.141.20.34 - - [05/May/2026:11:19:58 +0200] "GET /shopdetail/20072068 HTTP/1.1" 200 23697 "-" "meta-externalagent/1.1 (+https://developers.facebook.com/docs/sharing/webmasters/crawler)"
57.141.20.42 - - [05/May/2026:11:19:58 +0200] "GET /shopdetail/28353080 HTTP/1.1" 200 23697 "-" "meta-externalagent/1.1 (+https://developers.facebook.com/docs/sharing/webmasters/crawler)"
216.73.216.211 - - [05/May/2026:11:20:03 +0200] "GET /learning/old/main/img/instant_message.png.sorry HTTP/1.1" 200 23697 "-" "Mozilla/5.0 AppleWebKit/537.36 (KHTML, like Gecko; compatible; ClaudeBot/1.0; +claudebot@anthropic.com)"
57.141.20.31 - - [05/May/2026:11:20:05 +0200] "GET /shopdetail/3911924 HTTP/1.1" 200 23697 "-" "meta-externalagent/1.1 (+https://developers.facebook.com/docs/sharing/webmasters/crawler)"
57.141.20.1 - - [05/May/2026:11:20:06 +0200] "GET /shopdetail/21548891 HTTP/1.1" 200 23697 "-" "meta-externalagent/1.1 (+https://developers.facebook.com/docs/sharing/webmasters/crawler)"
216.73.216.211 - - [05/May/2026:11:20:08 +0200] "GET /learning/old/main/img/links_na.gif.sorry HTTP/1.1" 200 23697 "-" "Mozilla/5.0 AppleWebKit/537.36 (KHTML, like Gecko; compatible; ClaudeBot/1.0; +claudebot@anthropic.com)"
216.73.216.211 - - [05/May/2026:11:20:14 +0200] "GET /missmandarine.ch/learning/old/main/conference/?C=M&O=A HTTP/1.1" 500 - "-" "Mozilla/5.0 AppleWebKit/537.36 (KHTML, like Gecko; compatible; ClaudeBot/1.0; +claudebot@anthropic.com)"
57.141.20.61 - - [05/May/2026:11:20:16 +0200] "GET /shopdetail/19557402 HTTP/1.1" 200 23697 "-" "meta-externalagent/1.1 (+https://developers.facebook.com/docs/sharing/webmasters/crawler)"
216.73.216.211 - - [05/May/2026:11:20:19 +0200] "GET /pics/images/g/c/d/?C=N&O=D HTTP/1.1" 200 675 "-" "Mozilla/5.0 AppleWebKit/537.36 (KHTML, like Gecko; compatible; ClaudeBot/1.0; +claudebot@anthropic.com)"
72.60.40.175 - - [05/May/2026:11:20:22 +0200] "GET /news/ HTTP/1.1" 301 - "-" "Mozilla/5.0 (Windows NT 10.0; Win64; x64) AppleWebKit/537.36"
52.140.232.160 - - [05/May/2026:11:20:22 +0200] "GET / HTTP/1.1" 200 23697 "-" "Mozilla/5.0 (compatible; MSIE 9.0; Windows NT 6.1; Trident/5.0; AppInsights)"
216.73.216.211 - - [05/May/2026:11:20:23 +0200] "GET /pics/images/d/g/c/?C=N&O=A HTTP/1.1" 200 675 "-" "Mozilla/5.0 AppleWebKit/537.36 (KHTML, like Gecko; compatible; ClaudeBot/1.0; +claudebot@anthropic.com)"
57.141.20.37 - - [05/May/2026:11:20:26 +0200] "GET /shopdetail/12280213 HTTP/1.1" 200 23697 "-" "meta-externalagent/1.1 (+https://developers.facebook.com/docs/sharing/webmasters/crawler)"
216.73.216.211 - - [05/May/2026:11:20:28 +0200] "GET /pics/images/g/d/c/?C=N&O=A HTTP/1.1" 200 675 "-" "Mozilla/5.0 AppleWebKit/537.36 (KHTML, like Gecko; compatible; ClaudeBot/1.0; +claudebot@anthropic.com)"
216.73.216.211 - - [05/May/2026:11:20:33 +0200] "GET /missmandarine.ch/learning/old/main/css/chamilo/images/fondoHeader3.jpg.sorry HTTP/1.1" 200 23697 "-" "Mozilla/5.0 AppleWebKit/537.36 (KHTML, like Gecko; compatible; ClaudeBot/1.0; +claudebot@anthropic.com)"
74.7.227.25 - - [05/May/2026:11:20:34 +0200] "GET /learning/ALFA_DATA/alfasymlink/root/lib/modules/3.10.0-1160.144.1.el7.tuxcare.els4.x86_64/modules.symbols.bin HTTP/1.1" 200 485951 "https://missmandarine.com/learning/ALFA_DATA/alfasymlink/root/lib/modules/3.10.0-1160.144.1.el7.tuxcare.els4.x86_64/" "Mozilla/5.0 AppleWebKit/537.36 (KHTML, like Gecko; compatible; GPTBot/1.3; +https://openai.com/gptbot)"
57.141.20.13 - - [05/May/2026:11:20:36 +0200] "GET /shopdetail/26701735 HTTP/1.1" 200 23697 "-" "meta-externalagent/1.1 (+https://developers.facebook.com/docs/sharing/webmasters/crawler)"
57.141.20.32 - - [05/May/2026:11:20:36 +0200] "GET /shopdetail/29373668 HTTP/1.1" 200 23697 "-" "meta-externalagent/1.1 (+https://developers.facebook.com/docs/sharing/webmasters/crawler)"
57.141.20.38 - - [05/May/2026:11:20:37 +0200] "GET /shopdetail/29206246 HTTP/1.1" 200 23697 "-" "meta-externalagent/1.1 (+https://developers.facebook.com/docs/sharing/webmasters/crawler)"
57.141.20.32 - - [05/May/2026:11:20:37 +0200] "GET /shopdetail/24403313 HTTP/1.1" 200 23697 "-" "meta-externalagent/1.1 (+https://developers.facebook.com/docs/sharing/webmasters/crawler)"
216.73.216.211 - - [05/May/2026:11:20:38 +0200] "GET /missmandarine.ch/learning/old/main/template/default/export/?C=D&O=A HTTP/1.1" 200 974 "-" "Mozilla/5.0 AppleWebKit/537.36 (KHTML, like Gecko; compatible; ClaudeBot/1.0; +claudebot@anthropic.com)"
57.141.20.20 - - [05/May/2026:11:20:38 +0200] "GET /shopdetail/11343835 HTTP/1.1" 200 23697 "-" "meta-externalagent/1.1 (+https://developers.facebook.com/docs/sharing/webmasters/crawler)"
57.141.20.41 - - [05/May/2026:11:20:41 +0200] "GET /shopdetail/2866535 HTTP/1.1" 200 23697 "-" "meta-externalagent/1.1 (+https://developers.facebook.com/docs/sharing/webmasters/crawler)"
216.73.216.211 - - [05/May/2026:11:20:43 +0200] "GET /missmandarine.ch/learning/old/plugin/dashboard/block_global_info/css/?C=S&O=A HTTP/1.1" 200 234 "-" "Mozilla/5.0 AppleWebKit/537.36 (KHTML, like Gecko; compatible; ClaudeBot/1.0; +claudebot@anthropic.com)"
216.73.216.211 - - [05/May/2026:11:20:48 +0200] "GET /missmandarine.ch/img/layout/logoComplet.png.sorry HTTP/1.1" 200 23697 "-" "Mozilla/5.0 AppleWebKit/537.36 (KHTML, like Gecko; compatible; ClaudeBot/1.0; +claudebot@anthropic.com)"
57.141.20.39 - - [05/May/2026:11:20:51 +0200] "GET /shopdetail/19431946 HTTP/1.1" 200 23697 "-" "meta-externalagent/1.1 (+https://developers.facebook.com/docs/sharing/webmasters/crawler)"
216.73.216.211 - - [05/May/2026:11:20:53 +0200] "GET /robots.txt HTTP/1.1" 200 75 "-" "Mozilla/5.0 AppleWebKit/537.36 (KHTML, like Gecko; compatible; ClaudeBot/1.0; +claudebot@anthropic.com)"
57.141.20.47 - - [05/May/2026:11:20:57 +0200] "GET /shopdetail/15146879 HTTP/1.1" 200 23697 "-" "meta-externalagent/1.1 (+https://developers.facebook.com/docs/sharing/webmasters/crawler)"
216.73.216.211 - - [05/May/2026:11:20:59 +0200] "GET /missmandarine.ch/learning/old/main/template/default/layout/?C=S&O=A HTTP/1.1" 200 14758 "-" "Mozilla/5.0 AppleWebKit/537.36 (KHTML, like Gecko; compatible; ClaudeBot/1.0; +claudebot@anthropic.com)"
20.40.124.176 - - [05/May/2026:11:21:01 +0200] "GET / HTTP/1.1" 200 23697 "-" "Mozilla/5.0 (compatible; MSIE 9.0; Windows NT 6.1; Trident/5.0; AppInsights)"
216.73.216.211 - - [05/May/2026:11:21:03 +0200] "GET /missmandarine.ch/admin/actualite/?C=D&O=A HTTP/1.1" 200 2221 "-" "Mozilla/5.0 AppleWebKit/537.36 (KHTML, like Gecko; compatible; ClaudeBot/1.0; +claudebot@anthropic.com)"
57.141.20.63 - - [05/May/2026:11:21:07 +0200] "GET /shopdetail/7780557 HTTP/1.1" 200 23697 "-" "meta-externalagent/1.1 (+https://developers.facebook.com/docs/sharing/webmasters/crawler)"
57.141.20.7 - - [05/May/2026:11:21:07 +0200] "GET /shopdetail/24704879 HTTP/1.1" 200 23697 "-" "meta-externalagent/1.1 (+https://developers.facebook.com/docs/sharing/webmasters/crawler)"
216.73.216.211 - - [05/May/2026:11:21:08 +0200] "GET /missmandarine.ch/learning/old/main/template/default/layout/mm_turbomedia.tpl HTTP/1.1" 200 4126 "-" "Mozilla/5.0 AppleWebKit/537.36 (KHTML, like Gecko; compatible; ClaudeBot/1.0; +claudebot@anthropic.com)"
216.73.216.211 - - [05/May/2026:11:21:13 +0200] "GET /pics/images/b/g/c/?C=N&O=A HTTP/1.1" 200 675 "-" "Mozilla/5.0 AppleWebKit/537.36 (KHTML, like Gecko; compatible; ClaudeBot/1.0; +claudebot@anthropic.com)"
57.141.20.67 - - [05/May/2026:11:21:18 +0200] "GET /shopdetail/996691 HTTP/1.1" 200 23697 "-" "meta-externalagent/1.1 (+https://developers.facebook.com/docs/sharing/webmasters/crawler)"
216.73.216.211 - - [05/May/2026:11:21:18 +0200] "GET /missmandarine.ch/admin/actualite/?C=M&O=A HTTP/1.1" 200 2221 "-" "Mozilla/5.0 AppleWebKit/537.36 (KHTML, like Gecko; compatible; ClaudeBot/1.0; +claudebot@anthropic.com)"
57.141.20.8 - - [05/May/2026:11:21:23 +0200] "GET /shopdetail/14966146 HTTP/1.1" 200 23697 "-" "meta-externalagent/1.1 (+https://developers.facebook.com/docs/sharing/webmasters/crawler)"
57.141.20.33 - - [05/May/2026:11:21:23 +0200] "GET /shopdetail/2429035 HTTP/1.1" 200 23697 "-" "meta-externalagent/1.1 (+https://developers.facebook.com/docs/sharing/webmasters/crawler)"
216.73.216.211 - - [05/May/2026:11:21:23 +0200] "GET /missmandarine.ch/learning/old/main/auth/key/?C=N&O=D HTTP/1.1" 200 - "-" "Mozilla/5.0 AppleWebKit/537.36 (KHTML, like Gecko; compatible; ClaudeBot/1.0; +claudebot@anthropic.com)"
57.141.20.58 - - [05/May/2026:11:21:24 +0200] "GET /shopdetail/29375091 HTTP/1.1" 200 23697 "-" "meta-externalagent/1.1 (+https://developers.facebook.com/docs/sharing/webmasters/crawler)"
57.141.20.58 - - [05/May/2026:11:21:24 +0200] "GET /shopdetail/22000380 HTTP/1.1" 200 23697 "-" "meta-externalagent/1.1 (+https://developers.facebook.com/docs/sharing/webmasters/crawler)"
57.141.20.18 - - [05/May/2026:11:21:24 +0200] "GET /shopdetail/2127013 HTTP/1.1" 200 23697 "-" "meta-externalagent/1.1 (+https://developers.facebook.com/docs/sharing/webmasters/crawler)"
57.141.20.25 - - [05/May/2026:11:21:25 +0200] "GET /shopdetail/18176113 HTTP/1.1" 200 23697 "-" "meta-externalagent/1.1 (+https://developers.facebook.com/docs/sharing/webmasters/crawler)"
74.7.227.25 - - [05/May/2026:11:21:25 +0200] "GET /learning/ALFA_DATA/alfasymlink/root/lib/modules/4.18.0-553.121.1.el8_10.x86_64/modules.builtin.bin HTTP/1.1" 200 10102 "https://missmandarine.com/learning/ALFA_DATA/alfasymlink/root/lib/modules/4.18.0-553.121.1.el8_10.x86_64/" "Mozilla/5.0 AppleWebKit/537.36 (KHTML, like Gecko; compatible; GPTBot/1.3; +https://openai.com/gptbot)"
51.105.9.128 - - [05/May/2026:11:21:27 +0200] "GET / HTTP/1.1" 200 23697 "-" "Mozilla/5.0 (compatible; MSIE 9.0; Windows NT 6.1; Trident/5.0; AppInsights)"
216.73.216.211 - - [05/May/2026:11:21:28 +0200] "GET /vendor/cocur/slugify/src/Bridge/Silex/?C=M&O=A HTTP/1.1" 200 928 "-" "Mozilla/5.0 AppleWebKit/537.36 (KHTML, like Gecko; compatible; ClaudeBot/1.0; +claudebot@anthropic.com)"
216.73.216.211 - - [05/May/2026:11:21:33 +0200] "GET /missmandarine.ch/learning/old/main/template/default/admin/?C=N&O=D HTTP/1.1" 200 977 "-" "Mozilla/5.0 AppleWebKit/537.36 (KHTML, like Gecko; compatible; ClaudeBot/1.0; +claudebot@anthropic.com)"
216.73.216.211 - - [05/May/2026:11:21:38 +0200] "GET /missmandarine.ch/learning/old/main/messages/?C=D&O=A HTTP/1.1" 500 - "-" "Mozilla/5.0 AppleWebKit/537.36 (KHTML, like Gecko; compatible; ClaudeBot/1.0; +claudebot@anthropic.com)"
216.73.216.211 - - [05/May/2026:11:21:44 +0200] "GET /pics/images/c/h/b/?C=N&O=D HTTP/1.1" 200 675 "-" "Mozilla/5.0 AppleWebKit/537.36 (KHTML, like Gecko; compatible; ClaudeBot/1.0; +claudebot@anthropic.com)"
216.73.216.211 - - [05/May/2026:11:21:48 +0200] "GET /pics/images/h/c/b/?C=N&O=D HTTP/1.1" 200 675 "-" "Mozilla/5.0 AppleWebKit/537.36 (KHTML, like Gecko; compatible; ClaudeBot/1.0; +claudebot@anthropic.com)"
57.141.20.26 - - [05/May/2026:11:21:51 +0200] "GET /shopdetail/29353502 HTTP/1.1" 200 23697 "-" "meta-externalagent/1.1 (+https://developers.facebook.com/docs/sharing/webmasters/crawler)"
216.73.216.211 - - [05/May/2026:11:21:53 +0200] "GET /pics/images/f/h/c/?C=N&O=D HTTP/1.1" 200 675 "-" "Mozilla/5.0 AppleWebKit/537.36 (KHTML, like Gecko; compatible; ClaudeBot/1.0; +claudebot@anthropic.com)"
216.73.216.211 - - [05/May/2026:11:22:00 +0200] "GET /learning/old/main/default_course_document/images/newspaper.jpg.sorry HTTP/1.1" 200 23697 "-" "Mozilla/5.0 AppleWebKit/537.36 (KHTML, like Gecko; compatible; ClaudeBot/1.0; +claudebot@anthropic.com)"
57.141.20.27 - - [05/May/2026:11:22:00 +0200] "GET /shopdetail/20377068 HTTP/1.1" 200 23697 "-" "meta-externalagent/1.1 (+https://developers.facebook.com/docs/sharing/webmasters/crawler)"
57.141.20.21 - - [05/May/2026:11:22:01 +0200] "GET /shopdetail/18936146 HTTP/1.1" 200 23697 "-" "meta-externalagent/1.1 (+https://developers.facebook.com/docs/sharing/webmasters/crawler)"
216.73.216.211 - - [05/May/2026:11:22:04 +0200] "GET /learning/old/main/default_course_document/images/small/01.png.sorry HTTP/1.1" 200 23697 "-" "Mozilla/5.0 AppleWebKit/537.36 (KHTML, like Gecko; compatible; ClaudeBot/1.0; +claudebot@anthropic.com)"
216.73.216.211 - - [05/May/2026:11:22:09 +0200] "GET /learning/old/main/default_course_document/images/small/02.png.sorry HTTP/1.1" 200 23697 "-" "Mozilla/5.0 AppleWebKit/537.36 (KHTML, like Gecko; compatible; ClaudeBot/1.0; +claudebot@anthropic.com)"
57.141.20.3 - - [05/May/2026:11:22:12 +0200] "GET /shopdetail/14916868 HTTP/1.1" 200 23697 "-" "meta-externalagent/1.1 (+https://developers.facebook.com/docs/sharing/webmasters/crawler)"
57.141.20.41 - - [05/May/2026:11:22:12 +0200] "GET /shopdetail/10262846 HTTP/1.1" 200 23697 "-" "meta-externalagent/1.1 (+https://developers.facebook.com/docs/sharing/webmasters/crawler)"
57.141.20.53 - - [05/May/2026:11:22:13 +0200] "GET /shopdetail/23340902 HTTP/1.1" 200 23697 "-" "meta-externalagent/1.1 (+https://developers.facebook.com/docs/sharing/webmasters/crawler)"
57.141.20.62 - - [05/May/2026:11:22:13 +0200] "GET /shopdetail/13580657 HTTP/1.1" 200 23697 "-" "meta-externalagent/1.1 (+https://developers.facebook.com/docs/sharing/webmasters/crawler)"
74.7.227.25 - - [05/May/2026:11:22:13 +0200] "GET /learning/ALFA_DATA/alfasymlink/root/lib/modules/4.18.0-553.121.1.el8_10.x86_64/modules.symbols.bin HTTP/1.1" 200 594389 "https://missmandarine.com/learning/ALFA_DATA/alfasymlink/root/lib/modules/4.18.0-553.121.1.el8_10.x86_64/" "Mozilla/5.0 AppleWebKit/537.36 (KHTML, like Gecko; compatible; GPTBot/1.3; +https://openai.com/gptbot)"
216.73.216.211 - - [05/May/2026:11:22:15 +0200] "GET /missmandarine.ch/learning/old/main/lang/basque/userInfo.inc.php.sorry HTTP/1.1" 200 23697 "-" "Mozilla/5.0 AppleWebKit/537.36 (KHTML, like Gecko; compatible; ClaudeBot/1.0; +claudebot@anthropic.com)"
57.141.20.21 - - [05/May/2026:11:22:18 +0200] "GET /shopdetail/6305835 HTTP/1.1" 200 23697 "-" "meta-externalagent/1.1 (+https://developers.facebook.com/docs/sharing/webmasters/crawler)"
216.73.216.211 - - [05/May/2026:11:22:19 +0200] "GET /missmandarine.ch/admin/include/?C=D&O=D HTTP/1.1" 200 1062 "-" "Mozilla/5.0 AppleWebKit/537.36 (KHTML, like Gecko; compatible; ClaudeBot/1.0; +claudebot@anthropic.com)"
216.73.216.211 - - [05/May/2026:11:22:24 +0200] "GET /missmandarine.ch/learning/lib/class/phpmailer/test/phpmailer_test.php HTTP/1.1" 500 - "-" "Mozilla/5.0 AppleWebKit/537.36 (KHTML, like Gecko; compatible; ClaudeBot/1.0; +claudebot@anthropic.com)"
57.141.20.6 - - [05/May/2026:11:22:28 +0200] "GET /shopdetail/14925613 HTTP/1.1" 200 23697 "-" "meta-externalagent/1.1 (+https://developers.facebook.com/docs/sharing/webmasters/crawler)"
216.73.216.211 - - [05/May/2026:11:22:30 +0200] "GET /learning/old/main/img/action_last.png.sorry HTTP/1.1" 200 23697 "-" "Mozilla/5.0 AppleWebKit/537.36 (KHTML, like Gecko; compatible; ClaudeBot/1.0; +claudebot@anthropic.com)"
57.141.20.52 - - [05/May/2026:11:22:34 +0200] "GET /shopdetail/21635491 HTTP/1.1" 200 23697 "-" "meta-externalagent/1.1 (+https://developers.facebook.com/docs/sharing/webmasters/crawler)"
216.73.216.211 - - [05/May/2026:11:22:34 +0200] "GET /missmandarine.ch/learning/admin/include/?C=M&O=D HTTP/1.1" 200 1089 "-" "Mozilla/5.0 AppleWebKit/537.36 (KHTML, like Gecko; compatible; ClaudeBot/1.0; +claudebot@anthropic.com)"
57.141.20.21 - - [05/May/2026:11:22:34 +0200] "GET /shopdetail/20589091 HTTP/1.1" 200 23697 "-" "meta-externalagent/1.1 (+https://developers.facebook.com/docs/sharing/webmasters/crawler)"
57.141.20.5 - - [05/May/2026:11:22:34 +0200] "GET /shopdetail/30176746 HTTP/1.1" 200 23697 "-" "meta-externalagent/1.1 (+https://developers.facebook.com/docs/sharing/webmasters/crawler)"
57.141.20.54 - - [05/May/2026:11:22:35 +0200] "GET /shopdetail/23144546 HTTP/1.1" 200 23697 "-" "meta-externalagent/1.1 (+https://developers.facebook.com/docs/sharing/webmasters/crawler)"
216.73.216.211 - - [05/May/2026:11:22:39 +0200] "GET /learning/old/main/img/unknown_50_50.jpg.sorry HTTP/1.1" 200 23697 "-" "Mozilla/5.0 AppleWebKit/537.36 (KHTML, like Gecko; compatible; ClaudeBot/1.0; +claudebot@anthropic.com)"
216.73.216.211 - - [05/May/2026:11:22:44 +0200] "GET /learning/old/main/css/fruity_orange/?C=S&O=D HTTP/1.1" 200 2676 "-" "Mozilla/5.0 AppleWebKit/537.36 (KHTML, like Gecko; compatible; ClaudeBot/1.0; +claudebot@anthropic.com)"
57.141.20.31 - - [05/May/2026:11:22:47 +0200] "GET /shopdetail/2666935 HTTP/1.1" 200 23697 "-" "meta-externalagent/1.1 (+https://developers.facebook.com/docs/sharing/webmasters/crawler)"
216.73.216.211 - - [05/May/2026:11:22:49 +0200] "GET /learning/old/main/default_course_document/images/small/04.png.sorry HTTP/1.1" 200 23697 "-" "Mozilla/5.0 AppleWebKit/537.36 (KHTML, like Gecko; compatible; ClaudeBot/1.0; +claudebot@anthropic.com)"
57.141.20.26 - - [05/May/2026:11:22:52 +0200] "GET /shopdetail/23069324 HTTP/1.1" 200 23697 "-" "meta-externalagent/1.1 (+https://developers.facebook.com/docs/sharing/webmasters/crawler)"
57.141.20.49 - - [05/May/2026:11:22:52 +0200] "GET /shopdetail/23643224 HTTP/1.1" 200 23697 "-" "meta-externalagent/1.1 (+https://developers.facebook.com/docs/sharing/webmasters/crawler)"
74.7.227.25 - - [05/May/2026:11:22:54 +0200] "GET /learning/ALFA_DATA/alfasymlink/root/lib/modules/3.10.0-1160.144.1.el7.tuxcare.els4.x86_64/kernel/net/ipv4/netfilter/iptable_nat.ko.xz HTTP/1.1" 200 2220 "https://missmandarine.com/learning/ALFA_DATA/alfasymlink/root/lib/modules/3.10.0-1160.144.1.el7.tuxcare.els4.x86_64/kernel/net/ipv4/netfilter/" "Mozilla/5.0 AppleWebKit/537.36 (KHTML, like Gecko; compatible; GPTBot/1.3; +https://openai.com/gptbot)"
216.73.216.211 - - [05/May/2026:11:22:54 +0200] "GET /learning/old/main/default_course_document/images/trainer/trainer_points_left.png.sorry HTTP/1.1" 200 23697 "-" "Mozilla/5.0 AppleWebKit/537.36 (KHTML, like Gecko; compatible; ClaudeBot/1.0; +claudebot@anthropic.com)"
13.86.97.224 - - [05/May/2026:11:22:59 +0200] "GET / HTTP/1.1" 200 23697 "-" "Mozilla/5.0 (compatible; MSIE 9.0; Windows NT 6.1; Trident/5.0; AppInsights)"
216.73.216.211 - - [05/May/2026:11:22:59 +0200] "GET /missmandarine.ch/learning/old/main/lang/malay/ HTTP/1.1" 200 44 "-" "Mozilla/5.0 AppleWebKit/537.36 (KHTML, like Gecko; compatible; ClaudeBot/1.0; +claudebot@anthropic.com)"
57.141.20.69 - - [05/May/2026:11:23:02 +0200] "GET /shopdetail/3442046 HTTP/1.1" 200 23697 "-" "meta-externalagent/1.1 (+https://developers.facebook.com/docs/sharing/webmasters/crawler)"
216.73.216.211 - - [05/May/2026:11:23:04 +0200] "GET /learning/old/main/img/jplayer_stop.png.sorry HTTP/1.1" 200 23697 "-" "Mozilla/5.0 AppleWebKit/537.36 (KHTML, like Gecko; compatible; ClaudeBot/1.0; +claudebot@anthropic.com)"
216.73.216.211 - - [05/May/2026:11:23:11 +0200] "GET /learning/old/plugin/dashboard/block_daily/?C=M&O=D HTTP/1.1" 200 234 "-" "Mozilla/5.0 AppleWebKit/537.36 (KHTML, like Gecko; compatible; ClaudeBot/1.0; +claudebot@anthropic.com)"
57.141.20.12 - - [05/May/2026:11:23:12 +0200] "GET /shopdetail/2055635 HTTP/1.1" 200 23697 "-" "meta-externalagent/1.1 (+https://developers.facebook.com/docs/sharing/webmasters/crawler)"
216.73.216.211 - - [05/May/2026:11:23:15 +0200] "GET /learning/old/main/reports/templates/?C=N&O=D HTTP/1.1" 200 1501 "-" "Mozilla/5.0 AppleWebKit/537.36 (KHTML, like Gecko; compatible; ClaudeBot/1.0; +claudebot@anthropic.com)"
57.141.20.29 - - [05/May/2026:11:23:23 +0200] "GET /shopdetail/24929924 HTTP/1.1" 200 23697 "-" "meta-externalagent/1.1 (+https://developers.facebook.com/docs/sharing/webmasters/crawler)"
216.73.216.211 - - [05/May/2026:11:23:25 +0200] "GET /missmandarine.ch/learning/old/main/lang/ukrainian/document.inc.php.sorry HTTP/1.1" 200 23697 "-" "Mozilla/5.0 AppleWebKit/537.36 (KHTML, like Gecko; compatible; ClaudeBot/1.0; +claudebot@anthropic.com)"
57.141.20.18 - - [05/May/2026:11:23:30 +0200] "GET /shopdetail/22672091 HTTP/1.1" 200 23697 "-" "meta-externalagent/1.1 (+https://developers.facebook.com/docs/sharing/webmasters/crawler)"
216.73.216.211 - - [05/May/2026:11:23:30 +0200] "GET /missmandarine.ch/learning/old/main/img/exit.png.sorry HTTP/1.1" 200 23697 "-" "Mozilla/5.0 AppleWebKit/537.36 (KHTML, like Gecko; compatible; ClaudeBot/1.0; +claudebot@anthropic.com)"
74.7.227.25 - - [05/May/2026:11:23:30 +0200] "GET /learning/ALFA_DATA/alfasymlink/root/lib/modules/3.10.0-1160.144.1.el7.tuxcare.els4.x86_64/kernel/net/ipv4/netfilter/iptable_raw.ko.xz HTTP/1.1" 200 2084 "https://missmandarine.com/learning/ALFA_DATA/alfasymlink/root/lib/modules/3.10.0-1160.144.1.el7.tuxcare.els4.x86_64/kernel/net/ipv4/netfilter/" "Mozilla/5.0 AppleWebKit/537.36 (KHTML, like Gecko; compatible; GPTBot/1.3; +https://openai.com/gptbot)"
216.73.216.211 - - [05/May/2026:11:23:35 +0200] "GET /missmandarine.ch/learning/old/main/lang/bulgarian/external_module.inc.php.sorry HTTP/1.1" 200 23697 "-" "Mozilla/5.0 AppleWebKit/537.36 (KHTML, like Gecko; compatible; ClaudeBot/1.0; +claudebot@anthropic.com)"
20.40.129.96 - - [05/May/2026:11:23:35 +0200] "GET / HTTP/1.1" 200 23697 "-" "Mozilla/5.0 (compatible; MSIE 9.0; Windows NT 6.1; Trident/5.0; AppInsights)"
57.141.20.13 - - [05/May/2026:11:23:39 +0200] "GET /shopdetail/30165191 HTTP/1.1" 200 23697 "-" "meta-externalagent/1.1 (+https://developers.facebook.com/docs/sharing/webmasters/crawler)"
57.141.20.67 - - [05/May/2026:11:23:39 +0200] "GET /shopdetail/3316113 HTTP/1.1" 200 23697 "-" "meta-externalagent/1.1 (+https://developers.facebook.com/docs/sharing/webmasters/crawler)"
216.73.216.211 - - [05/May/2026:11:23:40 +0200] "GET /learning/old/plugin/add_shibboleth_login_button/readme.txt.sorry HTTP/1.1" 200 23697 "-" "Mozilla/5.0 AppleWebKit/537.36 (KHTML, like Gecko; compatible; ClaudeBot/1.0; +claudebot@anthropic.com)"
216.73.216.211 - - [05/May/2026:11:23:45 +0200] "GET /learning/old/main/img/minipanelback.png.sorry HTTP/1.1" 200 23697 "-" "Mozilla/5.0 AppleWebKit/537.36 (KHTML, like Gecko; compatible; ClaudeBot/1.0; +claudebot@anthropic.com)"
216.73.216.211 - - [05/May/2026:11:23:50 +0200] "GET /learning/old/courses/CAS6341/work/?C=M&O=A HTTP/1.1" 200 139 "-" "Mozilla/5.0 AppleWebKit/537.36 (KHTML, like Gecko; compatible; ClaudeBot/1.0; +claudebot@anthropic.com)"
216.73.216.211 - - [05/May/2026:11:23:55 +0200] "GET /learning/old/main/auth/cas/lib/?C=N&O=D HTTP/1.1" 200 1059 "-" "Mozilla/5.0 AppleWebKit/537.36 (KHTML, like Gecko; compatible; ClaudeBot/1.0; +claudebot@anthropic.com)"
57.141.20.31 - - [05/May/2026:11:23:58 +0200] "GET /shopdetail/5701780 HTTP/1.1" 200 23697 "-" "meta-externalagent/1.1 (+https://developers.facebook.com/docs/sharing/webmasters/crawler)"
57.141.20.8 - - [05/May/2026:11:23:58 +0200] "GET /shopdetail/10250157 HTTP/1.1" 200 23697 "-" "meta-externalagent/1.1 (+https://developers.facebook.com/docs/sharing/webmasters/crawler)"
57.141.20.9 - - [05/May/2026:11:23:59 +0200] "GET /shopdetail/20536602 HTTP/1.1" 200 23697 "-" "meta-externalagent/1.1 (+https://developers.facebook.com/docs/sharing/webmasters/crawler)"
57.141.20.28 - - [05/May/2026:11:23:59 +0200] "GET /shopdetail/19624202 HTTP/1.1" 200 23697 "-" "meta-externalagent/1.1 (+https://developers.facebook.com/docs/sharing/webmasters/crawler)"
216.73.216.211 - - [05/May/2026:11:24:00 +0200] "GET /missmandarine.ch/learning/old/main/mySpace/reussite.php.sorry HTTP/1.1" 200 23697 "-" "Mozilla/5.0 AppleWebKit/537.36 (KHTML, like Gecko; compatible; ClaudeBot/1.0; +claudebot@anthropic.com)"
43.157.158.178 - - [05/May/2026:11:24:01 +0200] "GET / HTTP/1.1" 200 23697 "http://missmandarine.com" "Mozilla/5.0 (iPhone; CPU iPhone OS 13_2_3 like Mac OS X) AppleWebKit/605.1.15 (KHTML, like Gecko) Version/13.0.3 Mobile/15E148 Safari/604.1"
74.7.227.25 - - [05/May/2026:11:24:03 +0200] "GET /learning/ALFA_DATA/alfasymlink/root/lib/modules/3.10.0-1160.144.1.el7.tuxcare.els4.x86_64/kernel/net/ipv4/netfilter/arp_tables.ko.xz HTTP/1.1" 200 10960 "https://missmandarine.com/learning/ALFA_DATA/alfasymlink/root/lib/modules/3.10.0-1160.144.1.el7.tuxcare.els4.x86_64/kernel/net/ipv4/netfilter/" "Mozilla/5.0 AppleWebKit/537.36 (KHTML, like Gecko; compatible; GPTBot/1.3; +https://openai.com/gptbot)"
216.73.216.211 - - [05/May/2026:11:24:05 +0200] "GET /learning/admin/lib/tinymce/plugins/emoticons/img/?C=D&O=D HTTP/1.1" 200 3746 "-" "Mozilla/5.0 AppleWebKit/537.36 (KHTML, like Gecko; compatible; ClaudeBot/1.0; +claudebot@anthropic.com)"
57.141.20.34 - - [05/May/2026:11:24:07 +0200] "GET /shopdetail/21085957 HTTP/1.1" 200 23697 "-" "meta-externalagent/1.1 (+https://developers.facebook.com/docs/sharing/webmasters/crawler)"
216.73.216.211 - - [05/May/2026:11:24:10 +0200] "GET /learning/old/main/img/admin_star_na.png.sorry HTTP/1.1" 200 23697 "-" "Mozilla/5.0 AppleWebKit/537.36 (KHTML, like Gecko; compatible; ClaudeBot/1.0; +claudebot@anthropic.com)"
57.141.20.38 - - [05/May/2026:11:24:12 +0200] "GET /shopdetail/29806591 HTTP/1.1" 200 23697 "-" "meta-externalagent/1.1 (+https://developers.facebook.com/docs/sharing/webmasters/crawler)"
57.141.20.13 - - [05/May/2026:11:24:13 +0200] "GET /shopdetail/28356002 HTTP/1.1" 200 23697 "-" "meta-externalagent/1.1 (+https://developers.facebook.com/docs/sharing/webmasters/crawler)"
57.141.20.44 - - [05/May/2026:11:24:13 +0200] "GET /shopdetail/992057 HTTP/1.1" 200 23697 "-" "meta-externalagent/1.1 (+https://developers.facebook.com/docs/sharing/webmasters/crawler)"
57.141.20.21 - - [05/May/2026:11:24:14 +0200] "GET /shopdetail/13447568 HTTP/1.1" 200 23697 "-" "meta-externalagent/1.1 (+https://developers.facebook.com/docs/sharing/webmasters/crawler)"
216.73.216.211 - - [05/May/2026:11:24:15 +0200] "GET /learning/old/main/css/dokeos_classic/images/button_upload.gif.sorry HTTP/1.1" 200 23697 "-" "Mozilla/5.0 AppleWebKit/537.36 (KHTML, like Gecko; compatible; ClaudeBot/1.0; +claudebot@anthropic.com)"
216.73.216.211 - - [05/May/2026:11:24:20 +0200] "GET /learning/old/main/cooperation/files/?C=S&O=A HTTP/1.1" 200 6041 "-" "Mozilla/5.0 AppleWebKit/537.36 (KHTML, like Gecko; compatible; ClaudeBot/1.0; +claudebot@anthropic.com)"
57.141.20.42 - - [05/May/2026:11:24:23 +0200] "GET /shopdetail/16053346 HTTP/1.1" 200 23697 "-" "meta-externalagent/1.1 (+https://developers.facebook.com/docs/sharing/webmasters/crawler)"
216.73.216.211 - - [05/May/2026:11:24:25 +0200] "GET /missmandarine.ch/learning/admin/lib/tinymce/plugins/visualblocks/?C=S&O=A HTTP/1.1" 200 1158 "-" "Mozilla/5.0 AppleWebKit/537.36 (KHTML, like Gecko; compatible; ClaudeBot/1.0; +claudebot@anthropic.com)"
216.73.216.211 - - [05/May/2026:11:24:30 +0200] "GET /learning/old/archive/twig/?C=M&O=A HTTP/1.1" 200 696 "-" "Mozilla/5.0 AppleWebKit/537.36 (KHTML, like Gecko; compatible; ClaudeBot/1.0; +claudebot@anthropic.com)"
74.7.227.25 - - [05/May/2026:11:24:33 +0200] "GET /learning/ALFA_DATA/alfasymlink/root/lib/modules/3.10.0-1160.144.1.el7.tuxcare.els4.x86_64/kernel/net/ipv4/netfilter/ipt_REJECT.ko.xz HTTP/1.1" 200 2148 "https://missmandarine.com/learning/ALFA_DATA/alfasymlink/root/lib/modules/3.10.0-1160.144.1.el7.tuxcare.els4.x86_64/kernel/net/ipv4/netfilter/" "Mozilla/5.0 AppleWebKit/537.36 (KHTML, like Gecko; compatible; GPTBot/1.3; +https://openai.com/gptbot)"
57.141.20.45 - - [05/May/2026:11:24:33 +0200] "GET /shopdetail/16559268 HTTP/1.1" 200 23697 "-" "meta-externalagent/1.1 (+https://developers.facebook.com/docs/sharing/webmasters/crawler)"
57.141.20.70 - - [05/May/2026:11:24:34 +0200] "GET /shopdetail/22749857 HTTP/1.1" 200 23697 "-" "meta-externalagent/1.1 (+https://developers.facebook.com/docs/sharing/webmasters/crawler)"
216.73.216.211 - - [05/May/2026:11:24:35 +0200] "GET /missmandarine.ch/learning/old/main/gradebook/gradebook_edit_eval.php.sorry HTTP/1.1" 200 23697 "-" "Mozilla/5.0 AppleWebKit/537.36 (KHTML, like Gecko; compatible; ClaudeBot/1.0; +claudebot@anthropic.com)"
57.141.20.30 - - [05/May/2026:11:24:38 +0200] "GET /shopdetail/20090057 HTTP/1.1" 200 23697 "-" "meta-externalagent/1.1 (+https://developers.facebook.com/docs/sharing/webmasters/crawler)"
216.73.216.211 - - [05/May/2026:11:24:41 +0200] "GET /learning/img/agenda/miniature/1431444610.jpg.sorry HTTP/1.1" 200 23697 "-" "Mozilla/5.0 AppleWebKit/537.36 (KHTML, like Gecko; compatible; ClaudeBot/1.0; +claudebot@anthropic.com)"
216.73.216.211 - - [05/May/2026:11:24:46 +0200] "GET /missmandarine.ch/learning/old/plugin/show_user_info/lang/?C=N&O=A HTTP/1.1" 200 1147 "-" "Mozilla/5.0 AppleWebKit/537.36 (KHTML, like Gecko; compatible; ClaudeBot/1.0; +claudebot@anthropic.com)"
57.141.20.41 - - [05/May/2026:11:24:48 +0200] "GET /shopdetail/5626202 HTTP/1.1" 200 23697 "-" "meta-externalagent/1.1 (+https://developers.facebook.com/docs/sharing/webmasters/crawler)"
57.141.20.21 - - [05/May/2026:11:24:48 +0200] "GET /shopdetail/23242579 HTTP/1.1" 200 23697 "-" "meta-externalagent/1.1 (+https://developers.facebook.com/docs/sharing/webmasters/crawler)"
57.141.20.3 - - [05/May/2026:11:24:48 +0200] "GET /shopdetail/13795502 HTTP/1.1" 200 23697 "-" "meta-externalagent/1.1 (+https://developers.facebook.com/docs/sharing/webmasters/crawler)"
57.141.20.9 - - [05/May/2026:11:24:49 +0200] "GET /shopdetail/24604624 HTTP/1.1" 200 23697 "-" "meta-externalagent/1.1 (+https://developers.facebook.com/docs/sharing/webmasters/crawler)"
57.141.20.35 - - [05/May/2026:11:24:50 +0200] "GET /shopdetail/29673757 HTTP/1.1" 200 23697 "-" "meta-externalagent/1.1 (+https://developers.facebook.com/docs/sharing/webmasters/crawler)"
57.141.20.7 - - [05/May/2026:11:24:50 +0200] "GET /shopdetail/10815002 HTTP/1.1" 200 23697 "-" "meta-externalagent/1.1 (+https://developers.facebook.com/docs/sharing/webmasters/crawler)"
57.141.20.12 - - [05/May/2026:11:24:50 +0200] "GET /shopdetail/28089857 HTTP/1.1" 200 23697 "-" "meta-externalagent/1.1 (+https://developers.facebook.com/docs/sharing/webmasters/crawler)"
216.73.216.211 - - [05/May/2026:11:24:51 +0200] "GET /missmandarine.ch/img/projet/miniature/empty.txt.sorry HTTP/1.1" 200 23697 "-" "Mozilla/5.0 AppleWebKit/537.36 (KHTML, like Gecko; compatible; ClaudeBot/1.0; +claudebot@anthropic.com)"
57.141.20.39 - - [05/May/2026:11:24:51 +0200] "GET /shopdetail/25425124 HTTP/1.1" 200 23697 "-" "meta-externalagent/1.1 (+https://developers.facebook.com/docs/sharing/webmasters/crawler)"
216.73.216.211 - - [05/May/2026:11:24:56 +0200] "GET /missmandarine.ch/learning/old/main/img/view_more_stats.gif.sorry HTTP/1.1" 200 23697 "-" "Mozilla/5.0 AppleWebKit/537.36 (KHTML, like Gecko; compatible; ClaudeBot/1.0; +claudebot@anthropic.com)"
57.141.20.67 - - [05/May/2026:11:24:57 +0200] "GET /shopdetail/29188935 HTTP/1.1" 200 23697 "-" "meta-externalagent/1.1 (+https://developers.facebook.com/docs/sharing/webmasters/crawler)"
74.7.227.25 - - [05/May/2026:11:25:00 +0200] "GET /learning/ALFA_DATA/alfasymlink/root/lib/modules/3.10.0-1160.144.1.el7.tuxcare.els4.x86_64/kernel/net/ipv4/netfilter/arpt_mangle.ko.xz HTTP/1.1" 200 2084 "https://missmandarine.com/learning/ALFA_DATA/alfasymlink/root/lib/modules/3.10.0-1160.144.1.el7.tuxcare.els4.x86_64/kernel/net/ipv4/netfilter/" "Mozilla/5.0 AppleWebKit/537.36 (KHTML, like Gecko; compatible; GPTBot/1.3; +https://openai.com/gptbot)"
216.73.216.211 - - [05/May/2026:11:25:01 +0200] "GET /pics/images/b/g/h/?C=N&O=A HTTP/1.1" 200 675 "-" "Mozilla/5.0 AppleWebKit/537.36 (KHTML, like Gecko; compatible; ClaudeBot/1.0; +claudebot@anthropic.com)"
216.73.216.211 - - [05/May/2026:11:25:06 +0200] "GET /pics/images/g/b/h/?C=N&O=A HTTP/1.1" 200 675 "-" "Mozilla/5.0 AppleWebKit/537.36 (KHTML, like Gecko; compatible; ClaudeBot/1.0; +claudebot@anthropic.com)"
57.141.20.70 - - [05/May/2026:11:25:08 +0200] "GET /shopdetail/5660602 HTTP/1.1" 200 23697 "-" "meta-externalagent/1.1 (+https://developers.facebook.com/docs/sharing/webmasters/crawler)"
216.73.216.211 - - [05/May/2026:11:25:11 +0200] "GET /missmandarine.ch/learning/admin/lib/tinymce/skins/lightgray/?C=S&O=A HTTP/1.1" 200 1876 "-" "Mozilla/5.0 AppleWebKit/537.36 (KHTML, like Gecko; compatible; ClaudeBot/1.0; +claudebot@anthropic.com)"
216.73.216.211 - - [05/May/2026:11:25:16 +0200] "GET /missmandarine.ch/js/filemanager/config/?C=D&O=A HTTP/1.1" 200 911 "-" "Mozilla/5.0 AppleWebKit/537.36 (KHTML, like Gecko; compatible; ClaudeBot/1.0; +claudebot@anthropic.com)"
57.141.20.67 - - [05/May/2026:11:25:18 +0200] "GET /shopdetail/31129379 HTTP/1.1" 200 23697 "-" "meta-externalagent/1.1 (+https://developers.facebook.com/docs/sharing/webmasters/crawler)"
216.73.216.211 - - [05/May/2026:11:25:21 +0200] "GET /pics/images/h/g/d/?C=N&O=A HTTP/1.1" 200 675 "-" "Mozilla/5.0 AppleWebKit/537.36 (KHTML, like Gecko; compatible; ClaudeBot/1.0; +claudebot@anthropic.com)"
52.140.232.160 - - [05/May/2026:11:25:22 +0200] "GET / HTTP/1.1" 200 23697 "-" "Mozilla/5.0 (compatible; MSIE 9.0; Windows NT 6.1; Trident/5.0; AppInsights)"
74.7.227.25 - - [05/May/2026:11:25:24 +0200] "GET /learning/ALFA_DATA/alfasymlink/root/lib/modules/3.10.0-1160.144.1.el7.tuxcare.els4.x86_64/kernel/net/ipv4/netfilter/ipt_SYNPROXY.ko.xz HTTP/1.1" 200 4764 "https://missmandarine.com/learning/ALFA_DATA/alfasymlink/root/lib/modules/3.10.0-1160.144.1.el7.tuxcare.els4.x86_64/kernel/net/ipv4/netfilter/" "Mozilla/5.0 AppleWebKit/537.36 (KHTML, like Gecko; compatible; GPTBot/1.3; +https://openai.com/gptbot)"
216.73.216.211 - - [05/May/2026:11:25:26 +0200] "GET /missmandarine.ch/learning/img/utilisateur/background.jpg.sorry HTTP/1.1" 200 23697 "-" "Mozilla/5.0 AppleWebKit/537.36 (KHTML, like Gecko; compatible; ClaudeBot/1.0; +claudebot@anthropic.com)"
216.73.216.211 - - [05/May/2026:11:25:31 +0200] "GET /missmandarine.ch/js/filemanager/config/?C=M&O=D HTTP/1.1" 200 911 "-" "Mozilla/5.0 AppleWebKit/537.36 (KHTML, like Gecko; compatible; ClaudeBot/1.0; +claudebot@anthropic.com)"
216.73.216.211 - - [05/May/2026:11:25:36 +0200] "GET /missmandarine.ch/learning/old/main/css/fruity_orange/?C=D&O=D HTTP/1.1" 200 2727 "-" "Mozilla/5.0 AppleWebKit/537.36 (KHTML, like Gecko; compatible; ClaudeBot/1.0; +claudebot@anthropic.com)"
216.73.216.211 - - [05/May/2026:11:25:41 +0200] "GET /missmandarine.ch/learning/old/main/css/fruity_orange/?C=M&O=D HTTP/1.1" 200 2727 "-" "Mozilla/5.0 AppleWebKit/537.36 (KHTML, like Gecko; compatible; ClaudeBot/1.0; +claudebot@anthropic.com)"
57.141.20.69 - - [05/May/2026:11:25:45 +0200] "GET /shopdetail/15440291 HTTP/1.1" 200 23697 "-" "meta-externalagent/1.1 (+https://developers.facebook.com/docs/sharing/webmasters/crawler)"
216.73.216.211 - - [05/May/2026:11:25:46 +0200] "GET /missmandarine.ch/learning/old/main/css/chamilo/images/tab_center.gif.sorry HTTP/1.1" 200 23697 "-" "Mozilla/5.0 AppleWebKit/537.36 (KHTML, like Gecko; compatible; ClaudeBot/1.0; +claudebot@anthropic.com)"
74.7.227.25 - - [05/May/2026:11:25:48 +0200] "GET /learning/ALFA_DATA/alfasymlink/root/lib/modules/4.18.0-553.121.1.el8_10.x86_64/modules.alias.bin HTTP/1.1" 200 906319 "https://missmandarine.com/learning/ALFA_DATA/alfasymlink/root/lib/modules/4.18.0-553.121.1.el8_10.x86_64/" "Mozilla/5.0 AppleWebKit/537.36 (KHTML, like Gecko; compatible; GPTBot/1.3; +https://openai.com/gptbot)"
216.73.216.211 - - [05/May/2026:11:25:51 +0200] "GET /missmandarine.ch/js/filemanager/config/?C=S&O=A HTTP/1.1" 200 911 "-" "Mozilla/5.0 AppleWebKit/537.36 (KHTML, like Gecko; compatible; ClaudeBot/1.0; +claudebot@anthropic.com)"
57.141.20.56 - - [05/May/2026:11:25:51 +0200] "GET /shopdetail/15657357 HTTP/1.1" 200 23697 "-" "meta-externalagent/1.1 (+https://developers.facebook.com/docs/sharing/webmasters/crawler)"
57.141.20.51 - - [05/May/2026:11:25:51 +0200] "GET /shopdetail/17518313 HTTP/1.1" 200 23697 "-" "meta-externalagent/1.1 (+https://developers.facebook.com/docs/sharing/webmasters/crawler)"
57.141.20.67 - - [05/May/2026:11:25:52 +0200] "GET /shopdetail/22211780 HTTP/1.1" 200 23697 "-" "meta-externalagent/1.1 (+https://developers.facebook.com/docs/sharing/webmasters/crawler)"
57.141.20.55 - - [05/May/2026:11:25:52 +0200] "GET /shopdetail/17477635 HTTP/1.1" 200 23697 "-" "meta-externalagent/1.1 (+https://developers.facebook.com/docs/sharing/webmasters/crawler)"
216.73.216.211 - - [05/May/2026:11:25:56 +0200] "GET /missmandarine.ch/learning/old/main/lang/malay/?C=D&O=D HTTP/1.1" 200 44 "-" "Mozilla/5.0 AppleWebKit/537.36 (KHTML, like Gecko; compatible; ClaudeBot/1.0; +claudebot@anthropic.com)"
57.141.20.33 - - [05/May/2026:11:26:00 +0200] "GET /shopdetail/23740535 HTTP/1.1" 200 23697 "-" "meta-externalagent/1.1 (+https://developers.facebook.com/docs/sharing/webmasters/crawler)"
216.73.216.211 - - [05/May/2026:11:26:01 +0200] "GET /missmandarine.ch/learning/old/main/css/chamilo/images/bullet.gif.sorry HTTP/1.1" 200 23697 "-" "Mozilla/5.0 AppleWebKit/537.36 (KHTML, like Gecko; compatible; ClaudeBot/1.0; +claudebot@anthropic.com)"
20.40.124.176 - - [05/May/2026:11:26:02 +0200] "GET / HTTP/1.1" 200 23697 "-" "Mozilla/5.0 (compatible; MSIE 9.0; Windows NT 6.1; Trident/5.0; AppInsights)"
216.73.216.211 - - [05/May/2026:11:26:06 +0200] "GET /missmandarine.ch/learning/old/main/lang/malay/?C=M&O=D HTTP/1.1" 200 44 "-" "Mozilla/5.0 AppleWebKit/537.36 (KHTML, like Gecko; compatible; ClaudeBot/1.0; +claudebot@anthropic.com)"
74.7.227.25 - - [05/May/2026:11:26:07 +0200] "GET /learning/ALFA_DATA/alfasymlink/root/lib/modules/3.10.0-1127.8.2.el7.x86_64/kernel/net/netfilter/xt_cgroup.ko.xz HTTP/1.1" 200 1704 "https://missmandarine.com/learning/ALFA_DATA/alfasymlink/root/lib/modules/3.10.0-1127.8.2.el7.x86_64/kernel/net/netfilter/" "Mozilla/5.0 AppleWebKit/537.36 (KHTML, like Gecko; compatible; GPTBot/1.3; +https://openai.com/gptbot)"
216.73.216.211 - - [05/May/2026:11:26:11 +0200] "GET /missmandarine.ch/learning/old/main/lang/georgian/myagenda.inc.php.sorry HTTP/1.1" 200 23697 "-" "Mozilla/5.0 AppleWebKit/537.36 (KHTML, like Gecko; compatible; ClaudeBot/1.0; +claudebot@anthropic.com)"
57.141.20.38 - - [05/May/2026:11:26:12 +0200] "GET /shopdetail/21305179 HTTP/1.1" 200 23697 "-" "meta-externalagent/1.1 (+https://developers.facebook.com/docs/sharing/webmasters/crawler)"
57.141.20.59 - - [05/May/2026:11:26:12 +0200] "GET /shopdetail/19945624 HTTP/1.1" 200 23697 "-" "meta-externalagent/1.1 (+https://developers.facebook.com/docs/sharing/webmasters/crawler)"
57.141.20.70 - - [05/May/2026:11:26:13 +0200] "GET /shopdetail/25094146 HTTP/1.1" 200 23697 "-" "meta-externalagent/1.1 (+https://developers.facebook.com/docs/sharing/webmasters/crawler)"
57.141.20.54 - - [05/May/2026:11:26:13 +0200] "GET /shopdetail/20822546 HTTP/1.1" 200 23697 "-" "meta-externalagent/1.1 (+https://developers.facebook.com/docs/sharing/webmasters/crawler)"
57.141.20.53 - - [05/May/2026:11:26:13 +0200] "GET /shopdetail/8100768 HTTP/1.1" 200 23697 "-" "meta-externalagent/1.1 (+https://developers.facebook.com/docs/sharing/webmasters/crawler)"
57.141.20.60 - - [05/May/2026:11:26:13 +0200] "GET /shopdetail/6084635 HTTP/1.1" 200 23697 "-" "meta-externalagent/1.1 (+https://developers.facebook.com/docs/sharing/webmasters/crawler)"
57.141.20.9 - - [05/May/2026:11:26:16 +0200] "GET /shopdetail/30917091 HTTP/1.1" 200 23697 "-" "meta-externalagent/1.1 (+https://developers.facebook.com/docs/sharing/webmasters/crawler)"
216.73.216.211 - - [05/May/2026:11:26:17 +0200] "GET /missmandarine.ch/learning/admin/lib/tinymce/plugins/example_dependency/?C=S&O=D HTTP/1.1" 200 998 "-" "Mozilla/5.0 AppleWebKit/537.36 (KHTML, like Gecko; compatible; ClaudeBot/1.0; +claudebot@anthropic.com)"
216.73.216.211 - - [05/May/2026:11:26:21 +0200] "GET /missmandarine.ch/learning/old/main/lang/czech/help.inc.php.sorry HTTP/1.1" 200 23697 "-" "Mozilla/5.0 AppleWebKit/537.36 (KHTML, like Gecko; compatible; ClaudeBot/1.0; +claudebot@anthropic.com)"
74.7.227.25 - - [05/May/2026:11:26:25 +0200] "GET /learning/ALFA_DATA/alfasymlink/root/lib/modules/3.10.0-1127.8.2.el7.x86_64/kernel/net/netfilter/xt_limit.ko.xz HTTP/1.1" 200 2504 "https://missmandarine.com/learning/ALFA_DATA/alfasymlink/root/lib/modules/3.10.0-1127.8.2.el7.x86_64/kernel/net/netfilter/" "Mozilla/5.0 AppleWebKit/537.36 (KHTML, like Gecko; compatible; GPTBot/1.3; +https://openai.com/gptbot)"
216.73.216.211 - - [05/May/2026:11:26:26 +0200] "GET /missmandarine.ch/learning/old/main/lang/hebrew/accessibility.inc.php.sorry HTTP/1.1" 200 23697 "-" "Mozilla/5.0 AppleWebKit/537.36 (KHTML, like Gecko; compatible; ClaudeBot/1.0; +claudebot@anthropic.com)"
57.141.20.59 - - [05/May/2026:11:26:28 +0200] "GET /shopdetail/3534824 HTTP/1.1" 200 23697 "-" "meta-externalagent/1.1 (+https://developers.facebook.com/docs/sharing/webmasters/crawler)"
51.105.9.128 - - [05/May/2026:11:26:28 +0200] "GET / HTTP/1.1" 200 23697 "-" "Mozilla/5.0 (compatible; MSIE 9.0; Windows NT 6.1; Trident/5.0; AppInsights)"
57.141.20.63 - - [05/May/2026:11:26:28 +0200] "GET /shopdetail/18360591 HTTP/1.1" 200 23697 "-" "meta-externalagent/1.1 (+https://developers.facebook.com/docs/sharing/webmasters/crawler)"
57.141.20.58 - - [05/May/2026:11:26:28 +0200] "GET /shopdetail/3952791 HTTP/1.1" 200 23697 "-" "meta-externalagent/1.1 (+https://developers.facebook.com/docs/sharing/webmasters/crawler)"
216.73.216.211 - - [05/May/2026:11:26:31 +0200] "GET /missmandarine.ch/learning/old/courses/CAS6341/upload/index.html.sorry HTTP/1.1" 200 23697 "-" "Mozilla/5.0 AppleWebKit/537.36 (KHTML, like Gecko; compatible; ClaudeBot/1.0; +claudebot@anthropic.com)"
216.73.216.211 - - [05/May/2026:11:26:36 +0200] "GET /missmandarine.ch/learning/old/main/lang/occitan/help.inc.php.sorry HTTP/1.1" 200 23697 "-" "Mozilla/5.0 AppleWebKit/537.36 (KHTML, like Gecko; compatible; ClaudeBot/1.0; +claudebot@anthropic.com)"
57.141.20.47 - - [05/May/2026:11:26:37 +0200] "GET /shopdetail/20294557 HTTP/1.1" 200 23697 "-" "meta-externalagent/1.1 (+https://developers.facebook.com/docs/sharing/webmasters/crawler)"
74.7.227.25 - - [05/May/2026:11:26:40 +0200] "GET /learning/ALFA_DATA/alfasymlink/root/lib/modules/3.10.0-1127.8.2.el7.x86_64/kernel/net/netfilter/nft_redir.ko.xz HTTP/1.1" 200 2060 "https://missmandarine.com/learning/ALFA_DATA/alfasymlink/root/lib/modules/3.10.0-1127.8.2.el7.x86_64/kernel/net/netfilter/" "Mozilla/5.0 AppleWebKit/537.36 (KHTML, like Gecko; compatible; GPTBot/1.3; +https://openai.com/gptbot)"
216.73.216.211 - - [05/May/2026:11:26:41 +0200] "GET /missmandarine.ch/learning/old/main/lang/finnish/index.html.sorry HTTP/1.1" 200 23697 "-" "Mozilla/5.0 AppleWebKit/537.36 (KHTML, like Gecko; compatible; ClaudeBot/1.0; +claudebot@anthropic.com)"
57.141.20.52 - - [05/May/2026:11:26:42 +0200] "GET /shopdetail/4736146 HTTP/1.1" 200 23697 "-" "meta-externalagent/1.1 (+https://developers.facebook.com/docs/sharing/webmasters/crawler)"
216.73.216.211 - - [05/May/2026:11:26:46 +0200] "GET /missmandarine.ch/learning/old/main/lang/malay/course_description.inc.php.sorry HTTP/1.1" 200 23697 "-" "Mozilla/5.0 AppleWebKit/537.36 (KHTML, like Gecko; compatible; ClaudeBot/1.0; +claudebot@anthropic.com)"
216.73.216.211 - - [05/May/2026:11:26:51 +0200] "GET /missmandarine.ch/learning/old/main/lang/dari/group.inc.php.sorry HTTP/1.1" 200 23697 "-" "Mozilla/5.0 AppleWebKit/537.36 (KHTML, like Gecko; compatible; ClaudeBot/1.0; +claudebot@anthropic.com)"
57.141.20.67 - - [05/May/2026:11:26:52 +0200] "GET /shopdetail/21066579 HTTP/1.1" 200 23697 "-" "meta-externalagent/1.1 (+https://developers.facebook.com/docs/sharing/webmasters/crawler)"
57.141.20.47 - - [05/May/2026:11:26:53 +0200] "GET /shopdetail/8334735 HTTP/1.1" 200 23697 "-" "meta-externalagent/1.1 (+https://developers.facebook.com/docs/sharing/webmasters/crawler)"
57.141.20.17 - - [05/May/2026:11:26:53 +0200] "GET /shopdetail/4255735 HTTP/1.1" 200 23697 "-" "meta-externalagent/1.1 (+https://developers.facebook.com/docs/sharing/webmasters/crawler)"
57.141.20.47 - - [05/May/2026:11:26:54 +0200] "GET /shopdetail/6715991 HTTP/1.1" 200 23697 "-" "meta-externalagent/1.1 (+https://developers.facebook.com/docs/sharing/webmasters/crawler)"
57.141.20.44 - - [05/May/2026:11:26:54 +0200] "GET /shopdetail/27757091 HTTP/1.1" 200 23697 "-" "meta-externalagent/1.1 (+https://developers.facebook.com/docs/sharing/webmasters/crawler)"
74.7.227.25 - - [05/May/2026:11:26:55 +0200] "GET /learning/ALFA_DATA/alfasymlink/root/lib/modules/3.10.0-1127.8.2.el7.x86_64/kernel/net/netfilter/nf_tables.ko.xz HTTP/1.1" 200 31584 "https://missmandarine.com/learning/ALFA_DATA/alfasymlink/root/lib/modules/3.10.0-1127.8.2.el7.x86_64/kernel/net/netfilter/" "Mozilla/5.0 AppleWebKit/537.36 (KHTML, like Gecko; compatible; GPTBot/1.3; +https://openai.com/gptbot)"
216.73.216.211 - - [05/May/2026:11:26:56 +0200] "GET /missmandarine.ch/learning/old/main/conference/get_translation.lib.php.sorry HTTP/1.1" 200 23697 "-" "Mozilla/5.0 AppleWebKit/537.36 (KHTML, like Gecko; compatible; ClaudeBot/1.0; +claudebot@anthropic.com)"
216.73.216.211 - - [05/May/2026:11:27:01 +0200] "GET /missmandarine.ch/js/tinymce/plugins/textpattern/?C=D&O=A HTTP/1.1" 200 936 "-" "Mozilla/5.0 AppleWebKit/537.36 (KHTML, like Gecko; compatible; ClaudeBot/1.0; +claudebot@anthropic.com)"
57.141.20.21 - - [05/May/2026:11:27:03 +0200] "GET /shopdetail/3614191 HTTP/1.1" 200 23697 "-" "meta-externalagent/1.1 (+https://developers.facebook.com/docs/sharing/webmasters/crawler)"
216.73.216.211 - - [05/May/2026:11:27:06 +0200] "GET /missmandarine.ch/learning/old/main/inc/latex.php.sorry HTTP/1.1" 200 23697 "-" "Mozilla/5.0 AppleWebKit/537.36 (KHTML, like Gecko; compatible; ClaudeBot/1.0; +claudebot@anthropic.com)"
74.7.227.25 - - [05/May/2026:11:27:08 +0200] "GET /learning/ALFA_DATA/alfasymlink/root/lib/modules/3.10.0-1127.8.2.el7.x86_64/kernel/net/netfilter/xt_realm.ko.xz HTTP/1.1" 200 1596 "https://missmandarine.com/learning/ALFA_DATA/alfasymlink/root/lib/modules/3.10.0-1127.8.2.el7.x86_64/kernel/net/netfilter/" "Mozilla/5.0 AppleWebKit/537.36 (KHTML, like Gecko; compatible; GPTBot/1.3; +https://openai.com/gptbot)"
216.73.216.211 - - [05/May/2026:11:27:11 +0200] "GET /missmandarine.ch/learning/old/main/lang/macedonian/index.html.sorry HTTP/1.1" 200 23697 "-" "Mozilla/5.0 AppleWebKit/537.36 (KHTML, like Gecko; compatible; ClaudeBot/1.0; +claudebot@anthropic.com)"
57.141.20.13 - - [05/May/2026:11:27:12 +0200] "GET /shopdetail/10396357 HTTP/1.1" 200 23697 "-" "meta-externalagent/1.1 (+https://developers.facebook.com/docs/sharing/webmasters/crawler)"
216.73.216.211 - - [05/May/2026:11:27:16 +0200] "GET /missmandarine.ch/learning/old/main/lang/russian/index.html.sorry HTTP/1.1" 200 23697 "-" "Mozilla/5.0 AppleWebKit/537.36 (KHTML, like Gecko; compatible; ClaudeBot/1.0; +claudebot@anthropic.com)"
74.7.227.25 - - [05/May/2026:11:27:20 +0200] "GET /learning/ALFA_DATA/alfasymlink/root/lib/modules/3.10.0-1127.8.2.el7.x86_64/kernel/net/netfilter/nft_meta.ko.xz HTTP/1.1" 200 3868 "https://missmandarine.com/learning/ALFA_DATA/alfasymlink/root/lib/modules/3.10.0-1127.8.2.el7.x86_64/kernel/net/netfilter/" "Mozilla/5.0 AppleWebKit/537.36 (KHTML, like Gecko; compatible; GPTBot/1.3; +https://openai.com/gptbot)"
57.141.20.42 - - [05/May/2026:11:27:20 +0200] "GET /shopdetail/14753024 HTTP/1.1" 200 23697 "-" "meta-externalagent/1.1 (+https://developers.facebook.com/docs/sharing/webmasters/crawler)"
216.73.216.211 - - [05/May/2026:11:27:21 +0200] "GET /missmandarine.ch/js/tinymce/plugins/textpattern/?C=M&O=A HTTP/1.1" 200 936 "-" "Mozilla/5.0 AppleWebKit/537.36 (KHTML, like Gecko; compatible; ClaudeBot/1.0; +claudebot@anthropic.com)"
216.73.216.211 - - [05/May/2026:11:27:26 +0200] "GET /missmandarine.ch/learning/old/main/lang/esperanto/external_module.inc.php.sorry HTTP/1.1" 200 23697 "-" "Mozilla/5.0 AppleWebKit/537.36 (KHTML, like Gecko; compatible; ClaudeBot/1.0; +claudebot@anthropic.com)"
57.141.20.65 - - [05/May/2026:11:27:31 +0200] "GET /shopdetail/15625713 HTTP/1.1" 200 23697 "-" "meta-externalagent/1.1 (+https://developers.facebook.com/docs/sharing/webmasters/crawler)"
